{"id":355,"date":"2026-03-09T14:15:53","date_gmt":"2026-03-09T13:15:53","guid":{"rendered":"https:\/\/blog.uclm.es\/yoelarroyo\/gestion\/"},"modified":"2026-03-26T11:41:15","modified_gmt":"2026-03-26T10:41:15","slug":"gestion","status":"publish","type":"page","link":"https:\/\/blog.uclm.es\/yoelarroyo\/gestion\/","title":{"rendered":"Gesti\u00f3n"},"content":{"rendered":"\n<div class=\"wp-block-group alignfull has-global-padding is-layout-constrained wp-container-core-group-is-layout-490fa1db wp-block-group-is-layout-constrained\" style=\"padding-top:var(--wp--preset--spacing--50);padding-right:var(--wp--preset--spacing--50);padding-bottom:var(--wp--preset--spacing--50);padding-left:var(--wp--preset--spacing--50)\">\n<div class=\"wp-block-group has-global-padding is-layout-constrained wp-container-core-group-is-layout-650790e1 wp-block-group-is-layout-constrained\">\n<h2 class=\"wp-block-heading has-text-align-center is-style-default\">Puestos ocupados<\/h2>\n<\/div>\n\n\n\n<div style=\"height:10px\" aria-hidden=\"true\" class=\"wp-block-spacer\"><\/div>\n\n\n\n<p><a href=\"https:\/\/www.mdpi.com\/journal\/applsci\/special_issues\/8FWGH2QW53\" target=\"_blank\" rel=\"noreferrer noopener\">Editor invitado del n\u00famero especial \u201cEye-Tracking Techniques and Applications\u201d de la revista <em>Applied Science(ISSN 2076-3417)<\/em><\/a>. <span style=\"color: #2e7d32\">2025-presente<\/span><\/p>\n\n\n\n<p><a href=\"https:\/\/www.uclm.es\/es\/toledo\/fcsociales\/grado-informatica\/Coordinacion\" target=\"_blank\" rel=\"noreferrer noopener\">Coordinador de Segundo Curso del Grado de Ingenier\u00eda Inform\u00e1tica<\/a>. Facultad de Ciencias Sociales y Tecnolog\u00edas de la Informaci\u00f3n. 2021-2024.<\/p>\n\n\n\n<p><a href=\"https:\/\/www.uclm.es\/es\/toledo\/fcsociales\/grado-informatica#_est_PractExter\" target=\"_blank\" rel=\"noreferrer noopener\">Coordinador de Pr\u00e1cticas en Empresa del Grado de Ingenier\u00eda Inform\u00e1tica<\/a>. Facultad de Ciencias Sociales y Tecnolog\u00edas de la Informaci\u00f3n. 2023-2025.<\/p>\n<\/div>\n\n\n\n<div class=\"wp-block-group alignfull has-base-color has-contrast-background-color has-text-color has-background has-global-padding is-layout-constrained wp-container-core-group-is-layout-ef3d885c wp-block-group-is-layout-constrained\" style=\"margin-top:0;margin-bottom:0;padding-top:var(--wp--preset--spacing--60);padding-right:var(--wp--preset--spacing--60);padding-bottom:var(--wp--preset--spacing--60);padding-left:var(--wp--preset--spacing--60)\">\n<div class=\"wp-block-group has-global-padding is-layout-constrained wp-block-group-is-layout-constrained\">\n<p class=\"has-text-align-center has-base-color has-text-color has-heading-font-family has-x-large-font-size\" style=\"line-height:1.2\"><em>\u00abNo le digas a la gente c\u00f3mo hacer las cosas; mu\u00e9strales c\u00f3mo pensar\u00bb.<\/em><\/p>\n\n\n\n<div style=\"height:var(--wp--preset--spacing--10)\" aria-hidden=\"true\" class=\"wp-block-spacer\"><\/div>\n\n\n\n<div class=\"wp-block-group is-vertical is-content-justification-center is-nowrap is-layout-flex wp-container-core-group-is-layout-2dc08cea wp-block-group-is-layout-flex\">\n<figure class=\"wp-block-image aligncenter size-large is-resized has-custom-border\"><img decoding=\"async\" src=\"https:\/\/cdn.britannica.com\/83\/21083-050-C53FAB08\/Richard-Feynman.jpg?w=300\" alt=\"\" style=\"border-radius:100px;aspect-ratio:1;object-fit:cover;width:60px\" \/><\/figure>\n\n\n\n<p class=\"has-text-align-center\" style=\"margin-top:var(--wp--preset--spacing--10);margin-bottom:0\">Richard Feynman<\/p>\n\n\n\n<p class=\"has-text-align-center has-contrast-3-color has-text-color has-small-font-size\" style=\"font-style:normal;font-weight:300\">F\u00edsico y divulgador cient\u00edfico<\/p>\n<\/div>\n<\/div>\n<\/div>\n","protected":false},"excerpt":{"rendered":"<p>Puestos ocupados Editor invitado del n\u00famero especial \u201cEye-Tracking Techniques and Applications\u201d de la revista Applied Science(ISSN 2076-3417). 2025-presente Coordinador de Segundo Curso del Grado de Ingenier\u00eda Inform\u00e1tica. Facultad de Ciencias Sociales y Tecnolog\u00edas de la Informaci\u00f3n. 2021-2024. Coordinador de Pr\u00e1cticas en Empresa del Grado de Ingenier\u00eda Inform\u00e1tica. Facultad de Ciencias Sociales y Tecnolog\u00edas de la [&hellip;]<\/p>\n","protected":false},"author":151,"featured_media":0,"parent":0,"menu_order":0,"comment_status":"closed","ping_status":"closed","template":"","meta":{"footnotes":""},"class_list":["post-355","page","type-page","status-publish","hentry"],"_links":{"self":[{"href":"https:\/\/blog.uclm.es\/yoelarroyo\/wp-json\/wp\/v2\/pages\/355","targetHints":{"allow":["GET"]}}],"collection":[{"href":"https:\/\/blog.uclm.es\/yoelarroyo\/wp-json\/wp\/v2\/pages"}],"about":[{"href":"https:\/\/blog.uclm.es\/yoelarroyo\/wp-json\/wp\/v2\/types\/page"}],"author":[{"embeddable":true,"href":"https:\/\/blog.uclm.es\/yoelarroyo\/wp-json\/wp\/v2\/users\/151"}],"replies":[{"embeddable":true,"href":"https:\/\/blog.uclm.es\/yoelarroyo\/wp-json\/wp\/v2\/comments?post=355"}],"version-history":[{"count":15,"href":"https:\/\/blog.uclm.es\/yoelarroyo\/wp-json\/wp\/v2\/pages\/355\/revisions"}],"predecessor-version":[{"id":632,"href":"https:\/\/blog.uclm.es\/yoelarroyo\/wp-json\/wp\/v2\/pages\/355\/revisions\/632"}],"wp:attachment":[{"href":"https:\/\/blog.uclm.es\/yoelarroyo\/wp-json\/wp\/v2\/media?parent=355"}],"curies":[{"name":"wp","href":"https:\/\/api.w.org\/{rel}","templated":true}]}}