{"id":2319,"date":"2022-12-03T17:51:35","date_gmt":"2022-12-03T15:51:35","guid":{"rendered":"https:\/\/blog.uclm.es\/victorlopez\/?page_id=2319"},"modified":"2023-02-03T15:18:00","modified_gmt":"2023-02-03T13:18:00","slug":"youtube","status":"publish","type":"page","link":"https:\/\/blog.uclm.es\/victorlopez\/youtube\/","title":{"rendered":"YouTube"},"content":{"rendered":"\n<p><strong>Channel&#8217; Victor: A channel for each item<\/strong><\/p>\n\n\n<div class=\"wp-block-image is-style-rounded\">\n<figure class=\"aligncenter size-medium\"><a href=\"https:\/\/www.youtube.com\/c\/V\u00edctorRa\u00falL\u00f3pezRuiz?sub_confirmation=1\"><img loading=\"lazy\" decoding=\"async\" width=\"300\" height=\"300\" src=\"https:\/\/blog.uclm.es\/victorlopez\/wp-content\/uploads\/sites\/16\/2023\/01\/channels4_profile-300x300.jpg\" alt=\"\" class=\"wp-image-2621\" srcset=\"https:\/\/blog.uclm.es\/victorlopez\/wp-content\/uploads\/sites\/16\/2023\/01\/channels4_profile-300x300.jpg 300w, https:\/\/blog.uclm.es\/victorlopez\/wp-content\/uploads\/sites\/16\/2023\/01\/channels4_profile-150x150.jpg 150w, https:\/\/blog.uclm.es\/victorlopez\/wp-content\/uploads\/sites\/16\/2023\/01\/channels4_profile.jpg 600w\" sizes=\"auto, (max-width: 300px) 100vw, 300px\" \/><\/a><figcaption class=\"wp-element-caption\"><strong><a href=\"https:\/\/www.youtube.com\/c\/V\u00edctorRa\u00falL\u00f3pezRuiz?sub_confirmation=1\">Channel of Professor V\u00edctor Ra\u00fal L\u00f3pez Ruiz SUSCRIBETE<\/a><\/strong><\/figcaption><\/figure>\n<\/div>\n\n\n<p>El profesor se anticipa (actualidad) nueva lista.<\/p>\n\n\n\n<p>Diario de campo, estudio, previsi\u00f3n y proyecciones: Coronavirus<br>Debates en sociedad y pol\u00edtica.<br>Econometrics \/ Cursos de econometr\u00eda.<br>Cultura y patrimonio (Cervantes, Quijote, Arqueolog\u00eda, Historia)<br>En este canal puedes encontrar v\u00eddeos sobre la actividad personal, profesional e investigadora del Professor V i R a L.<\/p>\n\n\n\n<p><strong>Docencia \/ Teaching<\/strong><\/p>\n\n\n\n<figure class=\"wp-block-gallery has-nested-images columns-default is-cropped wp-block-gallery-1 is-layout-flex wp-block-gallery-is-layout-flex\">\n<figure class=\"wp-block-image size-large\"><img loading=\"lazy\" decoding=\"async\" width=\"1024\" height=\"576\" data-id=\"1887\" src=\"https:\/\/blog.uclm.es\/victorlopez\/wp-content\/uploads\/sites\/16\/2022\/04\/fotofinie-1024x576.jpg\" alt=\"\" class=\"wp-image-1887\" srcset=\"https:\/\/blog.uclm.es\/victorlopez\/wp-content\/uploads\/sites\/16\/2022\/04\/fotofinie-1024x576.jpg 1024w, https:\/\/blog.uclm.es\/victorlopez\/wp-content\/uploads\/sites\/16\/2022\/04\/fotofinie-300x169.jpg 300w, https:\/\/blog.uclm.es\/victorlopez\/wp-content\/uploads\/sites\/16\/2022\/04\/fotofinie-768x432.jpg 768w, https:\/\/blog.uclm.es\/victorlopez\/wp-content\/uploads\/sites\/16\/2022\/04\/fotofinie.jpg 1280w\" sizes=\"auto, (max-width: 1024px) 100vw, 1024px\" \/><figcaption class=\"wp-element-caption\"><a href=\"https:\/\/www.youtube.com\/playlist?list=PLT1G6PBNT4nOLQbdfWb3Y5mojQt78P_Qc\">Aula Virtual 1 Introducci\u00f3n a la Econometr\u00eda<\/a><\/figcaption><\/figure>\n\n\n\n<figure class=\"wp-block-image size-large\"><a href=\"https:\/\/www.youtube.com\/playlist?list=PLT1G6PBNT4nOxhrGRyfBhdEIdF0bz1VAH\"><img loading=\"lazy\" decoding=\"async\" width=\"1024\" height=\"573\" data-id=\"2142\" src=\"https:\/\/blog.uclm.es\/victorlopez\/wp-content\/uploads\/sites\/16\/2022\/10\/MMII-1024x573.jpg\" alt=\"\" class=\"wp-image-2142\" srcset=\"https:\/\/blog.uclm.es\/victorlopez\/wp-content\/uploads\/sites\/16\/2022\/10\/MMII-1024x573.jpg 1024w, https:\/\/blog.uclm.es\/victorlopez\/wp-content\/uploads\/sites\/16\/2022\/10\/MMII-300x168.jpg 300w, https:\/\/blog.uclm.es\/victorlopez\/wp-content\/uploads\/sites\/16\/2022\/10\/MMII-768x430.jpg 768w, https:\/\/blog.uclm.es\/victorlopez\/wp-content\/uploads\/sites\/16\/2022\/10\/MMII.jpg 1195w\" sizes=\"auto, (max-width: 1024px) 100vw, 1024px\" \/><\/a><figcaption class=\"wp-element-caption\"><a href=\"https:\/\/www.youtube.com\/playlist?list=PLT1G6PBNT4nOxhrGRyfBhdEIdF0bz1VAH\">Aula Virtual 2 M\u00e9todos y Modelos Econom\u00e9tricos<\/a><\/figcaption><\/figure>\n\n\n\n<figure class=\"wp-block-image size-large\"><a href=\"https:\/\/www.youtube.com\/playlist?list=PLT1G6PBNT4nNML5IKio1iO5xBmBZtnEW5\"><img loading=\"lazy\" decoding=\"async\" width=\"1024\" height=\"747\" data-id=\"1493\" src=\"https:\/\/blog.uclm.es\/victorlopez\/wp-content\/uploads\/sites\/16\/2021\/02\/IMG_20190404_205911_207-3-1024x747.jpg\" alt=\"\" class=\"wp-image-1493\" srcset=\"https:\/\/blog.uclm.es\/victorlopez\/wp-content\/uploads\/sites\/16\/2021\/02\/IMG_20190404_205911_207-3-1024x747.jpg 1024w, https:\/\/blog.uclm.es\/victorlopez\/wp-content\/uploads\/sites\/16\/2021\/02\/IMG_20190404_205911_207-3-300x219.jpg 300w, https:\/\/blog.uclm.es\/victorlopez\/wp-content\/uploads\/sites\/16\/2021\/02\/IMG_20190404_205911_207-3-768x560.jpg 768w, https:\/\/blog.uclm.es\/victorlopez\/wp-content\/uploads\/sites\/16\/2021\/02\/IMG_20190404_205911_207-3-1536x1121.jpg 1536w, https:\/\/blog.uclm.es\/victorlopez\/wp-content\/uploads\/sites\/16\/2021\/02\/IMG_20190404_205911_207-3.jpg 2013w\" sizes=\"auto, (max-width: 1024px) 100vw, 1024px\" \/><\/a><figcaption class=\"wp-element-caption\"><a href=\"https:\/\/www.youtube.com\/playlist?list=PLT1G6PBNT4nNML5IKio1iO5xBmBZtnEW5\">Consultas al Profeso<\/a>r<\/figcaption><\/figure>\n<\/figure>\n\n\n\n<p><strong>Divulgando \/ Divulge<\/strong><\/p>\n\n\n\n<figure class=\"wp-block-gallery has-nested-images columns-default is-cropped wp-block-gallery-2 is-layout-flex wp-block-gallery-is-layout-flex\">\n<figure class=\"wp-block-image size-large\"><img loading=\"lazy\" decoding=\"async\" width=\"1024\" height=\"597\" data-id=\"2675\" src=\"https:\/\/blog.uclm.es\/victorlopez\/wp-content\/uploads\/sites\/16\/2023\/02\/euribor-1024x597.jpg\" alt=\"\" class=\"wp-image-2675\" srcset=\"https:\/\/blog.uclm.es\/victorlopez\/wp-content\/uploads\/sites\/16\/2023\/02\/euribor-1024x597.jpg 1024w, https:\/\/blog.uclm.es\/victorlopez\/wp-content\/uploads\/sites\/16\/2023\/02\/euribor-300x175.jpg 300w, https:\/\/blog.uclm.es\/victorlopez\/wp-content\/uploads\/sites\/16\/2023\/02\/euribor-768x448.jpg 768w, https:\/\/blog.uclm.es\/victorlopez\/wp-content\/uploads\/sites\/16\/2023\/02\/euribor-1536x896.jpg 1536w, https:\/\/blog.uclm.es\/victorlopez\/wp-content\/uploads\/sites\/16\/2023\/02\/euribor.jpg 1767w\" sizes=\"auto, (max-width: 1024px) 100vw, 1024px\" \/><figcaption class=\"wp-element-caption\"><a href=\"https:\/\/www.youtube.com\/watch?v=5M4XVj21n_Y&amp;list=PLT1G6PBNT4nPkEMjSUXAkIKH6nTSo0r-i\">el profesor se anticipa<\/a><\/figcaption><\/figure>\n\n\n\n<figure class=\"wp-block-image size-large\"><img loading=\"lazy\" decoding=\"async\" width=\"737\" height=\"414\" data-id=\"1546\" src=\"https:\/\/blog.uclm.es\/victorlopez\/wp-content\/uploads\/sites\/16\/2021\/03\/23Fcovid.jpg\" alt=\"\" class=\"wp-image-1546\" srcset=\"https:\/\/blog.uclm.es\/victorlopez\/wp-content\/uploads\/sites\/16\/2021\/03\/23Fcovid.jpg 737w, https:\/\/blog.uclm.es\/victorlopez\/wp-content\/uploads\/sites\/16\/2021\/03\/23Fcovid-300x169.jpg 300w\" sizes=\"auto, (max-width: 737px) 100vw, 737px\" \/><figcaption class=\"wp-element-caption\"><a href=\"https:\/\/www.youtube.com\/playlist?list=PLT1G6PBNT4nOt9YuckrCe3vDJiSxnat2J\">Mundo Pos Covid19<\/a><\/figcaption><\/figure>\n\n\n\n<figure class=\"wp-block-image size-large\"><img loading=\"lazy\" decoding=\"async\" width=\"1024\" height=\"768\" data-id=\"1753\" src=\"https:\/\/blog.uclm.es\/victorlopez\/wp-content\/uploads\/sites\/16\/2021\/12\/3c9b3b25-e418-4444-ac50-cacc1e3d983f-1024x768.jpg\" alt=\"\" class=\"wp-image-1753\" srcset=\"https:\/\/blog.uclm.es\/victorlopez\/wp-content\/uploads\/sites\/16\/2021\/12\/3c9b3b25-e418-4444-ac50-cacc1e3d983f-1024x768.jpg 1024w, https:\/\/blog.uclm.es\/victorlopez\/wp-content\/uploads\/sites\/16\/2021\/12\/3c9b3b25-e418-4444-ac50-cacc1e3d983f-300x225.jpg 300w, https:\/\/blog.uclm.es\/victorlopez\/wp-content\/uploads\/sites\/16\/2021\/12\/3c9b3b25-e418-4444-ac50-cacc1e3d983f-768x576.jpg 768w, https:\/\/blog.uclm.es\/victorlopez\/wp-content\/uploads\/sites\/16\/2021\/12\/3c9b3b25-e418-4444-ac50-cacc1e3d983f-1536x1152.jpg 1536w, https:\/\/blog.uclm.es\/victorlopez\/wp-content\/uploads\/sites\/16\/2021\/12\/3c9b3b25-e418-4444-ac50-cacc1e3d983f.jpg 2016w\" sizes=\"auto, (max-width: 1024px) 100vw, 1024px\" \/><figcaption class=\"wp-element-caption\"><a href=\"https:\/\/www.youtube.com\/playlist?list=PLT1G6PBNT4nOjhf5erz2nihFkFUibHvJA\">Observatorio de Intangibles y Calidad de Vida<\/a><\/figcaption><\/figure>\n\n\n\n<figure class=\"wp-block-image size-large\"><img loading=\"lazy\" decoding=\"async\" width=\"782\" height=\"1024\" data-id=\"1479\" src=\"https:\/\/blog.uclm.es\/victorlopez\/wp-content\/uploads\/sites\/16\/2021\/02\/WhatsApp-Image-2021-01-31-at-10.11.41-782x1024.jpeg\" alt=\"\" class=\"wp-image-1479\" srcset=\"https:\/\/blog.uclm.es\/victorlopez\/wp-content\/uploads\/sites\/16\/2021\/02\/WhatsApp-Image-2021-01-31-at-10.11.41-782x1024.jpeg 782w, https:\/\/blog.uclm.es\/victorlopez\/wp-content\/uploads\/sites\/16\/2021\/02\/WhatsApp-Image-2021-01-31-at-10.11.41-229x300.jpeg 229w, https:\/\/blog.uclm.es\/victorlopez\/wp-content\/uploads\/sites\/16\/2021\/02\/WhatsApp-Image-2021-01-31-at-10.11.41-768x1006.jpeg 768w, https:\/\/blog.uclm.es\/victorlopez\/wp-content\/uploads\/sites\/16\/2021\/02\/WhatsApp-Image-2021-01-31-at-10.11.41-1173x1536.jpeg 1173w, https:\/\/blog.uclm.es\/victorlopez\/wp-content\/uploads\/sites\/16\/2021\/02\/WhatsApp-Image-2021-01-31-at-10.11.41.jpeg 1222w\" sizes=\"auto, (max-width: 782px) 100vw, 782px\" \/><figcaption class=\"wp-element-caption\"><a href=\"https:\/\/www.youtube.com\/playlist?list=PLT1G6PBNT4nM6hqk1ysTv1LjG8dJSqhtr\">Covid19 <br>Diario de Campo<\/a><\/figcaption><\/figure>\n\n\n\n<figure class=\"wp-block-image size-large\"><img loading=\"lazy\" decoding=\"async\" width=\"1024\" height=\"585\" data-id=\"2158\" src=\"https:\/\/blog.uclm.es\/victorlopez\/wp-content\/uploads\/sites\/16\/2022\/10\/v6-1024x585.jpg\" alt=\"\" class=\"wp-image-2158\" srcset=\"https:\/\/blog.uclm.es\/victorlopez\/wp-content\/uploads\/sites\/16\/2022\/10\/v6-1024x585.jpg 1024w, https:\/\/blog.uclm.es\/victorlopez\/wp-content\/uploads\/sites\/16\/2022\/10\/v6-300x171.jpg 300w, https:\/\/blog.uclm.es\/victorlopez\/wp-content\/uploads\/sites\/16\/2022\/10\/v6-768x439.jpg 768w, https:\/\/blog.uclm.es\/victorlopez\/wp-content\/uploads\/sites\/16\/2022\/10\/v6-1536x878.jpg 1536w, https:\/\/blog.uclm.es\/victorlopez\/wp-content\/uploads\/sites\/16\/2022\/10\/v6.jpg 2023w\" sizes=\"auto, (max-width: 1024px) 100vw, 1024px\" \/><figcaption class=\"wp-element-caption\"><a href=\"https:\/\/www.youtube.com\/playlist?list=PLT1G6PBNT4nMb2QT0XO7wRlDRNep8eOec\">Debates en vivo<\/a><\/figcaption><\/figure>\n\n\n\n<figure class=\"wp-block-image size-large\"><img loading=\"lazy\" decoding=\"async\" width=\"1024\" height=\"768\" data-id=\"2325\" src=\"https:\/\/blog.uclm.es\/victorlopez\/wp-content\/uploads\/sites\/16\/2022\/12\/F04D1674-D9F1-11EC-90C1-027492A58A21-edited.jpg\" alt=\"\" class=\"wp-image-2325\" srcset=\"https:\/\/blog.uclm.es\/victorlopez\/wp-content\/uploads\/sites\/16\/2022\/12\/F04D1674-D9F1-11EC-90C1-027492A58A21-edited.jpg 1024w, https:\/\/blog.uclm.es\/victorlopez\/wp-content\/uploads\/sites\/16\/2022\/12\/F04D1674-D9F1-11EC-90C1-027492A58A21-edited-300x225.jpg 300w, https:\/\/blog.uclm.es\/victorlopez\/wp-content\/uploads\/sites\/16\/2022\/12\/F04D1674-D9F1-11EC-90C1-027492A58A21-edited-768x576.jpg 768w\" sizes=\"auto, (max-width: 1024px) 100vw, 1024px\" \/><figcaption class=\"wp-element-caption\"><a href=\"https:\/\/www.youtube.com\/playlist?list=PLT1G6PBNT4nNDolaDxmX4-bBvHwmv6xTW\">En la Red<\/a><\/figcaption><\/figure>\n<\/figure>\n\n\n\n<p>Los m\u00e1s vistos<\/p>\n\n\n\n<figure class=\"wp-block-gallery has-nested-images columns-default is-cropped wp-block-gallery-3 is-layout-flex wp-block-gallery-is-layout-flex\">\n<figure class=\"wp-block-image size-large\"><img loading=\"lazy\" decoding=\"async\" width=\"1024\" height=\"573\" data-id=\"1803\" src=\"https:\/\/blog.uclm.es\/victorlopez\/wp-content\/uploads\/sites\/16\/2022\/01\/19enero-1024x573.jpg\" alt=\"\" class=\"wp-image-1803\" srcset=\"https:\/\/blog.uclm.es\/victorlopez\/wp-content\/uploads\/sites\/16\/2022\/01\/19enero-1024x573.jpg 1024w, https:\/\/blog.uclm.es\/victorlopez\/wp-content\/uploads\/sites\/16\/2022\/01\/19enero-300x168.jpg 300w, https:\/\/blog.uclm.es\/victorlopez\/wp-content\/uploads\/sites\/16\/2022\/01\/19enero-768x430.jpg 768w, https:\/\/blog.uclm.es\/victorlopez\/wp-content\/uploads\/sites\/16\/2022\/01\/19enero.jpg 1047w\" sizes=\"auto, (max-width: 1024px) 100vw, 1024px\" \/><figcaption class=\"wp-element-caption\"><a href=\"https:\/\/www.youtube.com\/watch?v=0REOu7kIgMM\">El m\u00e1s Visto<\/a><\/figcaption><\/figure>\n\n\n\n<figure class=\"wp-block-image size-large\"><img loading=\"lazy\" decoding=\"async\" width=\"1024\" height=\"783\" data-id=\"1044\" src=\"https:\/\/blog.uclm.es\/victorlopez\/wp-content\/uploads\/sites\/16\/2019\/10\/IMG_20170822_152131-2-1024x783.jpg\" alt=\"\" class=\"wp-image-1044\" srcset=\"https:\/\/blog.uclm.es\/victorlopez\/wp-content\/uploads\/sites\/16\/2019\/10\/IMG_20170822_152131-2-1024x783.jpg 1024w, https:\/\/blog.uclm.es\/victorlopez\/wp-content\/uploads\/sites\/16\/2019\/10\/IMG_20170822_152131-2-300x230.jpg 300w, https:\/\/blog.uclm.es\/victorlopez\/wp-content\/uploads\/sites\/16\/2019\/10\/IMG_20170822_152131-2-768x588.jpg 768w, https:\/\/blog.uclm.es\/victorlopez\/wp-content\/uploads\/sites\/16\/2019\/10\/IMG_20170822_152131-2-1536x1175.jpg 1536w, https:\/\/blog.uclm.es\/victorlopez\/wp-content\/uploads\/sites\/16\/2019\/10\/IMG_20170822_152131-2-2048x1567.jpg 2048w\" sizes=\"auto, (max-width: 1024px) 100vw, 1024px\" \/><figcaption class=\"wp-element-caption\"><a href=\"https:\/\/www.youtube.com\/watch?v=pITe3_112sg\">m\u00e1s que un libro<\/a><\/figcaption><\/figure>\n\n\n\n<figure class=\"wp-block-image size-large\"><img loading=\"lazy\" decoding=\"async\" width=\"422\" height=\"1024\" data-id=\"906\" src=\"https:\/\/blog.uclm.es\/victorlopez\/wp-content\/uploads\/sites\/16\/2019\/07\/INVITA-422x1024.jpg\" alt=\"\" class=\"wp-image-906\" srcset=\"https:\/\/blog.uclm.es\/victorlopez\/wp-content\/uploads\/sites\/16\/2019\/07\/INVITA-422x1024.jpg 422w, https:\/\/blog.uclm.es\/victorlopez\/wp-content\/uploads\/sites\/16\/2019\/07\/INVITA-124x300.jpg 124w, https:\/\/blog.uclm.es\/victorlopez\/wp-content\/uploads\/sites\/16\/2019\/07\/INVITA-768x1862.jpg 768w, https:\/\/blog.uclm.es\/victorlopez\/wp-content\/uploads\/sites\/16\/2019\/07\/INVITA-845x2048.jpg 845w, https:\/\/blog.uclm.es\/victorlopez\/wp-content\/uploads\/sites\/16\/2019\/07\/INVITA-scaled.jpg 1056w\" sizes=\"auto, (max-width: 422px) 100vw, 422px\" \/><figcaption class=\"wp-element-caption\"><a href=\"https:\/\/www.youtube.com\/watch?v=VKDSqddpYNM&amp;list=PLT1G6PBNT4nNcSBZVmJ_z0AVBE15Lucbm\">Mira esto<\/a><\/figcaption><\/figure>\n\n\n\n<figure class=\"wp-block-image size-large\"><img loading=\"lazy\" decoding=\"async\" width=\"744\" height=\"1024\" data-id=\"494\" src=\"https:\/\/blog.uclm.es\/victorlopez\/wp-content\/uploads\/sites\/16\/2018\/10\/portadalibro-744x1024.jpg\" alt=\"\" class=\"wp-image-494\" srcset=\"https:\/\/blog.uclm.es\/victorlopez\/wp-content\/uploads\/sites\/16\/2018\/10\/portadalibro-744x1024.jpg 744w, https:\/\/blog.uclm.es\/victorlopez\/wp-content\/uploads\/sites\/16\/2018\/10\/portadalibro-218x300.jpg 218w, https:\/\/blog.uclm.es\/victorlopez\/wp-content\/uploads\/sites\/16\/2018\/10\/portadalibro-768x1058.jpg 768w, https:\/\/blog.uclm.es\/victorlopez\/wp-content\/uploads\/sites\/16\/2018\/10\/portadalibro-1115x1536.jpg 1115w, https:\/\/blog.uclm.es\/victorlopez\/wp-content\/uploads\/sites\/16\/2018\/10\/portadalibro.jpg 1358w\" sizes=\"auto, (max-width: 744px) 100vw, 744px\" \/><figcaption class=\"wp-element-caption\"><a href=\"https:\/\/www.youtube.com\/watch?v=-FoyUdZd-PE\">Una cr\u00f3nica, un ensayo<\/a><\/figcaption><\/figure>\n<\/figure>\n\n\n\n<p><strong>Observando la felicidad<\/strong><\/p>\n\n\n\n<figure class=\"wp-block-gallery has-nested-images columns-default is-cropped wp-block-gallery-4 is-layout-flex wp-block-gallery-is-layout-flex\">\n<figure class=\"wp-block-image size-large\"><img loading=\"lazy\" decoding=\"async\" width=\"1024\" height=\"724\" data-id=\"1327\" src=\"https:\/\/blog.uclm.es\/victorlopez\/wp-content\/uploads\/sites\/16\/2020\/10\/0001-18-scaled-1-1024x724.jpg\" alt=\"\" class=\"wp-image-1327\" srcset=\"https:\/\/blog.uclm.es\/victorlopez\/wp-content\/uploads\/sites\/16\/2020\/10\/0001-18-scaled-1-1024x724.jpg 1024w, https:\/\/blog.uclm.es\/victorlopez\/wp-content\/uploads\/sites\/16\/2020\/10\/0001-18-scaled-1-300x212.jpg 300w, https:\/\/blog.uclm.es\/victorlopez\/wp-content\/uploads\/sites\/16\/2020\/10\/0001-18-scaled-1-768x543.jpg 768w, https:\/\/blog.uclm.es\/victorlopez\/wp-content\/uploads\/sites\/16\/2020\/10\/0001-18-scaled-1-1536x1086.jpg 1536w, https:\/\/blog.uclm.es\/victorlopez\/wp-content\/uploads\/sites\/16\/2020\/10\/0001-18-scaled-1-2048x1448.jpg 2048w\" sizes=\"auto, (max-width: 1024px) 100vw, 1024px\" \/><figcaption class=\"wp-element-caption\"><a href=\"https:\/\/youtu.be\/tC2Vg9TzqCM\">observatorio 2022<\/a><\/figcaption><\/figure>\n\n\n\n<figure class=\"wp-block-image size-large\"><img loading=\"lazy\" decoding=\"async\" width=\"1024\" height=\"578\" data-id=\"1877\" src=\"https:\/\/blog.uclm.es\/victorlopez\/wp-content\/uploads\/sites\/16\/2022\/04\/rtvd-1024x578.jpg\" alt=\"\" class=\"wp-image-1877\" srcset=\"https:\/\/blog.uclm.es\/victorlopez\/wp-content\/uploads\/sites\/16\/2022\/04\/rtvd-1024x578.jpg 1024w, https:\/\/blog.uclm.es\/victorlopez\/wp-content\/uploads\/sites\/16\/2022\/04\/rtvd-300x169.jpg 300w, https:\/\/blog.uclm.es\/victorlopez\/wp-content\/uploads\/sites\/16\/2022\/04\/rtvd-768x433.jpg 768w, https:\/\/blog.uclm.es\/victorlopez\/wp-content\/uploads\/sites\/16\/2022\/04\/rtvd-1536x866.jpg 1536w, https:\/\/blog.uclm.es\/victorlopez\/wp-content\/uploads\/sites\/16\/2022\/04\/rtvd.jpg 1895w\" sizes=\"auto, (max-width: 1024px) 100vw, 1024px\" \/><figcaption class=\"wp-element-caption\"><a href=\"https:\/\/www.youtube.com\/watch?v=dLoSKtNucSg&amp;list=PLT1G6PBNT4nNDolaDxmX4-bBvHwmv6xTW\">Econom\u00eda y Sociedad<\/a><\/figcaption><\/figure>\n\n\n\n<figure class=\"wp-block-image size-large\"><img loading=\"lazy\" decoding=\"async\" width=\"741\" height=\"849\" data-id=\"1052\" src=\"https:\/\/blog.uclm.es\/victorlopez\/wp-content\/uploads\/sites\/16\/2019\/10\/TheConversation.jpg\" alt=\"\" class=\"wp-image-1052\" srcset=\"https:\/\/blog.uclm.es\/victorlopez\/wp-content\/uploads\/sites\/16\/2019\/10\/TheConversation.jpg 741w, https:\/\/blog.uclm.es\/victorlopez\/wp-content\/uploads\/sites\/16\/2019\/10\/TheConversation-262x300.jpg 262w\" sizes=\"auto, (max-width: 741px) 100vw, 741px\" \/><figcaption class=\"wp-element-caption\"><a href=\"https:\/\/www.youtube.com\/watch?v=3h9xM7Xh-74&amp;list=PLT1G6PBNT4nPezAAK9evwtBNYN4FptjMJ\">Mi propuesta<\/a><\/figcaption><\/figure>\n<\/figure>\n\n\n\n<p>And more&#8230; <\/p>\n\n\n\n<p>+270.000 vistas en 2022, m\u00e1s de 25000 horas de contenido, ven a conocerlo<strong> <a href=\"https:\/\/www.youtube.com\/c\/V\u00edctorRa\u00falL\u00f3pezRuiz?sub_confirmation=1\">link <\/a><\/strong><\/p>\n","protected":false},"excerpt":{"rendered":"<p>Channel&#8217; Victor: A channel for each item El profesor se anticipa (actualidad) nueva lista. Diario de campo, estudio, previsi\u00f3n y proyecciones: CoronavirusDebates en sociedad y pol\u00edtica.Econometrics \/ Cursos de econometr\u00eda.Cultura y patrimonio (Cervantes, Quijote, Arqueolog\u00eda, Historia)En este canal puedes encontrar v\u00eddeos sobre la actividad personal, profesional e investigadora del Professor V i R a L. &hellip; <a href=\"https:\/\/blog.uclm.es\/victorlopez\/youtube\/\" class=\"more-link\">Seguir leyendo <span class=\"screen-reader-text\">YouTube<\/span> <span class=\"meta-nav\">&rarr;<\/span><\/a><\/p>\n","protected":false},"author":79,"featured_media":2327,"parent":0,"menu_order":0,"comment_status":"closed","ping_status":"closed","template":"","meta":{"footnotes":""},"class_list":["post-2319","page","type-page","status-publish","has-post-thumbnail","hentry"],"_links":{"self":[{"href":"https:\/\/blog.uclm.es\/victorlopez\/wp-json\/wp\/v2\/pages\/2319","targetHints":{"allow":["GET"]}}],"collection":[{"href":"https:\/\/blog.uclm.es\/victorlopez\/wp-json\/wp\/v2\/pages"}],"about":[{"href":"https:\/\/blog.uclm.es\/victorlopez\/wp-json\/wp\/v2\/types\/page"}],"author":[{"embeddable":true,"href":"https:\/\/blog.uclm.es\/victorlopez\/wp-json\/wp\/v2\/users\/79"}],"replies":[{"embeddable":true,"href":"https:\/\/blog.uclm.es\/victorlopez\/wp-json\/wp\/v2\/comments?post=2319"}],"version-history":[{"count":25,"href":"https:\/\/blog.uclm.es\/victorlopez\/wp-json\/wp\/v2\/pages\/2319\/revisions"}],"predecessor-version":[{"id":2678,"href":"https:\/\/blog.uclm.es\/victorlopez\/wp-json\/wp\/v2\/pages\/2319\/revisions\/2678"}],"wp:featuredmedia":[{"embeddable":true,"href":"https:\/\/blog.uclm.es\/victorlopez\/wp-json\/wp\/v2\/media\/2327"}],"wp:attachment":[{"href":"https:\/\/blog.uclm.es\/victorlopez\/wp-json\/wp\/v2\/media?parent=2319"}],"curies":[{"name":"wp","href":"https:\/\/api.w.org\/{rel}","templated":true}]}}