{"id":109,"date":"2015-11-28T16:37:29","date_gmt":"2015-11-28T15:37:29","guid":{"rendered":"http:\/\/blog.uclm.es\/victorlopez\/?page_id=109"},"modified":"2026-02-26T13:27:46","modified_gmt":"2026-02-26T11:27:46","slug":"enlaces-links","status":"publish","type":"page","link":"https:\/\/blog.uclm.es\/victorlopez\/presentacion\/enlaces-links\/","title":{"rendered":"Links"},"content":{"rendered":"\n<p class=\"has-text-align-left\"><strong>\u00daltimos Libros editados <\/strong><strong>por el Servicio de Publicaciones<\/strong><\/p>\n\n\n\n<p class=\"has-text-align-left\"><strong> <span style=\"color: #003366\">(Last Books published by PS-UCLM)<\/span>:<\/strong><\/p>\n\n\n<div class=\"wp-block-image\">\n<figure class=\"aligncenter\"><a href=\"https:\/\/www.unebook.es\/es\/libro\/el-amigo-de-cervantes-de-cuyo-nombre-quero-acordarme-alfonso-ruiz-castellanos_54098\"><img loading=\"lazy\" decoding=\"async\" width=\"218\" height=\"300\" src=\"https:\/\/blog.uclm.es\/victorlopez\/wp-content\/uploads\/sites\/16\/2018\/10\/portadalibro-218x300.jpg\" alt=\"\" class=\"wp-image-494\" srcset=\"https:\/\/blog.uclm.es\/victorlopez\/wp-content\/uploads\/sites\/16\/2018\/10\/portadalibro-218x300.jpg 218w, https:\/\/blog.uclm.es\/victorlopez\/wp-content\/uploads\/sites\/16\/2018\/10\/portadalibro-744x1024.jpg 744w, https:\/\/blog.uclm.es\/victorlopez\/wp-content\/uploads\/sites\/16\/2018\/10\/portadalibro-768x1058.jpg 768w, https:\/\/blog.uclm.es\/victorlopez\/wp-content\/uploads\/sites\/16\/2018\/10\/portadalibro-1115x1536.jpg 1115w, https:\/\/blog.uclm.es\/victorlopez\/wp-content\/uploads\/sites\/16\/2018\/10\/portadalibro.jpg 1358w\" sizes=\"auto, (max-width: 218px) 100vw, 218px\" \/><\/a><\/figure>\n<\/div>\n\n\n<p class=\"has-text-align-center\">&nbsp; &nbsp; &nbsp; &nbsp; &nbsp; &nbsp; &nbsp; &nbsp; &nbsp; &nbsp;<a href=\"https:\/\/play.google.com\/store\/books\/details?id=E5DpDQAAQBAJ&amp;pli=1\">edici\u00f3n online<\/a><\/p>\n\n\n<div class=\"wp-block-image\">\n<figure class=\"aligncenter\"><a href=\"https:\/\/ruidera.uclm.es\/xmlui\/handle\/10578\/26175\"><img loading=\"lazy\" decoding=\"async\" width=\"300\" height=\"191\" src=\"https:\/\/blog.uclm.es\/victorlopez\/wp-content\/uploads\/sites\/16\/2018\/10\/queroteactas18-300x191.jpg\" alt=\"\" class=\"wp-image-495\" srcset=\"https:\/\/blog.uclm.es\/victorlopez\/wp-content\/uploads\/sites\/16\/2018\/10\/queroteactas18-300x191.jpg 300w, https:\/\/blog.uclm.es\/victorlopez\/wp-content\/uploads\/sites\/16\/2018\/10\/queroteactas18-768x490.jpg 768w, https:\/\/blog.uclm.es\/victorlopez\/wp-content\/uploads\/sites\/16\/2018\/10\/queroteactas18.jpg 940w\" sizes=\"auto, (max-width: 300px) 100vw, 300px\" \/><\/a><figcaption class=\"wp-element-caption\">Actas Querote18<\/figcaption><\/figure>\n<\/div>\n\n<div class=\"wp-block-image\">\n<figure class=\"aligncenter\"><a href=\"https:\/\/ruidera.uclm.es\/xmlui\/handle\/10578\/26170\"><img loading=\"lazy\" decoding=\"async\" width=\"300\" height=\"189\" src=\"https:\/\/blog.uclm.es\/victorlopez\/wp-content\/uploads\/sites\/16\/2019\/07\/2019ActasQuerote-300x189.jpg\" alt=\"\" class=\"wp-image-903\" srcset=\"https:\/\/blog.uclm.es\/victorlopez\/wp-content\/uploads\/sites\/16\/2019\/07\/2019ActasQuerote-300x189.jpg 300w, https:\/\/blog.uclm.es\/victorlopez\/wp-content\/uploads\/sites\/16\/2019\/07\/2019ActasQuerote-768x483.jpg 768w, https:\/\/blog.uclm.es\/victorlopez\/wp-content\/uploads\/sites\/16\/2019\/07\/2019ActasQuerote.jpg 952w\" sizes=\"auto, (max-width: 300px) 100vw, 300px\" \/><\/a><figcaption class=\"wp-element-caption\">Actas Querote19<\/figcaption><\/figure>\n<\/div>\n\n<div class=\"wp-block-image\">\n<figure class=\"aligncenter\"><a href=\"https:\/\/ruidera.uclm.es\/xmlui\/handle\/10578\/29179\"><img loading=\"lazy\" decoding=\"async\" width=\"300\" height=\"191\" src=\"https:\/\/blog.uclm.es\/victorlopez\/wp-content\/uploads\/sites\/16\/2022\/04\/querote21-300x191.jpg\" alt=\"Querote 20\/21\" class=\"wp-image-1864\" srcset=\"https:\/\/blog.uclm.es\/victorlopez\/wp-content\/uploads\/sites\/16\/2022\/04\/querote21-300x191.jpg 300w, https:\/\/blog.uclm.es\/victorlopez\/wp-content\/uploads\/sites\/16\/2022\/04\/querote21-768x490.jpg 768w, https:\/\/blog.uclm.es\/victorlopez\/wp-content\/uploads\/sites\/16\/2022\/04\/querote21.jpg 940w\" sizes=\"auto, (max-width: 300px) 100vw, 300px\" \/><\/a><figcaption class=\"wp-element-caption\">Actas Querote21<\/figcaption><\/figure>\n<\/div>\n\n<div class=\"wp-block-image\">\n<figure class=\"aligncenter size-medium\"><a href=\"https:\/\/doi.org\/10.18239\/jornadas_2022.40.00\"><img loading=\"lazy\" decoding=\"async\" width=\"277\" height=\"300\" src=\"https:\/\/blog.uclm.es\/victorlopez\/wp-content\/uploads\/sites\/16\/2023\/01\/acta22fin-277x300.jpg\" alt=\"\" class=\"wp-image-2636\" srcset=\"https:\/\/blog.uclm.es\/victorlopez\/wp-content\/uploads\/sites\/16\/2023\/01\/acta22fin-277x300.jpg 277w, https:\/\/blog.uclm.es\/victorlopez\/wp-content\/uploads\/sites\/16\/2023\/01\/acta22fin.jpg 529w\" sizes=\"auto, (max-width: 277px) 100vw, 277px\" \/><\/a><figcaption class=\"wp-element-caption\"><a href=\"https:\/\/doi.org\/10.18239\/jornadas_2022.40.00\">Actas Querote22<\/a><\/figcaption><\/figure>\n<\/div>\n\n<div class=\"wp-block-image\">\n<figure class=\"aligncenter size-medium\"><a href=\"https:\/\/doi.org\/10.18239\/jornadas_2023.43.00\"><img loading=\"lazy\" decoding=\"async\" width=\"212\" height=\"300\" src=\"https:\/\/blog.uclm.es\/victorlopez\/wp-content\/uploads\/sites\/16\/2023\/12\/JOR043_COVER-212x300.jpg\" alt=\"\" class=\"wp-image-2957\" srcset=\"https:\/\/blog.uclm.es\/victorlopez\/wp-content\/uploads\/sites\/16\/2023\/12\/JOR043_COVER-212x300.jpg 212w, https:\/\/blog.uclm.es\/victorlopez\/wp-content\/uploads\/sites\/16\/2023\/12\/JOR043_COVER.jpg 375w\" sizes=\"auto, (max-width: 212px) 100vw, 212px\" \/><\/a><figcaption class=\"wp-element-caption\"><a href=\"https:\/\/doi.org\/10.18239\/jornadas_2023.43.00\">II Congreso Investigaci\u00f3n y Reto Demogr\u00e1fico (ISEN_RED23). VII Semana Universitaria y Cervantina<\/a><\/figcaption><\/figure>\n<\/div>\n\n<div class=\"wp-block-image\">\n<figure class=\"aligncenter size-medium\"><a href=\"https:\/\/doi.org\/10.18239\/jornadas_2024.54.00\"><img loading=\"lazy\" decoding=\"async\" width=\"212\" height=\"300\" src=\"https:\/\/blog.uclm.es\/victorlopez\/wp-content\/uploads\/sites\/16\/2024\/11\/JOR054_COVER-212x300.jpg\" alt=\"\" class=\"wp-image-3306\" srcset=\"https:\/\/blog.uclm.es\/victorlopez\/wp-content\/uploads\/sites\/16\/2024\/11\/JOR054_COVER-212x300.jpg 212w, https:\/\/blog.uclm.es\/victorlopez\/wp-content\/uploads\/sites\/16\/2024\/11\/JOR054_COVER.jpg 375w\" sizes=\"auto, (max-width: 212px) 100vw, 212px\" \/><\/a><figcaption class=\"wp-element-caption\">Recoge los documentos del VI Congreso Nacional Cervantino y del Congreso de Investigaci\u00f3n para el Reto Demogr\u00e1fico (ISEN_RED24), ), junto con nueve investigaciones innovadoras de estudiantes de la UCLM sobre despoblamiento y el medio rural desde una perspectiva econ\u00f3mica y social. Las ponencias, por su parte, abordan el problema desde la econom\u00eda circular, la empresa innovadora 4.0, el papel de las pol\u00edticas de mayores y las \u00e1reas rurales inteligentes como zonas objetivo de alta calidad de vida.<\/figcaption><\/figure>\n<\/div>\n\n<div class=\"wp-block-image\">\n<figure class=\"aligncenter size-medium\"><a href=\"https:\/\/doi.org\/10.18239\/jornadas_2025.61.00\"><img loading=\"lazy\" decoding=\"async\" width=\"300\" height=\"235\" src=\"https:\/\/blog.uclm.es\/victorlopez\/wp-content\/uploads\/sites\/16\/2025\/11\/Patrimonio25-e1763395212285-300x235.jpg\" alt=\"\" class=\"wp-image-3570\" srcset=\"https:\/\/blog.uclm.es\/victorlopez\/wp-content\/uploads\/sites\/16\/2025\/11\/Patrimonio25-e1763395212285-300x235.jpg 300w, https:\/\/blog.uclm.es\/victorlopez\/wp-content\/uploads\/sites\/16\/2025\/11\/Patrimonio25-e1763395212285-768x602.jpg 768w, https:\/\/blog.uclm.es\/victorlopez\/wp-content\/uploads\/sites\/16\/2025\/11\/Patrimonio25-e1763395212285.jpg 787w\" sizes=\"auto, (max-width: 300px) 100vw, 300px\" \/><\/a><\/figure>\n<\/div>\n\n\n<h4 class=\"wp-block-heading\"><span style=\"font-size: 12px\"><i>Hazte con ellos<\/i><\/span><\/h4>\n\n\n\n<p><\/p>\n\n\n\n<p class=\"has-text-align-center\"><strong>Bases de Datos de inter\u00e9s econ\u00f3mico <\/strong><\/p>\n\n\n\n<p class=\"has-text-align-center\"><strong><span style=\"color: #003366\">(Databases of economic interest)<\/span>:<\/strong><\/p>\n\n\n\n<figure class=\"wp-block-gallery has-nested-images columns-default is-cropped wp-block-gallery-1 is-layout-flex wp-block-gallery-is-layout-flex\">\n<figure class=\"wp-block-image size-large\"><a href=\"http:\/\/www.ine.es\/\"><img loading=\"lazy\" decoding=\"async\" width=\"200\" height=\"196\" data-id=\"182\" src=\"https:\/\/blog.uclm.es\/victorlopez\/wp-content\/uploads\/sites\/16\/2015\/11\/ine.jpg\" alt=\"\" class=\"wp-image-182\" \/><\/a><\/figure>\n\n\n\n<figure class=\"wp-block-image size-large\"><a href=\"https:\/\/www.ecb.europa.eu\/ecb\/html\/index.en.html\"><img loading=\"lazy\" decoding=\"async\" width=\"185\" height=\"80\" data-id=\"186\" src=\"https:\/\/blog.uclm.es\/victorlopez\/wp-content\/uploads\/sites\/16\/2015\/11\/bce.png\" alt=\"\" class=\"wp-image-186\" \/><\/a><\/figure>\n\n\n\n<figure class=\"wp-block-image size-large\"><a href=\"http:\/\/ec.europa.eu\/eurostat\/data\/database\"><img loading=\"lazy\" decoding=\"async\" width=\"352\" height=\"143\" data-id=\"183\" src=\"https:\/\/blog.uclm.es\/victorlopez\/wp-content\/uploads\/sites\/16\/2015\/11\/eurostat.jpg\" alt=\"\" class=\"wp-image-183\" srcset=\"https:\/\/blog.uclm.es\/victorlopez\/wp-content\/uploads\/sites\/16\/2015\/11\/eurostat.jpg 352w, https:\/\/blog.uclm.es\/victorlopez\/wp-content\/uploads\/sites\/16\/2015\/11\/eurostat-300x122.jpg 300w\" sizes=\"auto, (max-width: 352px) 100vw, 352px\" \/><\/a><\/figure>\n\n\n\n<figure class=\"wp-block-image size-large\"><a href=\"http:\/\/www.bde.es\/bde\/es\/areas\/estadis\/\"><img loading=\"lazy\" decoding=\"async\" width=\"200\" height=\"100\" data-id=\"184\" src=\"https:\/\/blog.uclm.es\/victorlopez\/wp-content\/uploads\/sites\/16\/2015\/11\/bde.png\" alt=\"\" class=\"wp-image-184\" \/><\/a><\/figure>\n\n\n\n<figure class=\"wp-block-image size-large\"><a href=\"http:\/\/data.worldbank.org\/\"><img loading=\"lazy\" decoding=\"async\" width=\"320\" height=\"240\" data-id=\"188\" src=\"https:\/\/blog.uclm.es\/victorlopez\/wp-content\/uploads\/sites\/16\/2015\/11\/wbg.jpg\" alt=\"\" class=\"wp-image-188\" srcset=\"https:\/\/blog.uclm.es\/victorlopez\/wp-content\/uploads\/sites\/16\/2015\/11\/wbg.jpg 320w, https:\/\/blog.uclm.es\/victorlopez\/wp-content\/uploads\/sites\/16\/2015\/11\/wbg-300x225.jpg 300w\" sizes=\"auto, (max-width: 320px) 100vw, 320px\" \/><\/a><\/figure>\n\n\n\n<figure class=\"wp-block-image size-large\"><a href=\"http:\/\/www.anuarioeco.lacaixa.comunicacions.com\/java\/X?cgi=caixa.le_DEM.pattern&amp;CLEAR=YES\"><img loading=\"lazy\" decoding=\"async\" width=\"185\" height=\"199\" data-id=\"187\" src=\"https:\/\/blog.uclm.es\/victorlopez\/wp-content\/uploads\/sites\/16\/2015\/11\/X.jpg\" alt=\"\" class=\"wp-image-187\" \/><\/a><\/figure>\n<\/figure>\n\n\n\n<p><\/p>\n\n\n\n<h2 class=\"wp-block-heading has-text-align-center\"><strong>Instituciones vinculadas al profesor<\/strong><\/h2>\n\n\n\n<p class=\"has-text-align-center\"><strong> (<span style=\"color: #000080\">Related institutions<\/span>):<\/strong><\/p>\n\n\n\n<figure class=\"wp-block-gallery has-nested-images columns-default is-cropped wp-block-gallery-2 is-layout-flex wp-block-gallery-is-layout-flex\">\n<figure class=\"wp-block-image size-large\"><a href=\"http:\/\/ftaadcee-ab.uclm.es\/\"><img loading=\"lazy\" decoding=\"async\" width=\"366\" height=\"366\" data-id=\"967\" src=\"https:\/\/blog.uclm.es\/victorlopez\/wp-content\/uploads\/sites\/16\/2019\/08\/FCCEEAB.jpg\" alt=\"\" class=\"wp-image-967\" srcset=\"https:\/\/blog.uclm.es\/victorlopez\/wp-content\/uploads\/sites\/16\/2019\/08\/FCCEEAB.jpg 366w, https:\/\/blog.uclm.es\/victorlopez\/wp-content\/uploads\/sites\/16\/2019\/08\/FCCEEAB-300x300.jpg 300w, https:\/\/blog.uclm.es\/victorlopez\/wp-content\/uploads\/sites\/16\/2019\/08\/FCCEEAB-150x150.jpg 150w\" sizes=\"auto, (max-width: 366px) 100vw, 366px\" \/><\/a><\/figure>\n\n\n\n<figure class=\"wp-block-image size-large\"><a href=\"https:\/\/www.uclm.es\/departamentos\/deeiehie\"><img loading=\"lazy\" decoding=\"async\" width=\"608\" height=\"413\" data-id=\"2423\" src=\"https:\/\/blog.uclm.es\/victorlopez\/wp-content\/uploads\/sites\/16\/2022\/12\/department.jpg\" alt=\"\" class=\"wp-image-2423\" srcset=\"https:\/\/blog.uclm.es\/victorlopez\/wp-content\/uploads\/sites\/16\/2022\/12\/department.jpg 608w, https:\/\/blog.uclm.es\/victorlopez\/wp-content\/uploads\/sites\/16\/2022\/12\/department-300x204.jpg 300w\" sizes=\"auto, (max-width: 608px) 100vw, 608px\" \/><\/a><\/figure>\n\n\n\n<figure class=\"wp-block-image size-large\"><a href=\"http:\/\/snspa.ro\/\"><img loading=\"lazy\" decoding=\"async\" width=\"295\" height=\"287\" data-id=\"972\" src=\"https:\/\/blog.uclm.es\/victorlopez\/wp-content\/uploads\/sites\/16\/2019\/08\/snspa.png\" alt=\"\" class=\"wp-image-972\" \/><\/a><\/figure>\n\n\n\n<figure class=\"wp-block-image size-large\"><a href=\"https:\/\/www.uclm.es\/\"><img loading=\"lazy\" decoding=\"async\" width=\"1024\" height=\"640\" data-id=\"189\" src=\"https:\/\/blog.uclm.es\/victorlopez\/wp-content\/uploads\/sites\/16\/2015\/11\/uclm-1024x640.jpg\" alt=\"\" class=\"wp-image-189\" srcset=\"https:\/\/blog.uclm.es\/victorlopez\/wp-content\/uploads\/sites\/16\/2015\/11\/uclm-1024x640.jpg 1024w, https:\/\/blog.uclm.es\/victorlopez\/wp-content\/uploads\/sites\/16\/2015\/11\/uclm-300x187.jpg 300w, https:\/\/blog.uclm.es\/victorlopez\/wp-content\/uploads\/sites\/16\/2015\/11\/uclm-768x480.jpg 768w, https:\/\/blog.uclm.es\/victorlopez\/wp-content\/uploads\/sites\/16\/2015\/11\/uclm.jpg 1132w\" sizes=\"auto, (max-width: 1024px) 100vw, 1024px\" \/><\/a><\/figure>\n\n\n\n<figure class=\"wp-block-image size-full\"><a href=\"https:\/\/www.cofradiainternacionaldeinvestigadores.com\/\"><img loading=\"lazy\" decoding=\"async\" width=\"300\" height=\"300\" data-id=\"2725\" src=\"https:\/\/blog.uclm.es\/victorlopez\/wp-content\/uploads\/sites\/16\/2023\/03\/Escudo-300x300-2.jpg\" alt=\"\" class=\"wp-image-2725\" srcset=\"https:\/\/blog.uclm.es\/victorlopez\/wp-content\/uploads\/sites\/16\/2023\/03\/Escudo-300x300-2.jpg 300w, https:\/\/blog.uclm.es\/victorlopez\/wp-content\/uploads\/sites\/16\/2023\/03\/Escudo-300x300-2-150x150.jpg 150w\" sizes=\"auto, (max-width: 300px) 100vw, 300px\" \/><\/a><\/figure>\n<\/figure>\n\n\n\n<figure class=\"wp-block-gallery has-nested-images columns-default is-cropped wp-block-gallery-3 is-layout-flex wp-block-gallery-is-layout-flex\">\n<figure class=\"wp-block-image size-large\"><a href=\"https:\/\/www.aracis.ro\/en\/about-aracis\/\"><img loading=\"lazy\" decoding=\"async\" width=\"340\" height=\"200\" data-id=\"1867\" src=\"https:\/\/blog.uclm.es\/victorlopez\/wp-content\/uploads\/sites\/16\/2022\/04\/ARACIS.jpg\" alt=\"\" class=\"wp-image-1867\" srcset=\"https:\/\/blog.uclm.es\/victorlopez\/wp-content\/uploads\/sites\/16\/2022\/04\/ARACIS.jpg 340w, https:\/\/blog.uclm.es\/victorlopez\/wp-content\/uploads\/sites\/16\/2022\/04\/ARACIS-300x176.jpg 300w\" sizes=\"auto, (max-width: 340px) 100vw, 340px\" \/><\/a><\/figure>\n\n\n\n<figure class=\"wp-block-image size-large\"><a href=\"https:\/\/www.eoi.es\/es\"><img loading=\"lazy\" decoding=\"async\" width=\"225\" height=\"225\" data-id=\"974\" src=\"https:\/\/blog.uclm.es\/victorlopez\/wp-content\/uploads\/sites\/16\/2019\/08\/eoi.jpg\" alt=\"\" class=\"wp-image-974\" srcset=\"https:\/\/blog.uclm.es\/victorlopez\/wp-content\/uploads\/sites\/16\/2019\/08\/eoi.jpg 225w, https:\/\/blog.uclm.es\/victorlopez\/wp-content\/uploads\/sites\/16\/2019\/08\/eoi-150x150.jpg 150w\" sizes=\"auto, (max-width: 225px) 100vw, 225px\" \/><\/a><\/figure>\n\n\n\n<figure class=\"wp-block-image size-large\"><a href=\"http:\/\/www.tecnnova.org\/\"><img loading=\"lazy\" decoding=\"async\" width=\"660\" height=\"160\" data-id=\"976\" src=\"https:\/\/blog.uclm.es\/victorlopez\/wp-content\/uploads\/sites\/16\/2019\/08\/tecnnova-logo.png\" alt=\"\" class=\"wp-image-976\" srcset=\"https:\/\/blog.uclm.es\/victorlopez\/wp-content\/uploads\/sites\/16\/2019\/08\/tecnnova-logo.png 660w, https:\/\/blog.uclm.es\/victorlopez\/wp-content\/uploads\/sites\/16\/2019\/08\/tecnnova-logo-300x73.png 300w\" sizes=\"auto, (max-width: 660px) 100vw, 660px\" \/><\/a><\/figure>\n\n\n\n<figure class=\"wp-block-image size-large\"><a href=\"https:\/\/www.valahia.ro\/en\/\"><img loading=\"lazy\" decoding=\"async\" width=\"230\" height=\"200\" data-id=\"496\" src=\"https:\/\/blog.uclm.es\/victorlopez\/wp-content\/uploads\/sites\/16\/2018\/10\/logovalahia.jpg\" alt=\"\" class=\"wp-image-496\" \/><\/a><\/figure>\n\n\n\n<figure class=\"wp-block-image size-large\"><a href=\"https:\/\/www.ntu.ac.uk\/\"><img loading=\"lazy\" decoding=\"async\" width=\"1024\" height=\"1024\" data-id=\"963\" src=\"https:\/\/blog.uclm.es\/victorlopez\/wp-content\/uploads\/sites\/16\/2019\/08\/the-nottingham-trent-university-logo-png-transparent-1024x1024.png\" alt=\"\" class=\"wp-image-963\" srcset=\"https:\/\/blog.uclm.es\/victorlopez\/wp-content\/uploads\/sites\/16\/2019\/08\/the-nottingham-trent-university-logo-png-transparent-1024x1024.png 1024w, https:\/\/blog.uclm.es\/victorlopez\/wp-content\/uploads\/sites\/16\/2019\/08\/the-nottingham-trent-university-logo-png-transparent-300x300.png 300w, https:\/\/blog.uclm.es\/victorlopez\/wp-content\/uploads\/sites\/16\/2019\/08\/the-nottingham-trent-university-logo-png-transparent-150x150.png 150w, https:\/\/blog.uclm.es\/victorlopez\/wp-content\/uploads\/sites\/16\/2019\/08\/the-nottingham-trent-university-logo-png-transparent-768x768.png 768w, https:\/\/blog.uclm.es\/victorlopez\/wp-content\/uploads\/sites\/16\/2019\/08\/the-nottingham-trent-university-logo-png-transparent-1536x1536.png 1536w, https:\/\/blog.uclm.es\/victorlopez\/wp-content\/uploads\/sites\/16\/2019\/08\/the-nottingham-trent-university-logo-png-transparent-2048x2048.png 2048w\" sizes=\"auto, (max-width: 1024px) 100vw, 1024px\" \/><\/a><\/figure>\n\n\n\n<figure class=\"wp-block-image size-large\"><a href=\"https:\/\/www.uvigo.gal\/uvigo_es\/Centros\/ourense\"><img loading=\"lazy\" decoding=\"async\" width=\"200\" height=\"200\" data-id=\"973\" src=\"https:\/\/blog.uclm.es\/victorlopez\/wp-content\/uploads\/sites\/16\/2019\/08\/vigo.jpg\" alt=\"\" class=\"wp-image-973\" srcset=\"https:\/\/blog.uclm.es\/victorlopez\/wp-content\/uploads\/sites\/16\/2019\/08\/vigo.jpg 200w, https:\/\/blog.uclm.es\/victorlopez\/wp-content\/uploads\/sites\/16\/2019\/08\/vigo-150x150.jpg 150w\" sizes=\"auto, (max-width: 200px) 100vw, 200px\" \/><\/a><\/figure>\n<\/figure>\n\n\n\n<h2 class=\"wp-block-heading\"><\/h2>\n\n\n<div class=\"wp-block-image\">\n<figure class=\"aligncenter size-large is-resized\"><a href=\"https:\/\/www.aosr.ro\/en\/\"><img loading=\"lazy\" decoding=\"async\" width=\"1024\" height=\"1018\" src=\"https:\/\/blog.uclm.es\/victorlopez\/wp-content\/uploads\/sites\/16\/2024\/06\/logo_ss-1024x1018.png\" alt=\"\" class=\"wp-image-3221\" style=\"width:146px;height:auto\" srcset=\"https:\/\/blog.uclm.es\/victorlopez\/wp-content\/uploads\/sites\/16\/2024\/06\/logo_ss-1024x1018.png 1024w, https:\/\/blog.uclm.es\/victorlopez\/wp-content\/uploads\/sites\/16\/2024\/06\/logo_ss-300x298.png 300w, https:\/\/blog.uclm.es\/victorlopez\/wp-content\/uploads\/sites\/16\/2024\/06\/logo_ss-150x150.png 150w, https:\/\/blog.uclm.es\/victorlopez\/wp-content\/uploads\/sites\/16\/2024\/06\/logo_ss-768x764.png 768w, https:\/\/blog.uclm.es\/victorlopez\/wp-content\/uploads\/sites\/16\/2024\/06\/logo_ss.png 1220w\" sizes=\"auto, (max-width: 1024px) 100vw, 1024px\" \/><\/a><\/figure>\n<\/div>\n\n\n<h2 class=\"wp-block-heading\"><a href=\"http:\/\/www.uclm.es\/\" rel=\"attachment wp-att-189\"><img loading=\"lazy\" decoding=\"async\" class=\"wp-image-189 aligncenter\" src=\"https:\/\/blog.uclm.es\/victorlopez\/wp-content\/uploads\/sites\/16\/2015\/11\/uclm-300x187.jpg\" alt=\"uclm\" width=\"101\" height=\"63\" srcset=\"https:\/\/blog.uclm.es\/victorlopez\/wp-content\/uploads\/sites\/16\/2015\/11\/uclm-300x187.jpg 300w, https:\/\/blog.uclm.es\/victorlopez\/wp-content\/uploads\/sites\/16\/2015\/11\/uclm-1024x640.jpg 1024w, https:\/\/blog.uclm.es\/victorlopez\/wp-content\/uploads\/sites\/16\/2015\/11\/uclm-768x480.jpg 768w, https:\/\/blog.uclm.es\/victorlopez\/wp-content\/uploads\/sites\/16\/2015\/11\/uclm.jpg 1132w\" sizes=\"auto, (max-width: 101px) 100vw, 101px\" \/><\/a><\/h2>\n\n\n\n<h2 class=\"wp-block-heading\"><\/h2>\n","protected":false},"excerpt":{"rendered":"<p>\u00daltimos Libros editados por el Servicio de Publicaciones (Last Books published by PS-UCLM): &nbsp; &nbsp; &nbsp; &nbsp; &nbsp; &nbsp; &nbsp; &nbsp; &nbsp; &nbsp;edici\u00f3n online Hazte con ellos Bases de Datos de inter\u00e9s econ\u00f3mico (Databases of economic interest): Instituciones vinculadas al profesor (Related institutions):<\/p>\n","protected":false},"author":79,"featured_media":0,"parent":59,"menu_order":1,"comment_status":"closed","ping_status":"closed","template":"","meta":{"footnotes":""},"class_list":["post-109","page","type-page","status-publish","hentry"],"_links":{"self":[{"href":"https:\/\/blog.uclm.es\/victorlopez\/wp-json\/wp\/v2\/pages\/109","targetHints":{"allow":["GET"]}}],"collection":[{"href":"https:\/\/blog.uclm.es\/victorlopez\/wp-json\/wp\/v2\/pages"}],"about":[{"href":"https:\/\/blog.uclm.es\/victorlopez\/wp-json\/wp\/v2\/types\/page"}],"author":[{"embeddable":true,"href":"https:\/\/blog.uclm.es\/victorlopez\/wp-json\/wp\/v2\/users\/79"}],"replies":[{"embeddable":true,"href":"https:\/\/blog.uclm.es\/victorlopez\/wp-json\/wp\/v2\/comments?post=109"}],"version-history":[{"count":17,"href":"https:\/\/blog.uclm.es\/victorlopez\/wp-json\/wp\/v2\/pages\/109\/revisions"}],"predecessor-version":[{"id":3671,"href":"https:\/\/blog.uclm.es\/victorlopez\/wp-json\/wp\/v2\/pages\/109\/revisions\/3671"}],"up":[{"embeddable":true,"href":"https:\/\/blog.uclm.es\/victorlopez\/wp-json\/wp\/v2\/pages\/59"}],"wp:attachment":[{"href":"https:\/\/blog.uclm.es\/victorlopez\/wp-json\/wp\/v2\/media?parent=109"}],"curies":[{"name":"wp","href":"https:\/\/api.w.org\/{rel}","templated":true}]}}