{"id":16,"date":"2026-03-06T08:01:04","date_gmt":"2026-03-06T07:01:04","guid":{"rendered":"https:\/\/blog.uclm.es\/universidaps\/?page_id=16"},"modified":"2026-03-20T09:29:32","modified_gmt":"2026-03-20T08:29:32","slug":"equipo","status":"publish","type":"page","link":"https:\/\/blog.uclm.es\/universidaps\/equipo\/","title":{"rendered":"Equipo"},"content":{"rendered":"\n<h2 class=\"wp-block-heading has-text-align-center\"><strong>Nuestro Equipo<\/strong><\/h2>\n\n\n\n<p>El proyecto <strong>Universidad-ApS<\/strong> cuenta con un equipo multidisciplinar. Cada miembro aporta su experiencia y conocimiento desde diferentes \u00e1reas, trabajando de manera colaborativa para alcanzar los objetivos del proyecto.<\/p>\n\n\n\n<div class=\"wp-block-columns is-layout-flex wp-container-core-columns-is-layout-28f84493 wp-block-columns-is-layout-flex\">\n<div class=\"wp-block-column is-layout-flow wp-block-column-is-layout-flow\">\n<figure class=\"wp-block-image size-full is-resized\"><img loading=\"lazy\" decoding=\"async\" width=\"510\" height=\"680\" src=\"https:\/\/blog.uclm.es\/universidaps\/wp-content\/uploads\/sites\/343\/2026\/03\/IMG-scape.jpg\" alt=\"\" class=\"wp-image-27\" style=\"object-fit:cover;width:250px;height:250px\" srcset=\"https:\/\/blog.uclm.es\/universidaps\/wp-content\/uploads\/sites\/343\/2026\/03\/IMG-scape.jpg 510w, https:\/\/blog.uclm.es\/universidaps\/wp-content\/uploads\/sites\/343\/2026\/03\/IMG-scape-225x300.jpg 225w\" sizes=\"auto, (max-width: 510px) 100vw, 510px\" \/><figcaption class=\"wp-element-caption\"><strong>Ariadna G\u00f3mezescobar Camino<\/strong><br>Departamento de Matem\u00e1ticas. \u00c1rea de Did\u00e1ctica.<br>Facultad de Educaci\u00f3n de Toledo (UCLM)<\/figcaption><\/figure>\n<\/div>\n\n\n\n<div class=\"wp-block-column is-layout-flow wp-block-column-is-layout-flow\">\n<figure class=\"wp-block-image size-large is-resized\"><img loading=\"lazy\" decoding=\"async\" width=\"1020\" height=\"1024\" src=\"https:\/\/blog.uclm.es\/universidaps\/wp-content\/uploads\/sites\/343\/2026\/03\/facebook_1671637584581_7011356207561513097-2-1020x1024.jpg\" alt=\"\" class=\"wp-image-37\" style=\"object-fit:cover;width:250px;height:250px\" srcset=\"https:\/\/blog.uclm.es\/universidaps\/wp-content\/uploads\/sites\/343\/2026\/03\/facebook_1671637584581_7011356207561513097-2-1020x1024.jpg 1020w, https:\/\/blog.uclm.es\/universidaps\/wp-content\/uploads\/sites\/343\/2026\/03\/facebook_1671637584581_7011356207561513097-2-300x300.jpg 300w, https:\/\/blog.uclm.es\/universidaps\/wp-content\/uploads\/sites\/343\/2026\/03\/facebook_1671637584581_7011356207561513097-2-150x150.jpg 150w, https:\/\/blog.uclm.es\/universidaps\/wp-content\/uploads\/sites\/343\/2026\/03\/facebook_1671637584581_7011356207561513097-2-768x771.jpg 768w, https:\/\/blog.uclm.es\/universidaps\/wp-content\/uploads\/sites\/343\/2026\/03\/facebook_1671637584581_7011356207561513097-2.jpg 1080w\" sizes=\"auto, (max-width: 1020px) 100vw, 1020px\" \/><figcaption class=\"wp-element-caption\"><strong>Natalia Sim\u00f3n Medina <\/strong>Departamento de Filosof\u00eda, Antropolog\u00eda, sociolog\u00eda y est\u00e9tica. \u00c1rea de Sociolog\u00eda Facultad de Ciencias Jur\u00eddicas y Sociales de Toledo (UCLM)<\/figcaption><\/figure>\n<\/div>\n\n\n\n<div class=\"wp-block-column is-layout-flow wp-block-column-is-layout-flow\">\n<figure class=\"wp-block-image size-full is-resized\"><img loading=\"lazy\" decoding=\"async\" width=\"1200\" height=\"1599\" src=\"https:\/\/blog.uclm.es\/universidaps\/wp-content\/uploads\/sites\/343\/2026\/03\/5a5805ad-fdfe-4a9e-a011-a9be03a01c7a.jpg\" alt=\"\" class=\"wp-image-108\" style=\"object-fit:cover;width:250px;height:250px\" srcset=\"https:\/\/blog.uclm.es\/universidaps\/wp-content\/uploads\/sites\/343\/2026\/03\/5a5805ad-fdfe-4a9e-a011-a9be03a01c7a.jpg 1200w, https:\/\/blog.uclm.es\/universidaps\/wp-content\/uploads\/sites\/343\/2026\/03\/5a5805ad-fdfe-4a9e-a011-a9be03a01c7a-225x300.jpg 225w, https:\/\/blog.uclm.es\/universidaps\/wp-content\/uploads\/sites\/343\/2026\/03\/5a5805ad-fdfe-4a9e-a011-a9be03a01c7a-768x1023.jpg 768w, https:\/\/blog.uclm.es\/universidaps\/wp-content\/uploads\/sites\/343\/2026\/03\/5a5805ad-fdfe-4a9e-a011-a9be03a01c7a-1153x1536.jpg 1153w\" sizes=\"auto, (max-width: 1200px) 100vw, 1200px\" \/><figcaption class=\"wp-element-caption\"><strong>Gema S\u00e1nchez Emeterio<\/strong><br>Departamento de Geograf\u00eda.\u00c1rea de Did\u00e1ctica de las Ciencias Sociales.<br>Facultad de Educaci\u00f3n de Toledo (UCLM)<\/figcaption><\/figure>\n<\/div>\n<\/div>\n\n\n\n<div class=\"wp-block-columns is-layout-flex wp-container-core-columns-is-layout-28f84493 wp-block-columns-is-layout-flex\">\n<div class=\"wp-block-column is-layout-flow wp-block-column-is-layout-flow\">\n<figure class=\"wp-block-image size-full is-resized\"><img loading=\"lazy\" decoding=\"async\" width=\"1631\" height=\"1440\" src=\"https:\/\/blog.uclm.es\/universidaps\/wp-content\/uploads\/sites\/343\/2026\/03\/MVictoria-GG_IMG_5326.jpg\" alt=\"\" class=\"wp-image-106\" style=\"object-fit:cover;width:250px;height:250px\" srcset=\"https:\/\/blog.uclm.es\/universidaps\/wp-content\/uploads\/sites\/343\/2026\/03\/MVictoria-GG_IMG_5326.jpg 1631w, https:\/\/blog.uclm.es\/universidaps\/wp-content\/uploads\/sites\/343\/2026\/03\/MVictoria-GG_IMG_5326-300x265.jpg 300w, https:\/\/blog.uclm.es\/universidaps\/wp-content\/uploads\/sites\/343\/2026\/03\/MVictoria-GG_IMG_5326-1024x904.jpg 1024w, https:\/\/blog.uclm.es\/universidaps\/wp-content\/uploads\/sites\/343\/2026\/03\/MVictoria-GG_IMG_5326-768x678.jpg 768w, https:\/\/blog.uclm.es\/universidaps\/wp-content\/uploads\/sites\/343\/2026\/03\/MVictoria-GG_IMG_5326-1536x1356.jpg 1536w\" sizes=\"auto, (max-width: 1631px) 100vw, 1631px\" \/><figcaption class=\"wp-element-caption\"><strong>Mar\u00eda Victoria Guadamillas G\u00f3mez<\/strong><br>Departamento de Filolog\u00eda Moderna.&nbsp;<br>Facultad de Educaci\u00f3n de Toledo (UCLM)<\/figcaption><\/figure>\n<\/div>\n\n\n\n<div class=\"wp-block-column is-layout-flow wp-block-column-is-layout-flow\">\n<figure class=\"wp-block-image size-full is-resized\"><img loading=\"lazy\" decoding=\"async\" width=\"225\" height=\"225\" src=\"https:\/\/blog.uclm.es\/universidaps\/wp-content\/uploads\/sites\/343\/2026\/03\/images-2.jpg\" alt=\"\" class=\"wp-image-61\" style=\"object-fit:cover;width:250px;height:250px\" srcset=\"https:\/\/blog.uclm.es\/universidaps\/wp-content\/uploads\/sites\/343\/2026\/03\/images-2.jpg 225w, https:\/\/blog.uclm.es\/universidaps\/wp-content\/uploads\/sites\/343\/2026\/03\/images-2-150x150.jpg 150w\" sizes=\"auto, (max-width: 225px) 100vw, 225px\" \/><figcaption class=\"wp-element-caption\"><strong>miembro<\/strong><br>Departamento de Matem\u00e1ticas.<br>(UCLM)<\/figcaption><\/figure>\n<\/div>\n\n\n\n<div class=\"wp-block-column is-layout-flow wp-block-column-is-layout-flow\">\n<figure class=\"wp-block-image size-full is-resized\"><img loading=\"lazy\" decoding=\"async\" width=\"1925\" height=\"2345\" src=\"https:\/\/blog.uclm.es\/universidaps\/wp-content\/uploads\/sites\/343\/2026\/03\/foto-1.jpg\" alt=\"\" class=\"wp-image-109\" style=\"object-fit:cover;width:250px;height:250px\" srcset=\"https:\/\/blog.uclm.es\/universidaps\/wp-content\/uploads\/sites\/343\/2026\/03\/foto-1.jpg 1925w, https:\/\/blog.uclm.es\/universidaps\/wp-content\/uploads\/sites\/343\/2026\/03\/foto-1-246x300.jpg 246w, https:\/\/blog.uclm.es\/universidaps\/wp-content\/uploads\/sites\/343\/2026\/03\/foto-1-841x1024.jpg 841w, https:\/\/blog.uclm.es\/universidaps\/wp-content\/uploads\/sites\/343\/2026\/03\/foto-1-768x936.jpg 768w, https:\/\/blog.uclm.es\/universidaps\/wp-content\/uploads\/sites\/343\/2026\/03\/foto-1-1261x1536.jpg 1261w, https:\/\/blog.uclm.es\/universidaps\/wp-content\/uploads\/sites\/343\/2026\/03\/foto-1-1681x2048.jpg 1681w\" sizes=\"auto, (max-width: 1925px) 100vw, 1925px\" \/><figcaption class=\"wp-element-caption\"><strong>Jos\u00e9 Luis<\/strong> <strong>Gonz\u00e1lez Fern\u00e1ndez<\/strong>.<br>Departamento de Matem\u00e1ticas. \u00c1rea de Did\u00e1ctica.<br>Facultad de Educaci\u00f3n de Ciudad Real (UCLM)<\/figcaption><\/figure>\n<\/div>\n<\/div>\n\n\n\n<div class=\"wp-block-columns is-layout-flex wp-container-core-columns-is-layout-28f84493 wp-block-columns-is-layout-flex\">\n<div class=\"wp-block-column is-layout-flow wp-block-column-is-layout-flow\">\n<figure class=\"wp-block-image size-full\"><img loading=\"lazy\" decoding=\"async\" width=\"225\" height=\"225\" src=\"https:\/\/blog.uclm.es\/universidaps\/wp-content\/uploads\/sites\/343\/2026\/03\/images-1.jpg\" alt=\"\" class=\"wp-image-58\" srcset=\"https:\/\/blog.uclm.es\/universidaps\/wp-content\/uploads\/sites\/343\/2026\/03\/images-1.jpg 225w, https:\/\/blog.uclm.es\/universidaps\/wp-content\/uploads\/sites\/343\/2026\/03\/images-1-150x150.jpg 150w\" sizes=\"auto, (max-width: 225px) 100vw, 225px\" \/><figcaption class=\"wp-element-caption\"><strong>Elena Gajete<\/strong><\/figcaption><\/figure>\n<\/div>\n\n\n\n<div class=\"wp-block-column is-layout-flow wp-block-column-is-layout-flow\">\n<figure class=\"wp-block-image size-full\"><img loading=\"lazy\" decoding=\"async\" width=\"225\" height=\"225\" src=\"https:\/\/blog.uclm.es\/universidaps\/wp-content\/uploads\/sites\/343\/2026\/03\/images-1.jpg\" alt=\"\" class=\"wp-image-58\" srcset=\"https:\/\/blog.uclm.es\/universidaps\/wp-content\/uploads\/sites\/343\/2026\/03\/images-1.jpg 225w, https:\/\/blog.uclm.es\/universidaps\/wp-content\/uploads\/sites\/343\/2026\/03\/images-1-150x150.jpg 150w\" sizes=\"auto, (max-width: 225px) 100vw, 225px\" \/><figcaption class=\"wp-element-caption\"><strong>David Molina<\/strong><\/figcaption><\/figure>\n<\/div>\n\n\n\n<div class=\"wp-block-column is-layout-flow wp-block-column-is-layout-flow\">\n<figure class=\"wp-block-image size-full\"><img loading=\"lazy\" decoding=\"async\" width=\"490\" height=\"643\" src=\"https:\/\/blog.uclm.es\/universidaps\/wp-content\/uploads\/sites\/343\/2026\/03\/AlfonsoJA.jpg\" alt=\"\" class=\"wp-image-104\" srcset=\"https:\/\/blog.uclm.es\/universidaps\/wp-content\/uploads\/sites\/343\/2026\/03\/AlfonsoJA.jpg 490w, https:\/\/blog.uclm.es\/universidaps\/wp-content\/uploads\/sites\/343\/2026\/03\/AlfonsoJA-229x300.jpg 229w\" sizes=\"auto, (max-width: 490px) 100vw, 490px\" \/><figcaption class=\"wp-element-caption\"><strong>Alfonso Jim\u00e9nez<\/strong> <strong>Alc\u00e1zar<\/strong><br>Departamento de Matem\u00e1ticas. \u00c1rea de Did\u00e1ctica.<br>Facultad de Educaci\u00f3n de Toledo (UCLM)<\/figcaption><\/figure>\n<\/div>\n<\/div>\n\n\n\n<div class=\"wp-block-columns is-layout-flex wp-container-core-columns-is-layout-28f84493 wp-block-columns-is-layout-flex\">\n<div class=\"wp-block-column is-layout-flow wp-block-column-is-layout-flow\">\n<figure class=\"wp-block-image size-large is-resized\"><img loading=\"lazy\" decoding=\"async\" width=\"768\" height=\"1024\" src=\"https:\/\/blog.uclm.es\/universidaps\/wp-content\/uploads\/sites\/343\/2026\/03\/WhatsApp-Image-2026-01-16-at-13.07.11-1-768x1024.jpeg\" alt=\"\" class=\"wp-image-107\" style=\"object-fit:cover;width:250px;height:250px\" srcset=\"https:\/\/blog.uclm.es\/universidaps\/wp-content\/uploads\/sites\/343\/2026\/03\/WhatsApp-Image-2026-01-16-at-13.07.11-1-768x1024.jpeg 768w, https:\/\/blog.uclm.es\/universidaps\/wp-content\/uploads\/sites\/343\/2026\/03\/WhatsApp-Image-2026-01-16-at-13.07.11-1-225x300.jpeg 225w, https:\/\/blog.uclm.es\/universidaps\/wp-content\/uploads\/sites\/343\/2026\/03\/WhatsApp-Image-2026-01-16-at-13.07.11-1-1152x1536.jpeg 1152w, https:\/\/blog.uclm.es\/universidaps\/wp-content\/uploads\/sites\/343\/2026\/03\/WhatsApp-Image-2026-01-16-at-13.07.11-1.jpeg 1536w\" sizes=\"auto, (max-width: 768px) 100vw, 768px\" \/><figcaption class=\"wp-element-caption\"><strong>Ang\u00e9lica Benito Sualdea <\/strong>Departamento de Did\u00e1cticas Espec\u00edficas. \u00c1rea de Did\u00e1ctica de las Matem\u00e1ticas. Facultad de Formaci\u00f3n de Profesorado y Educaci\u00f3n (UAM)<\/figcaption><\/figure>\n<\/div>\n\n\n\n<div class=\"wp-block-column is-layout-flow wp-block-column-is-layout-flow\" style=\"font-size:0.9rem\">\n<figure class=\"wp-block-image size-full is-resized\"><img loading=\"lazy\" decoding=\"async\" width=\"400\" height=\"400\" src=\"https:\/\/blog.uclm.es\/universidaps\/wp-content\/uploads\/sites\/343\/2026\/03\/Foto-GarridoMartos.jpeg\" alt=\"\" class=\"wp-image-105\" style=\"object-fit:cover;width:250px;height:250px\" srcset=\"https:\/\/blog.uclm.es\/universidaps\/wp-content\/uploads\/sites\/343\/2026\/03\/Foto-GarridoMartos.jpeg 400w, https:\/\/blog.uclm.es\/universidaps\/wp-content\/uploads\/sites\/343\/2026\/03\/Foto-GarridoMartos-300x300.jpeg 300w, https:\/\/blog.uclm.es\/universidaps\/wp-content\/uploads\/sites\/343\/2026\/03\/Foto-GarridoMartos-150x150.jpeg 150w\" sizes=\"auto, (max-width: 400px) 100vw, 400px\" \/><figcaption class=\"wp-element-caption\"><strong>Roc\u00edo Garrido Martos<\/strong><br>Departamento de Did\u00e1cticas Espec\u00edficas.&nbsp;\u00c1rea Did\u00e1ctica de las&nbsp;Matem\u00e1ticas.<br>Facultad de Formaci\u00f3n del Profesorado y Educaci\u00f3n Universidad Aut\u00f3noma de Madrid (UAM)<\/figcaption><\/figure>\n<\/div>\n\n\n\n<div class=\"wp-block-column is-vertically-aligned-top is-layout-flow wp-block-column-is-layout-flow\">\n<figure class=\"wp-block-image size-full\"><img loading=\"lazy\" decoding=\"async\" width=\"225\" height=\"225\" src=\"https:\/\/blog.uclm.es\/universidaps\/wp-content\/uploads\/sites\/343\/2026\/03\/images-2.jpg\" alt=\"\" class=\"wp-image-61\" srcset=\"https:\/\/blog.uclm.es\/universidaps\/wp-content\/uploads\/sites\/343\/2026\/03\/images-2.jpg 225w, https:\/\/blog.uclm.es\/universidaps\/wp-content\/uploads\/sites\/343\/2026\/03\/images-2-150x150.jpg 150w\" sizes=\"auto, (max-width: 225px) 100vw, 225px\" \/><figcaption class=\"wp-element-caption\"><strong>Javier Rodr\u00edguez Miravalles<\/strong><\/figcaption><\/figure>\n<\/div>\n<\/div>\n\n\n\n<div class=\"wp-block-columns is-layout-flex wp-container-core-columns-is-layout-28f84493 wp-block-columns-is-layout-flex\">\n<div class=\"wp-block-column is-layout-flow wp-block-column-is-layout-flow\">\n<figure class=\"wp-block-image size-full\"><img loading=\"lazy\" decoding=\"async\" width=\"2560\" height=\"2195\" src=\"https:\/\/blog.uclm.es\/universidaps\/wp-content\/uploads\/sites\/343\/2026\/03\/WhatsApp-Image-2026-01-19-at-11.51.49-scaled.jpeg\" alt=\"\" class=\"wp-image-32\" srcset=\"https:\/\/blog.uclm.es\/universidaps\/wp-content\/uploads\/sites\/343\/2026\/03\/WhatsApp-Image-2026-01-19-at-11.51.49-scaled.jpeg 2560w, https:\/\/blog.uclm.es\/universidaps\/wp-content\/uploads\/sites\/343\/2026\/03\/WhatsApp-Image-2026-01-19-at-11.51.49-300x257.jpeg 300w, https:\/\/blog.uclm.es\/universidaps\/wp-content\/uploads\/sites\/343\/2026\/03\/WhatsApp-Image-2026-01-19-at-11.51.49-1024x878.jpeg 1024w, https:\/\/blog.uclm.es\/universidaps\/wp-content\/uploads\/sites\/343\/2026\/03\/WhatsApp-Image-2026-01-19-at-11.51.49-768x658.jpeg 768w, https:\/\/blog.uclm.es\/universidaps\/wp-content\/uploads\/sites\/343\/2026\/03\/WhatsApp-Image-2026-01-19-at-11.51.49-1536x1317.jpeg 1536w, https:\/\/blog.uclm.es\/universidaps\/wp-content\/uploads\/sites\/343\/2026\/03\/WhatsApp-Image-2026-01-19-at-11.51.49-2048x1756.jpeg 2048w\" sizes=\"auto, (max-width: 2560px) 100vw, 2560px\" \/><figcaption class=\"wp-element-caption\"><strong>Andrea de la Fuente Silva <\/strong>Departamento de Did\u00e1cticas Espec\u00edficas.&nbsp;\u00c1rea Did\u00e1ctica de la Matem\u00e1tica.&nbsp; Facultad de Formaci\u00f3n del Profesorado y Educaci\u00f3n Universidad Aut\u00f3noma de Madrid (UAM).<\/figcaption><\/figure>\n<\/div>\n\n\n\n<div class=\"wp-block-column is-layout-flow wp-block-column-is-layout-flow\">\n<figure class=\"wp-block-image size-large\"><img loading=\"lazy\" decoding=\"async\" width=\"225\" height=\"225\" src=\"https:\/\/blog.uclm.es\/universidaps\/wp-content\/uploads\/sites\/343\/2026\/03\/images.jpg\" alt=\"\" class=\"wp-image-56\" srcset=\"https:\/\/blog.uclm.es\/universidaps\/wp-content\/uploads\/sites\/343\/2026\/03\/images.jpg 225w, https:\/\/blog.uclm.es\/universidaps\/wp-content\/uploads\/sites\/343\/2026\/03\/images-150x150.jpg 150w\" sizes=\"auto, (max-width: 225px) 100vw, 225px\" \/><figcaption class=\"wp-element-caption\"><strong>Silvia Merino Fern\u00e1ndez<\/strong><br>Colaboradora<\/figcaption><\/figure>\n<\/div>\n\n\n\n<div class=\"wp-block-column is-layout-flow wp-block-column-is-layout-flow\">\n<figure class=\"wp-block-image size-large\"><img loading=\"lazy\" decoding=\"async\" width=\"225\" height=\"225\" src=\"https:\/\/blog.uclm.es\/universidaps\/wp-content\/uploads\/sites\/343\/2026\/03\/images.jpg\" alt=\"\" class=\"wp-image-56\" srcset=\"https:\/\/blog.uclm.es\/universidaps\/wp-content\/uploads\/sites\/343\/2026\/03\/images.jpg 225w, https:\/\/blog.uclm.es\/universidaps\/wp-content\/uploads\/sites\/343\/2026\/03\/images-150x150.jpg 150w\" sizes=\"auto, (max-width: 225px) 100vw, 225px\" \/><figcaption class=\"wp-element-caption\"><strong>\u00c1ngela Ruiz T\u00f3rtola<\/strong><br>(Colaboradora)<\/figcaption><\/figure>\n\n\n\n<div class=\"wp-block-columns is-layout-flex wp-container-core-columns-is-layout-28f84493 wp-block-columns-is-layout-flex\">\n<div class=\"wp-block-column is-layout-flow wp-block-column-is-layout-flow\"><\/div>\n\n\n\n<div class=\"wp-block-column is-layout-flow wp-block-column-is-layout-flow\"><\/div>\n\n\n\n<div class=\"wp-block-column is-layout-flow wp-block-column-is-layout-flow\"><\/div>\n<\/div>\n<\/div>\n<\/div>\n","protected":false},"excerpt":{"rendered":"<p>Nuestro Equipo El proyecto Universidad-ApS cuenta con un equipo multidisciplinar. Cada miembro aporta su experiencia y conocimiento desde diferentes \u00e1reas, trabajando de manera colaborativa para alcanzar los objetivos del proyecto.<\/p>\n","protected":false},"author":562,"featured_media":0,"parent":0,"menu_order":0,"comment_status":"closed","ping_status":"closed","template":"","meta":{"footnotes":""},"class_list":["post-16","page","type-page","status-publish","hentry"],"_links":{"self":[{"href":"https:\/\/blog.uclm.es\/universidaps\/wp-json\/wp\/v2\/pages\/16","targetHints":{"allow":["GET"]}}],"collection":[{"href":"https:\/\/blog.uclm.es\/universidaps\/wp-json\/wp\/v2\/pages"}],"about":[{"href":"https:\/\/blog.uclm.es\/universidaps\/wp-json\/wp\/v2\/types\/page"}],"author":[{"embeddable":true,"href":"https:\/\/blog.uclm.es\/universidaps\/wp-json\/wp\/v2\/users\/562"}],"replies":[{"embeddable":true,"href":"https:\/\/blog.uclm.es\/universidaps\/wp-json\/wp\/v2\/comments?post=16"}],"version-history":[{"count":12,"href":"https:\/\/blog.uclm.es\/universidaps\/wp-json\/wp\/v2\/pages\/16\/revisions"}],"predecessor-version":[{"id":146,"href":"https:\/\/blog.uclm.es\/universidaps\/wp-json\/wp\/v2\/pages\/16\/revisions\/146"}],"wp:attachment":[{"href":"https:\/\/blog.uclm.es\/universidaps\/wp-json\/wp\/v2\/media?parent=16"}],"curies":[{"name":"wp","href":"https:\/\/api.w.org\/{rel}","templated":true}]}}