{"id":563,"date":"2020-07-16T02:43:51","date_gmt":"2020-07-16T01:43:51","guid":{"rendered":"http:\/\/blog.uclm.es\/tp-meuesct\/?page_id=563"},"modified":"2020-07-16T02:43:51","modified_gmt":"2020-07-16T01:43:51","slug":"matriculacion","status":"publish","type":"page","link":"https:\/\/blog.uclm.es\/tp-meuesct\/matriculacion\/","title":{"rendered":"Matriculaci\u00f3n"},"content":{"rendered":"<h1>Matr\u00edcula<\/h1>\n<p style=\"justify\">Los <strong>alumnos admitidos deber\u00e1n formalizar su automatr\u00edcula<\/strong>.<br \/>\nPara ello deber\u00e1n <strong>acceder al siguiente <a href=\"https:\/\/automatricula.uxxi.uclm.es\/controlAcceso\/validarEntrada.do?ace=4\">enlace<\/a><\/strong> con su usuario y contrase\u00f1a (<a href=\"https:\/\/www.uclm.es\/es\/Perfiles\/Estudiante\/Secretaria-Virtual\/procedimientos-online\/Matricula\/automatriculaestudios\">m\u00e1s informaci\u00f3n sobre el proceso de automatr\u00edcula<\/a>)<\/p>\n<h1>Pago*<\/h1>\n<p>Para realizar el abono se podr\u00e1 utilizar <strong>una<\/strong> de las siguientes opciones:<\/p>\n<p align=\"justify\">&#8211; <strong>Pago por RECIBO BANCARIO<\/strong>. Deber\u00e1n imprimir la carta de pago y presentarla en una de las entidades bancarias colaboradoras, que aparecen en la propia carta de pago, y realizar el abono correspondiente (solo pagos realizados en Espa\u00f1a)<\/p>\n<p align=\"justify\">&#8211; <strong>Pago con TARJETA BANCARIA<\/strong><\/p>\n<p align=\"justify\">*En el caso de haber fraccionado el pago: para realizar el <strong>abono del segundo plazo de matr\u00edcula<\/strong> deber\u00e1 acceder, en los <a href=\"http:\/\/blog.uclm.es\/tp-meuesct\/fechas-importantes\/\">plazos establecidos<\/a>, al siguiente <a href=\"https:\/\/viapago.uxxi.uclm.es\/gestionRecibos\">enlace<\/a><\/p>\n<p align=\"justify\"><span style=\"background-color: #FFFF00\"><b>*AVISO: le recomendamos realizar el pago fraccionado, puesto que una vez formalizado el pago de la matr\u00edcula el importe no ser\u00e1 devuelto en ning\u00fan caso<\/b>.<\/span><\/p>\n<h1>Solicitud de facturas<\/h1>\n<p align=\"justify\">Todos los alumnos interesados en recibir factura acreditativa del pago de la matr\u00edcula deber\u00e1n solicitarlo al Administrador\/a del centro en el mismo momento de la matriculaci\u00f3n, adjuntando la <strong>documentaci\u00f3n actualizada del IAE del alumno o de la empresa que abona el pago<\/strong><\/p>\n<p align=\"justify\">Este derecho <strong>expirar\u00e1 el d\u00eda 16 del mes siguiente<\/strong> a la fecha del abono correspondiente<\/p>\n","protected":false},"excerpt":{"rendered":"<p>Matr\u00edcula Los alumnos admitidos deber\u00e1n formalizar su automatr\u00edcula. Para ello deber\u00e1n acceder al siguiente enlace con su usuario y contrase\u00f1a (m\u00e1s informaci\u00f3n sobre el proceso de automatr\u00edcula) Pago* Para realizar el abono se podr\u00e1 utilizar una de las siguientes opciones: &#8211; Pago por RECIBO BANCARIO. Deber\u00e1n imprimir la carta de pago y presentarla en una &hellip; <\/p>\n<p class=\"link-more\"><a href=\"https:\/\/blog.uclm.es\/tp-meuesct\/matriculacion\/\" class=\"more-link\">Continuar leyendo<span class=\"screen-reader-text\"> \u00abMatriculaci\u00f3n\u00bb<\/span><\/a><\/p>\n","protected":false},"author":363,"featured_media":0,"parent":0,"menu_order":0,"comment_status":"closed","ping_status":"closed","template":"","meta":{"footnotes":""},"class_list":["post-563","page","type-page","status-publish","hentry"],"_links":{"self":[{"href":"https:\/\/blog.uclm.es\/tp-meuesct\/wp-json\/wp\/v2\/pages\/563","targetHints":{"allow":["GET"]}}],"collection":[{"href":"https:\/\/blog.uclm.es\/tp-meuesct\/wp-json\/wp\/v2\/pages"}],"about":[{"href":"https:\/\/blog.uclm.es\/tp-meuesct\/wp-json\/wp\/v2\/types\/page"}],"author":[{"embeddable":true,"href":"https:\/\/blog.uclm.es\/tp-meuesct\/wp-json\/wp\/v2\/users\/363"}],"replies":[{"embeddable":true,"href":"https:\/\/blog.uclm.es\/tp-meuesct\/wp-json\/wp\/v2\/comments?post=563"}],"version-history":[{"count":0,"href":"https:\/\/blog.uclm.es\/tp-meuesct\/wp-json\/wp\/v2\/pages\/563\/revisions"}],"wp:attachment":[{"href":"https:\/\/blog.uclm.es\/tp-meuesct\/wp-json\/wp\/v2\/media?parent=563"}],"curies":[{"name":"wp","href":"https:\/\/api.w.org\/{rel}","templated":true}]}}