{"id":52,"date":"2014-07-04T15:07:59","date_gmt":"2014-07-04T15:07:59","guid":{"rendered":"http:\/\/masteremergenciasuclmtoledo.wordpress.com\/?page_id=52"},"modified":"2014-07-04T15:07:59","modified_gmt":"2014-07-04T15:07:59","slug":"objetivos","status":"publish","type":"page","link":"https:\/\/blog.uclm.es\/tp-meuesct\/objetivos\/","title":{"rendered":"Objetivos"},"content":{"rendered":"<h1>Objetivo general<\/h1>\n<p align=\"justify\">Actualizar conocimientos en la atenci\u00f3n integral al\/los paciente\/s en situaci\u00f3n de riesgo vital, con el fin de prestar una asistencia r\u00e1pida, segura y de calidad<\/p>\n<h1>Objetivos espec\u00edficos<\/h1>\n<p align=\"justify\"> 1. Conocer la estructura y el funcionamiento del Sistema de Urgencias, Emergencias y Transporte Sanitario<\/p>\n<p align=\"justify\"> 2. Utilizar los conceptos te\u00f3ricos y el conocimiento cient\u00edfico de los cuidados de enfermer\u00eda, como base para la toma de decisiones en intervenciones en urgencias y emergencias<\/p>\n<p align=\"justify\"> 3. Actualizar los procedimientos de actuaci\u00f3n inmediata en diferentes situaciones de urgencias y emergencias<\/p>\n<p align=\"justify\"> 4. Utilizar con destreza y seguridad los medios diagn\u00f3sticos y terap\u00e9uticos complejos<\/p>\n<p align=\"justify\"> 5. Desarrollar habilidades de comunicaci\u00f3n con v\u00edctimas y familiares en situaciones de urgencias y emergencias<\/p>\n<p align=\"justify\"> 6. Participar activamente con el equipo multidisciplinar, en situaciones individuales y de m\u00faltiples v\u00edctimas, aportando el punto de vista experto en el \u00e1rea que le concierne<\/p>\n<p align=\"justify\"> 7. Aplicar t\u00e9cnicas de trabajo en equipo, motivaci\u00f3n, liderazgo y manejo de la situaci\u00f3n compleja<\/p>\n<p align=\"justify\"> 8. Priorizar, organizar y gestionar los recursos asistenciales siguiendo criterios de calidad y eficiencia<\/p>\n<p align=\"justify\"> 9. Comprender los aspectos psicol\u00f3gicos, legales y \u00e9ticos m\u00e1s relevantes en la asistencia sanitaria en urgencias y emergencias<\/p>\n","protected":false},"excerpt":{"rendered":"<p>Objetivo general Actualizar conocimientos en la atenci\u00f3n integral al\/los paciente\/s en situaci\u00f3n de riesgo vital, con el fin de prestar una asistencia r\u00e1pida, segura y de calidad Objetivos espec\u00edficos 1. Conocer la estructura y el funcionamiento del Sistema de Urgencias, Emergencias y Transporte Sanitario 2. Utilizar los conceptos te\u00f3ricos y el conocimiento cient\u00edfico de los &hellip; <\/p>\n<p class=\"link-more\"><a href=\"https:\/\/blog.uclm.es\/tp-meuesct\/objetivos\/\" class=\"more-link\">Continuar leyendo<span class=\"screen-reader-text\"> \u00abObjetivos\u00bb<\/span><\/a><\/p>\n","protected":false},"author":363,"featured_media":0,"parent":0,"menu_order":1,"comment_status":"closed","ping_status":"open","template":"","meta":{"footnotes":""},"class_list":["post-52","page","type-page","status-publish","hentry"],"_links":{"self":[{"href":"https:\/\/blog.uclm.es\/tp-meuesct\/wp-json\/wp\/v2\/pages\/52","targetHints":{"allow":["GET"]}}],"collection":[{"href":"https:\/\/blog.uclm.es\/tp-meuesct\/wp-json\/wp\/v2\/pages"}],"about":[{"href":"https:\/\/blog.uclm.es\/tp-meuesct\/wp-json\/wp\/v2\/types\/page"}],"author":[{"embeddable":true,"href":"https:\/\/blog.uclm.es\/tp-meuesct\/wp-json\/wp\/v2\/users\/363"}],"replies":[{"embeddable":true,"href":"https:\/\/blog.uclm.es\/tp-meuesct\/wp-json\/wp\/v2\/comments?post=52"}],"version-history":[{"count":0,"href":"https:\/\/blog.uclm.es\/tp-meuesct\/wp-json\/wp\/v2\/pages\/52\/revisions"}],"wp:attachment":[{"href":"https:\/\/blog.uclm.es\/tp-meuesct\/wp-json\/wp\/v2\/media?parent=52"}],"curies":[{"name":"wp","href":"https:\/\/api.w.org\/{rel}","templated":true}]}}