{"id":257,"date":"2020-07-13T23:51:57","date_gmt":"2020-07-13T22:51:57","guid":{"rendered":"http:\/\/blog.uclm.es\/tp-meuesct\/?page_id=257"},"modified":"2025-08-23T22:40:07","modified_gmt":"2025-08-23T22:40:07","slug":"contacto","status":"publish","type":"page","link":"https:\/\/blog.uclm.es\/tp-meuesct\/contacto\/","title":{"rendered":"Responsables y Contacto"},"content":{"rendered":"\n<p>Direcci\u00f3n del M\u00e1ster de Formaci\u00f3n Permanente<\/p>\n\n\n\n<figure class=\"wp-block-table is-style-stripes\"><table class=\"has-fixed-layout\"><tbody><tr><td><strong>Noelia M. Mart\u00edn Espinosa<\/strong> (Directora)<\/td><\/tr><tr><td><strong>Rosa M. P\u00edriz Campos<\/strong> (Secretaria)<\/td><\/tr><tr><td><strong>Ana I. Cobo Cuenca<\/strong> (Coordinadora General)<\/td><\/tr><tr><td><strong>Andr\u00e9s Redondo T\u00e9bar<\/strong> (Coordinador Tecnolog\u00edas de la Informaci\u00f3n y la Comunicaci\u00f3n)<\/td><\/tr><\/tbody><\/table><\/figure>\n\n\n\n<h1 class=\"wp-block-heading\">Contacto<\/h1>\n\n\n\n<p class=\"has-text-color\" style=\"color:#0754e3\"><strong><em><a href=\"mailto:master.meuesc.to@uclm.es\">master.meuesc.to@uclm.es<\/a><\/em><\/strong><\/p>\n\n\n\n<p><\/p>\n","protected":false},"excerpt":{"rendered":"<p>Direcci\u00f3n del M\u00e1ster de Formaci\u00f3n Permanente Noelia M. Mart\u00edn Espinosa (Directora) Rosa M. P\u00edriz Campos (Secretaria) Ana I. Cobo Cuenca (Coordinadora General) Andr\u00e9s Redondo T\u00e9bar (Coordinador Tecnolog\u00edas de la Informaci\u00f3n y la Comunicaci\u00f3n) Contacto master.meuesc.to@uclm.es<\/p>\n","protected":false},"author":363,"featured_media":0,"parent":0,"menu_order":0,"comment_status":"closed","ping_status":"closed","template":"","meta":{"footnotes":""},"class_list":["post-257","page","type-page","status-publish","hentry"],"_links":{"self":[{"href":"https:\/\/blog.uclm.es\/tp-meuesct\/wp-json\/wp\/v2\/pages\/257","targetHints":{"allow":["GET"]}}],"collection":[{"href":"https:\/\/blog.uclm.es\/tp-meuesct\/wp-json\/wp\/v2\/pages"}],"about":[{"href":"https:\/\/blog.uclm.es\/tp-meuesct\/wp-json\/wp\/v2\/types\/page"}],"author":[{"embeddable":true,"href":"https:\/\/blog.uclm.es\/tp-meuesct\/wp-json\/wp\/v2\/users\/363"}],"replies":[{"embeddable":true,"href":"https:\/\/blog.uclm.es\/tp-meuesct\/wp-json\/wp\/v2\/comments?post=257"}],"version-history":[{"count":9,"href":"https:\/\/blog.uclm.es\/tp-meuesct\/wp-json\/wp\/v2\/pages\/257\/revisions"}],"predecessor-version":[{"id":1374,"href":"https:\/\/blog.uclm.es\/tp-meuesct\/wp-json\/wp\/v2\/pages\/257\/revisions\/1374"}],"wp:attachment":[{"href":"https:\/\/blog.uclm.es\/tp-meuesct\/wp-json\/wp\/v2\/media?parent=257"}],"curies":[{"name":"wp","href":"https:\/\/api.w.org\/{rel}","templated":true}]}}