{"id":250,"date":"2020-07-13T23:51:57","date_gmt":"2020-07-13T22:51:57","guid":{"rendered":"http:\/\/blog.uclm.es\/tp-meuesct\/?page_id=250"},"modified":"2024-09-25T12:11:26","modified_gmt":"2024-09-25T12:11:26","slug":"calendario-y-horarios","status":"publish","type":"page","link":"https:\/\/blog.uclm.es\/tp-meuesct\/calendario-y-horarios\/","title":{"rendered":"Calendario y horarios"},"content":{"rendered":"<h1><a href=\"https:\/\/www.uclm.es\/toledo\/fafeto\/facultad\/calendario\">Calendario oficial<\/a><\/h1>\n<h1>Horarios<\/h1>\n<p align=\"justify\">Las sesiones te\u00f3rico-pr\u00e1cticas presenciales* se imparten de 16:00 a 20:30 horas en semanas alternas, mientras que las pr\u00e1cticas se marcan por el estudiante seg\u00fan disponibilidad<\/p>\n<p align=\"justify\">NOTA: En el caso de producirse alg\u00fan contratiempo, por el cual se tengan que realizar modificaciones en la planificaci\u00f3n inicial, se avisar\u00e1 a los estudiantes con suficiente antelaci\u00f3n<\/p>\n","protected":false},"excerpt":{"rendered":"<p>Calendario oficial Horarios Las sesiones te\u00f3rico-pr\u00e1cticas presenciales* se imparten de 16:00 a 20:30 horas en semanas alternas, mientras que las pr\u00e1cticas se marcan por el estudiante seg\u00fan disponibilidad NOTA: En el caso de producirse alg\u00fan contratiempo, por el cual se tengan que realizar modificaciones en la planificaci\u00f3n inicial, se avisar\u00e1 a los estudiantes con suficiente &hellip; <\/p>\n<p class=\"link-more\"><a href=\"https:\/\/blog.uclm.es\/tp-meuesct\/calendario-y-horarios\/\" class=\"more-link\">Continuar leyendo<span class=\"screen-reader-text\"> \u00abCalendario y horarios\u00bb<\/span><\/a><\/p>\n","protected":false},"author":363,"featured_media":0,"parent":0,"menu_order":0,"comment_status":"closed","ping_status":"closed","template":"","meta":{"footnotes":""},"class_list":["post-250","page","type-page","status-publish","hentry"],"_links":{"self":[{"href":"https:\/\/blog.uclm.es\/tp-meuesct\/wp-json\/wp\/v2\/pages\/250","targetHints":{"allow":["GET"]}}],"collection":[{"href":"https:\/\/blog.uclm.es\/tp-meuesct\/wp-json\/wp\/v2\/pages"}],"about":[{"href":"https:\/\/blog.uclm.es\/tp-meuesct\/wp-json\/wp\/v2\/types\/page"}],"author":[{"embeddable":true,"href":"https:\/\/blog.uclm.es\/tp-meuesct\/wp-json\/wp\/v2\/users\/363"}],"replies":[{"embeddable":true,"href":"https:\/\/blog.uclm.es\/tp-meuesct\/wp-json\/wp\/v2\/comments?post=250"}],"version-history":[{"count":4,"href":"https:\/\/blog.uclm.es\/tp-meuesct\/wp-json\/wp\/v2\/pages\/250\/revisions"}],"predecessor-version":[{"id":1267,"href":"https:\/\/blog.uclm.es\/tp-meuesct\/wp-json\/wp\/v2\/pages\/250\/revisions\/1267"}],"wp:attachment":[{"href":"https:\/\/blog.uclm.es\/tp-meuesct\/wp-json\/wp\/v2\/media?parent=250"}],"curies":[{"name":"wp","href":"https:\/\/api.w.org\/{rel}","templated":true}]}}