{"id":1664,"date":"2025-11-28T09:22:07","date_gmt":"2025-11-28T09:22:07","guid":{"rendered":"https:\/\/blog.uclm.es\/tp-mbsba\/?page_id=1664"},"modified":"2026-03-05T08:45:12","modified_gmt":"2026-03-05T08:45:12","slug":"formacion-fundae","status":"publish","type":"page","link":"https:\/\/blog.uclm.es\/tp-mbsba\/formacion-fundae\/","title":{"rendered":"Formaci\u00f3n FUNDAE"},"content":{"rendered":"\n<figure class=\"wp-block-image size-large\"><img loading=\"lazy\" decoding=\"async\" width=\"1024\" height=\"377\" src=\"https:\/\/blog.uclm.es\/tp-mbsba\/wp-content\/uploads\/sites\/176\/2026\/03\/cabecerafundae-1024x377.jpg\" alt=\"\" class=\"wp-image-2469\" srcset=\"https:\/\/blog.uclm.es\/tp-mbsba\/wp-content\/uploads\/sites\/176\/2026\/03\/cabecerafundae-1024x377.jpg 1024w, https:\/\/blog.uclm.es\/tp-mbsba\/wp-content\/uploads\/sites\/176\/2026\/03\/cabecerafundae-300x111.jpg 300w, https:\/\/blog.uclm.es\/tp-mbsba\/wp-content\/uploads\/sites\/176\/2026\/03\/cabecerafundae-768x283.jpg 768w, https:\/\/blog.uclm.es\/tp-mbsba\/wp-content\/uploads\/sites\/176\/2026\/03\/cabecerafundae.jpg 1110w\" sizes=\"auto, (max-width: 1024px) 100vw, 1024px\" \/><\/figure>\n\n\n\n<p><\/p>\n\n\n\n<p style=\"font-size:15px\"><strong>La UCLM, es Entidad acreditada para la FORMACI\u00d3N BONIFICADA, ya se pueden ofertar T\u00edtulos Propios Bonificados.<\/strong><\/p>\n\n\n\n<p style=\"font-size:15px\"><strong>\u00bfQu\u00e9 es la formaci\u00f3n bonificada?<\/strong><\/p>\n\n\n\n<p style=\"font-size:15px\">Es la formaci\u00f3n que recibe un trabajador financiada con una ayuda econ\u00f3mica que se hace efectiva mediante bonificaciones en las cotizaciones a la Seguridad Social.<\/p>\n\n\n\n<p style=\"font-size:15px\">Este tipo de bonificaci\u00f3n est\u00e1 sirviendo en muchos casos para que trabajadores con necesidades concretas de formaci\u00f3n se matriculen en cursos incluidos en el cat\u00e1logo de T\u00edtulos propios de la UCLM; aunque las gestiones deben hacerse a iniciativa de los trabajadores o desde la propia empresa y gestionarse con la&nbsp;<strong><a href=\"https:\/\/www.fundae.es\/\" target=\"_blank\" rel=\"noreferrer noopener\">FUNDAE.<\/a><\/strong><\/p>\n\n\n\n<p style=\"font-size:15px\">Entrando en los&nbsp;<strong>requisitos de las acciones formativas\/cursos<\/strong>, se\u00f1alar que son&nbsp;<strong>bonificables<\/strong>&nbsp;cualquier acci\u00f3n formativa que guarde relaci\u00f3n con la actividad desarrollada por la empresa y est\u00e9 dirigida a la adquisici\u00f3n y mejora de las competencias y cualificaciones profesionales de los trabajadores, y cumpla con los requisitos de duraci\u00f3n y l\u00edmites de participantes establecidos en la normativa.<\/p>\n\n\n\n<p style=\"font-size:15px\">Por tanto, puede impartirse formaci\u00f3n de&nbsp;<strong>cualquier materia<\/strong>, siempre que guarde relaci\u00f3n con la actividad desarrollada por la empresa. Sensu contrario, actividades como jornadas, seminarios, ferias, congresos, etc., no se consideran acciones formativas de acuerdo con la normativa que regula el sistema de bonificaciones.<\/p>\n\n\n\n<p style=\"font-size:15px\">La&nbsp;<strong>duraci\u00f3n m\u00ednima<\/strong>&nbsp;de los cursos no podr\u00e1 ser inferior a dos horas lectivas.&nbsp;No existe l\u00edmite m\u00e1ximo, aunque su duraci\u00f3n deber\u00e1 ser adecuada al contenido y objetivos de la acci\u00f3n formativa.<\/p>\n\n\n\n<div class=\"wp-block-columns is-layout-flex wp-container-core-columns-is-layout-9d6595d7 wp-block-columns-is-layout-flex\">\n<div class=\"wp-block-column is-layout-flow wp-block-column-is-layout-flow\">\n<figure class=\"wp-block-image size-full\"><a href=\"https:\/\/www.fundae.es\/empresas\/home\/como-bonificarte\/documentacion\" target=\"_blank\" rel=\" noreferrer noopener\"><img loading=\"lazy\" decoding=\"async\" width=\"256\" height=\"201\" src=\"https:\/\/blog.uclm.es\/tp-mbsba\/wp-content\/uploads\/sites\/176\/2026\/03\/Captura-de-pantalla-2026-03-04-a-las-8.27.28.png\" alt=\"\" class=\"wp-image-2461\" \/><\/a><\/figure>\n<\/div>\n\n\n\n<div class=\"wp-block-column is-layout-flow wp-block-column-is-layout-flow\">\n<figure class=\"wp-block-image size-full\"><a href=\"https:\/\/www.fundae.es\/empresas\/home\/como-bonificarte\/normativa\" target=\"_blank\" rel=\" noreferrer noopener\"><img loading=\"lazy\" decoding=\"async\" width=\"250\" height=\"195\" src=\"https:\/\/blog.uclm.es\/tp-mbsba\/wp-content\/uploads\/sites\/176\/2026\/03\/Captura-de-pantalla-2026-03-04-a-las-8.27.40.png\" alt=\"\" class=\"wp-image-2462\" \/><\/a><\/figure>\n<\/div>\n\n\n\n<div class=\"wp-block-column is-layout-flow wp-block-column-is-layout-flow\">\n<figure class=\"wp-block-image size-full\"><a href=\"https:\/\/www.uclm.es\/-\/media\/Files\/A01-Asistencia-Direccion\/A01-Vicerrectorado-Postgrado\/FAQS-FORMACION-BONIFICADA.ashx\" target=\"_blank\" rel=\" noreferrer noopener\"><img loading=\"lazy\" decoding=\"async\" width=\"253\" height=\"193\" src=\"https:\/\/blog.uclm.es\/tp-mbsba\/wp-content\/uploads\/sites\/176\/2026\/03\/Captura-de-pantalla-2026-03-04-a-las-8.27.49.png\" alt=\"\" class=\"wp-image-2463\" \/><\/a><\/figure>\n<\/div>\n<\/div>\n\n\n\n<hr class=\"wp-block-separator has-alpha-channel-opacity is-style-wide\" \/>\n\n\n \n","protected":false},"excerpt":{"rendered":"<p>La UCLM, es Entidad acreditada para la FORMACI\u00d3N BONIFICADA, ya se pueden ofertar T\u00edtulos Propios Bonificados. \u00bfQu\u00e9 es la formaci\u00f3n bonificada? Es la formaci\u00f3n que recibe un trabajador financiada con una ayuda econ\u00f3mica que se hace efectiva mediante bonificaciones en las cotizaciones a la Seguridad Social. Este tipo de bonificaci\u00f3n est\u00e1 sirviendo en muchos casos &hellip; <a href=\"https:\/\/blog.uclm.es\/tp-mbsba\/formacion-fundae\/\" class=\"more-link\">Sigue leyendo <span class=\"screen-reader-text\">Formaci\u00f3n FUNDAE<\/span><\/a><\/p>\n","protected":false},"author":37,"featured_media":0,"parent":0,"menu_order":0,"comment_status":"closed","ping_status":"closed","template":"","meta":{"footnotes":""},"class_list":["post-1664","page","type-page","status-publish","hentry"],"_links":{"self":[{"href":"https:\/\/blog.uclm.es\/tp-mbsba\/wp-json\/wp\/v2\/pages\/1664","targetHints":{"allow":["GET"]}}],"collection":[{"href":"https:\/\/blog.uclm.es\/tp-mbsba\/wp-json\/wp\/v2\/pages"}],"about":[{"href":"https:\/\/blog.uclm.es\/tp-mbsba\/wp-json\/wp\/v2\/types\/page"}],"author":[{"embeddable":true,"href":"https:\/\/blog.uclm.es\/tp-mbsba\/wp-json\/wp\/v2\/users\/37"}],"replies":[{"embeddable":true,"href":"https:\/\/blog.uclm.es\/tp-mbsba\/wp-json\/wp\/v2\/comments?post=1664"}],"version-history":[{"count":28,"href":"https:\/\/blog.uclm.es\/tp-mbsba\/wp-json\/wp\/v2\/pages\/1664\/revisions"}],"predecessor-version":[{"id":2566,"href":"https:\/\/blog.uclm.es\/tp-mbsba\/wp-json\/wp\/v2\/pages\/1664\/revisions\/2566"}],"wp:attachment":[{"href":"https:\/\/blog.uclm.es\/tp-mbsba\/wp-json\/wp\/v2\/media?parent=1664"}],"curies":[{"name":"wp","href":"https:\/\/api.w.org\/{rel}","templated":true}]}}