{"id":1385,"date":"2025-11-13T13:40:33","date_gmt":"2025-11-13T13:40:33","guid":{"rendered":"https:\/\/blog.uclm.es\/tp-mbsba\/?page_id=1385"},"modified":"2026-04-14T13:57:23","modified_gmt":"2026-04-14T13:57:23","slug":"club-alumni-del-master-de-formacion-permanente-en-data-science-business-analytics-con-r-software","status":"publish","type":"page","link":"https:\/\/blog.uclm.es\/tp-mbsba\/club-alumni-del-master-de-formacion-permanente-en-data-science-business-analytics-con-r-software\/","title":{"rendered":"Club ALUMNI del M\u00e1ster de Formaci\u00f3n Permanente en Data Science &amp; Business Analytics (con R software)"},"content":{"rendered":"\n<p class=\"has-text-align-center\"><em><em>You\u2019ll never walk alone<\/em><\/em><\/p>\n\n\n<div class=\"wp-block-image\">\n<figure class=\"aligncenter size-full is-resized\"><img loading=\"lazy\" decoding=\"async\" width=\"323\" height=\"329\" src=\"https:\/\/blog.uclm.es\/tp-mbsba\/wp-content\/uploads\/sites\/176\/2025\/11\/logo_alumni.png\" alt=\"\" class=\"wp-image-1406\" style=\"width:281px;height:auto\" srcset=\"https:\/\/blog.uclm.es\/tp-mbsba\/wp-content\/uploads\/sites\/176\/2025\/11\/logo_alumni.png 323w, https:\/\/blog.uclm.es\/tp-mbsba\/wp-content\/uploads\/sites\/176\/2025\/11\/logo_alumni-295x300.png 295w\" sizes=\"auto, (max-width: 323px) 100vw, 323px\" \/><\/figure>\n<\/div>\n\n\n<p class=\"has-text-align-center\"><em>Porque eres parte de esta historia, porque tu energ\u00eda, tu pasi\u00f3n y tu historia sigue con nosotros, y porque el v\u00ednculo que nos une trasciende en el tiempo\u2026<\/em><\/p>\n\n\n\n<p class=\"has-text-align-center\"><a href=\"https:\/\/forms.gle\/jicpJmi8RtVNbW2EA\">Formulario<\/a><br><strong><em>\u00a1S\u00famate al Club ALUMNI-MDSR!<\/em><\/strong><br><\/p>\n\n\n\n<p>\u00bfQuieres razones? Entre otras:<\/p>\n\n\n\n<p><strong>1. Potenciar\u00e1 tu red profesional (networking real, no te\u00f3rico)<\/strong><\/p>\n\n\n\n<ul class=\"wp-block-list\">\n<li>Formar parte del Club Alumni te conecta con profesionales de alto nivel que comparten tu misma formaci\u00f3n y valores.<\/li>\n\n\n\n<li>Es una red de contactos viva, con la que puedes colaborar, recomendarte o incluso abrir oportunidades laborales.<\/li>\n\n\n\n<li>Muchos proyectos, contrataciones y startups nacen de contactos entre Alumni.<\/li>\n<\/ul>\n\n\n\n<p><strong>&nbsp;2. Te permitir\u00e1 un acceso preferente a formaci\u00f3n continua<\/strong><\/p>\n\n\n\n<ul class=\"wp-block-list\">\n<li>Los Alumni tendr\u00e1n acceso gratuito o con importantes descuentos a cursos de actualizaci\u00f3n, masterclasses o workshops.<\/li>\n\n\n\n<li>Aprendes de expertos y exalumnos que ya est\u00e1n marcando tendencia, lo cual te permitir\u00e1 mantenerte al d\u00eda en tu sector.<\/li>\n<\/ul>\n\n\n\n<p><strong>3. Te dar\u00e1 visibilidad y prestigio<\/strong><\/p>\n\n\n\n<ul class=\"wp-block-list\">\n<li>Pertenecer al Club Alumni a\u00f1ade valor a tu marca personal: demuestra que sigues vinculado a una instituci\u00f3n<em>de&nbsp;<\/em>prestigio.<\/li>\n\n\n\n<li>Puedes mostrarlo en tu perfil de LinkedIn, y te diferencia en procesos de selecci\u00f3n o ante clientes.<\/li>\n\n\n\n<li><em>Los reclutadores valoran los perfiles activos dentro de redes profesionales s\u00f3lidas.<\/em><\/li>\n<\/ul>\n\n\n\n<p>&nbsp;<strong>4. Te sentir\u00e1s parte de una comunidad&nbsp;<\/strong><\/p>\n\n\n\n<ul class=\"wp-block-list\">\n<li>El club Alumni no es solo una red profesional: es una comunidad con historia compartida.<\/li>\n\n\n\n<li>Volver a conectar con tus compa\u00f1eros y profesores te da identidad y orgullo de pertenencia.<\/li>\n\n\n\n<li>Es un espacio donde se celebran los logros de todos, y donde cada uno puede inspirar al resto<em>.<\/em><\/li>\n<\/ul>\n\n\n\n<p><strong>&nbsp;5. Tendr\u00e1s acceso a oportunidades exclusivas<\/strong><\/p>\n\n\n\n<ul class=\"wp-block-list\">\n<li>Recibir\u00e1s ofertas de empleo y mentoring que solo se publican internamente.<\/li>\n\n\n\n<li>Te invitaremos a congresos, conferencias, seminarios y workshops que ampl\u00eden tus conocimientos y networking.<\/li>\n<\/ul>\n\n\n\n<p><strong>&nbsp;6. Formar\u00e1s parte de un entramado de inspiraci\u00f3n y aprendizaje entre iguales<\/strong><\/p>\n\n\n\n<ul class=\"wp-block-list\">\n<li>Conocer a exalumnos que han emprendido, innovado o alcanzado puestos clave te inspira y te orienta.<\/li>\n\n\n\n<li>Puedes encontrar mentores o serlo t\u00fa mismo para nuevos estudiantes.<\/li>\n\n\n\n<li>El intercambio de experiencias reales es un aprendizaje pr\u00e1ctico y humano que ning\u00fan aula ofrece.<\/li>\n<\/ul>\n\n\n\n<p><strong>7. Ser\u00e1 una manera de devolver valor y dejar huella<\/strong><\/p>\n\n\n\n<ul class=\"wp-block-list\">\n<li>Ser parte del Club Alumni te permite contribuir a la comunidad: dando charlas, ayudando a nuevos estudiantes, o participando en proyectos.<\/li>\n\n\n\n<li>Refuerzas tu sentido de prop\u00f3sito y liderazgo.<\/li>\n\n\n\n<li>Es una forma elegante de mantener viva tu conexi\u00f3n con el m\u00e1ster que te ayud\u00f3 a crecer.<\/li>\n<\/ul>\n\n\n\n<p><strong>8. A tu inteligencia personal le sumar\u00e1s la inteligencia colectiva<\/strong><\/p>\n\n\n\n<ul class=\"wp-block-list\">\n<li>El Club Alumni es una fuente de conocimiento compartido: ideas, experiencias, contactos, tendencias.<\/li>\n\n\n\n<li>Te permite formar parte de una red donde se generan sinergias y colaboraciones de alto impacto.<\/li>\n\n\n\n<li>Es una \u201cred de cerebros\u201d donde cada miembro aporta y aprende.<\/li>\n<\/ul>\n\n\n\n<p><strong>&nbsp;9. Te ayudar\u00e1 en tu evoluci\u00f3n y crecimiento personal<\/strong><\/p>\n\n\n\n<ul class=\"wp-block-list\">\n<li>Te rodeas de personas que siguen aprendiendo, evolucionando y avanzando hacia nuevos retos.<\/li>\n\n\n\n<li>Es una manera de no desconectarte del aprendizaje continuo ni del entorno acad\u00e9mico.<\/li>\n\n\n\n<li>Mantienes vivo el esp\u00edritu de curiosidad y mejora que te llev\u00f3 a hacer el m\u00e1ster.<\/li>\n<\/ul>\n\n\n\n<p><strong>10. Y\u2026 porque el m\u00e1ster termina, pero la amistad, la curiosidad y las ganas de trabajar juntos y ser cada vez m\u00e1s NO.<\/strong><\/p>\n\n\n\n<ul class=\"wp-block-list\">\n<li>La experiencia del m\u00e1ster no acaba con el diploma: contin\u00faa en el Club Alumni.<\/li>\n\n\n\n<li>Es tu forma de seguir escribiendo a una historia compartida, de celebrar logros y abrir nuevos cap\u00edtulos juntos.<\/li>\n<\/ul>\n\n\n\n<p><em>Y\u2026 sobre todo, sobre todo\u2026 porque eres parte de este proyecto y porque tu energ\u00eda, tu pasi\u00f3n y tu historia sigue con nosotros.<\/em><\/p>\n\n\n\n<p class=\"has-text-align-center\"><a href=\"https:\/\/forms.gle\/jicpJmi8RtVNbW2EA\">Formulario<\/a><br><strong><em>\u00a1Date de alta en el Club ALUMNI-MDSR!<\/em><\/strong><br><\/p>\n\n\n\n<p><\/p>\n\n\n\n<p><\/p>\n","protected":false},"excerpt":{"rendered":"<p>You\u2019ll never walk alone Porque eres parte de esta historia, porque tu energ\u00eda, tu pasi\u00f3n y tu historia sigue con nosotros, y porque el v\u00ednculo que nos une trasciende en el tiempo\u2026 Formulario\u00a1S\u00famate al Club ALUMNI-MDSR! \u00bfQuieres razones? Entre otras: 1. Potenciar\u00e1 tu red profesional (networking real, no te\u00f3rico) &nbsp;2. Te permitir\u00e1 un acceso preferente &hellip; <a href=\"https:\/\/blog.uclm.es\/tp-mbsba\/club-alumni-del-master-de-formacion-permanente-en-data-science-business-analytics-con-r-software\/\" class=\"more-link\">Sigue leyendo <span class=\"screen-reader-text\">Club ALUMNI del M\u00e1ster de Formaci\u00f3n Permanente en Data Science &amp; Business Analytics (con R software)<\/span><\/a><\/p>\n","protected":false},"author":37,"featured_media":0,"parent":0,"menu_order":0,"comment_status":"closed","ping_status":"closed","template":"","meta":{"footnotes":""},"class_list":["post-1385","page","type-page","status-publish","hentry"],"_links":{"self":[{"href":"https:\/\/blog.uclm.es\/tp-mbsba\/wp-json\/wp\/v2\/pages\/1385","targetHints":{"allow":["GET"]}}],"collection":[{"href":"https:\/\/blog.uclm.es\/tp-mbsba\/wp-json\/wp\/v2\/pages"}],"about":[{"href":"https:\/\/blog.uclm.es\/tp-mbsba\/wp-json\/wp\/v2\/types\/page"}],"author":[{"embeddable":true,"href":"https:\/\/blog.uclm.es\/tp-mbsba\/wp-json\/wp\/v2\/users\/37"}],"replies":[{"embeddable":true,"href":"https:\/\/blog.uclm.es\/tp-mbsba\/wp-json\/wp\/v2\/comments?post=1385"}],"version-history":[{"count":9,"href":"https:\/\/blog.uclm.es\/tp-mbsba\/wp-json\/wp\/v2\/pages\/1385\/revisions"}],"predecessor-version":[{"id":2717,"href":"https:\/\/blog.uclm.es\/tp-mbsba\/wp-json\/wp\/v2\/pages\/1385\/revisions\/2717"}],"wp:attachment":[{"href":"https:\/\/blog.uclm.es\/tp-mbsba\/wp-json\/wp\/v2\/media?parent=1385"}],"curies":[{"name":"wp","href":"https:\/\/api.w.org\/{rel}","templated":true}]}}