{"id":1360,"date":"2025-11-11T09:04:36","date_gmt":"2025-11-11T09:04:36","guid":{"rendered":"https:\/\/blog.uclm.es\/tp-mbsba\/?page_id=1360"},"modified":"2025-11-11T09:17:33","modified_gmt":"2025-11-11T09:17:33","slug":"master-en-data-science-business-analytics-con-r-software","status":"publish","type":"page","link":"https:\/\/blog.uclm.es\/tp-mbsba\/master-en-data-science-business-analytics-con-r-software\/","title":{"rendered":"Master en Data Science &amp; Business Analytics (con R software)"},"content":{"rendered":"\n<div class=\"wp-block-columns is-layout-flex wp-container-core-columns-is-layout-9d6595d7 wp-block-columns-is-layout-flex\">\n<div class=\"wp-block-column is-layout-flow wp-block-column-is-layout-flow\" style=\"flex-basis:25%\">\n<p>Dec 16, 2022<\/p>\n<\/div>\n\n\n\n<div class=\"wp-block-column is-layout-flow wp-block-column-is-layout-flow\" style=\"flex-basis:50%\">\n<p><a href=\"https:\/\/masterdsba.github.io\/posts\/graduacion\/\" target=\"_blank\" rel=\"noreferrer noopener\"><strong>Graduaci\u00f3n Primera Promoci\u00f3n Master en Data Science &amp; Business Analytics.<\/strong><\/a><\/p>\n\n\n\n<p><a href=\"https:\/\/masterdsba.github.io\/posts\/graduacion\/\">El pasado 16 de Diciembre a las 17:30 tuvo lugar la Ceremonia de Graduaci\u00f3n correspondiente a la primera promoci\u00f3n del M\u00e1ster en Data Science &amp; Business Analytics y Experto en Modeling &amp; Data Mining (con R software). La ceremonia tuvo lugar en el Aula Magna de la Facultad de Ciencias Jur\u00eddicas y Sociales.<\/a><\/p>\n<\/div>\n\n\n\n<div class=\"wp-block-column is-layout-flow wp-block-column-is-layout-flow\" style=\"flex-basis:25%\">\n<figure class=\"wp-block-image size-full\"><a href=\"https:\/\/masterdsba.github.io\/posts\/graduacion\/\" target=\"_blank\" rel=\" noreferrer noopener\"><img loading=\"lazy\" decoding=\"async\" width=\"722\" height=\"521\" src=\"https:\/\/blog.uclm.es\/tp-mbsba\/wp-content\/uploads\/sites\/176\/2025\/11\/imagen_github1.png\" alt=\"\" class=\"wp-image-1362\" srcset=\"https:\/\/blog.uclm.es\/tp-mbsba\/wp-content\/uploads\/sites\/176\/2025\/11\/imagen_github1.png 722w, https:\/\/blog.uclm.es\/tp-mbsba\/wp-content\/uploads\/sites\/176\/2025\/11\/imagen_github1-300x216.png 300w\" sizes=\"auto, (max-width: 722px) 100vw, 722px\" \/><\/a><\/figure>\n<\/div>\n<\/div>\n\n\n\n<hr class=\"wp-block-separator has-alpha-channel-opacity is-style-wide\" \/>\n\n\n\n<div class=\"wp-block-columns is-layout-flex wp-container-core-columns-is-layout-9d6595d7 wp-block-columns-is-layout-flex\">\n<div class=\"wp-block-column is-layout-flow wp-block-column-is-layout-flow\" style=\"flex-basis:25%\">\n<p>Nov. 10, 2022<\/p>\n<\/div>\n\n\n\n<div class=\"wp-block-column is-layout-flow wp-block-column-is-layout-flow\" style=\"flex-basis:50%\">\n<p><a href=\"https:\/\/masterdsba.github.io\/posts\/pastrana\/\" target=\"_blank\" rel=\"noreferrer noopener\"><strong>2\u00ba Congreso R para Empresa, Docencia e Investigaci\u00f3n en Pastrana.<\/strong><\/a><\/p>\n\n\n\n<p><a href=\"https:\/\/masterdsba.github.io\/posts\/pastrana\/\">La Universidad de Alcal\u00e1, junto con la asociaci\u00f3n R-Quixote, organiza el 2\u00ba Congreso R4EDI, \u201cR para Empresa, Docencia e Investigaci\u00f3n\u201d, los d\u00edas 10 y 11 de noviembre de 2022 en el Palacio Ducal de Pastrana, con car\u00e1cter presencial y con retransmisi\u00f3n s\u00edncrona online.<\/a><\/p>\n<\/div>\n\n\n\n<div class=\"wp-block-column is-layout-flow wp-block-column-is-layout-flow\" style=\"flex-basis:25%\">\n<figure class=\"wp-block-image size-full\"><a href=\"https:\/\/masterdsba.github.io\/posts\/pastrana\/\" target=\"_blank\" rel=\" noreferrer noopener\"><img loading=\"lazy\" decoding=\"async\" width=\"836\" height=\"357\" src=\"https:\/\/blog.uclm.es\/tp-mbsba\/wp-content\/uploads\/sites\/176\/2025\/11\/imagen2_github.png\" alt=\"\" class=\"wp-image-1364\" srcset=\"https:\/\/blog.uclm.es\/tp-mbsba\/wp-content\/uploads\/sites\/176\/2025\/11\/imagen2_github.png 836w, https:\/\/blog.uclm.es\/tp-mbsba\/wp-content\/uploads\/sites\/176\/2025\/11\/imagen2_github-300x128.png 300w, https:\/\/blog.uclm.es\/tp-mbsba\/wp-content\/uploads\/sites\/176\/2025\/11\/imagen2_github-768x328.png 768w\" sizes=\"auto, (max-width: 836px) 100vw, 836px\" \/><\/a><\/figure>\n<\/div>\n<\/div>\n\n\n\n<hr class=\"wp-block-separator has-alpha-channel-opacity is-style-wide\" \/>\n\n\n\n<div class=\"wp-block-columns is-layout-flex wp-container-core-columns-is-layout-9d6595d7 wp-block-columns-is-layout-flex\">\n<div class=\"wp-block-column is-layout-flow wp-block-column-is-layout-flow\" style=\"flex-basis:25%\">\n<p>Oct 12, 2022<\/p>\n<\/div>\n\n\n\n<div class=\"wp-block-column is-layout-flow wp-block-column-is-layout-flow\" style=\"flex-basis:50%\">\n<p><a href=\"https:\/\/masterdsba.github.io\/posts\/granada\/\" target=\"_blank\" rel=\"noreferrer noopener\"><strong>Jornadas R Hispano<\/strong><\/a><\/p>\n<\/div>\n\n\n\n<div class=\"wp-block-column is-layout-flow wp-block-column-is-layout-flow\" style=\"flex-basis:25%\">\n<figure class=\"wp-block-image size-full\"><a href=\"https:\/\/masterdsba.github.io\/posts\/granada\/\" target=\"_blank\" rel=\" noreferrer noopener\"><img loading=\"lazy\" decoding=\"async\" width=\"561\" height=\"177\" src=\"https:\/\/blog.uclm.es\/tp-mbsba\/wp-content\/uploads\/sites\/176\/2025\/11\/imagen3_github.png\" alt=\"\" class=\"wp-image-1366\" srcset=\"https:\/\/blog.uclm.es\/tp-mbsba\/wp-content\/uploads\/sites\/176\/2025\/11\/imagen3_github.png 561w, https:\/\/blog.uclm.es\/tp-mbsba\/wp-content\/uploads\/sites\/176\/2025\/11\/imagen3_github-300x95.png 300w\" sizes=\"auto, (max-width: 561px) 100vw, 561px\" \/><\/a><\/figure>\n<\/div>\n<\/div>\n\n\n\n<hr class=\"wp-block-separator has-alpha-channel-opacity\" \/>\n\n\n\n<div class=\"wp-block-columns is-layout-flex wp-container-core-columns-is-layout-9d6595d7 wp-block-columns-is-layout-flex\">\n<div class=\"wp-block-column is-layout-flow wp-block-column-is-layout-flow\" style=\"flex-basis:25%\">\n<p>Sep 1, 2022<\/p>\n<\/div>\n\n\n\n<div class=\"wp-block-column is-layout-flow wp-block-column-is-layout-flow\" style=\"flex-basis:50%\">\n<p><a href=\"https:\/\/masterdsba.github.io\/posts\/welcome\/\" target=\"_blank\" rel=\"noreferrer noopener\"><strong>Presentaci\u00f3n<\/strong><\/a><\/p>\n<\/div>\n\n\n\n<div class=\"wp-block-column is-layout-flow wp-block-column-is-layout-flow\" style=\"flex-basis:25%\">\n<figure class=\"wp-block-image size-full\"><a href=\"https:\/\/masterdsba.github.io\/posts\/welcome\/\" target=\"_blank\" rel=\" noreferrer noopener\"><img loading=\"lazy\" decoding=\"async\" width=\"301\" height=\"167\" src=\"https:\/\/blog.uclm.es\/tp-mbsba\/wp-content\/uploads\/sites\/176\/2025\/11\/imagen4_github.jpg\" alt=\"\" class=\"wp-image-1367\" \/><\/a><\/figure>\n<\/div>\n<\/div>\n\n\n\n<hr class=\"wp-block-separator has-alpha-channel-opacity is-style-wide\" \/>\n\n\n\n<div class=\"wp-block-columns is-layout-flex wp-container-core-columns-is-layout-9d6595d7 wp-block-columns-is-layout-flex\">\n<div class=\"wp-block-column is-layout-flow wp-block-column-is-layout-flow\" style=\"flex-basis:25%\">\n<p>Jun 16, 2022<\/p>\n<\/div>\n\n\n\n<div class=\"wp-block-column is-layout-flow wp-block-column-is-layout-flow\" style=\"flex-basis:50%\">\n<p><a href=\"https:\/\/masterdsba.github.io\/posts\/aespelt\/\" target=\"_blank\" rel=\"noreferrer noopener\"><strong>XXXV Reuni\u00f3n Asepelt &#8211; Espa\u00f1a, Madrid 2022<\/strong><\/a><\/p>\n<\/div>\n\n\n\n<div class=\"wp-block-column is-layout-flow wp-block-column-is-layout-flow\" style=\"flex-basis:25%\">\n<figure class=\"wp-block-image size-full\"><a href=\"https:\/\/masterdsba.github.io\/posts\/aespelt\/\" target=\"_blank\" rel=\" noreferrer noopener\"><img loading=\"lazy\" decoding=\"async\" width=\"604\" height=\"433\" src=\"https:\/\/blog.uclm.es\/tp-mbsba\/wp-content\/uploads\/sites\/176\/2025\/11\/imagen5_github.png\" alt=\"\" class=\"wp-image-1368\" srcset=\"https:\/\/blog.uclm.es\/tp-mbsba\/wp-content\/uploads\/sites\/176\/2025\/11\/imagen5_github.png 604w, https:\/\/blog.uclm.es\/tp-mbsba\/wp-content\/uploads\/sites\/176\/2025\/11\/imagen5_github-300x215.png 300w\" sizes=\"auto, (max-width: 604px) 100vw, 604px\" \/><\/a><\/figure>\n<\/div>\n<\/div>\n\n\n\n<hr class=\"wp-block-separator has-alpha-channel-opacity is-style-wide\" \/>\n\n\n\n<p><\/p>\n","protected":false},"excerpt":{"rendered":"<p>Dec 16, 2022 Graduaci\u00f3n Primera Promoci\u00f3n Master en Data Science &amp; Business Analytics. El pasado 16 de Diciembre a las 17:30 tuvo lugar la Ceremonia de Graduaci\u00f3n correspondiente a la primera promoci\u00f3n del M\u00e1ster en Data Science &amp; Business Analytics y Experto en Modeling &amp; Data Mining (con R software). La ceremonia tuvo lugar en &hellip; <a href=\"https:\/\/blog.uclm.es\/tp-mbsba\/master-en-data-science-business-analytics-con-r-software\/\" class=\"more-link\">Sigue leyendo <span class=\"screen-reader-text\">Master en Data Science &amp; Business Analytics (con R software)<\/span><\/a><\/p>\n","protected":false},"author":37,"featured_media":0,"parent":0,"menu_order":0,"comment_status":"closed","ping_status":"closed","template":"","meta":{"footnotes":""},"class_list":["post-1360","page","type-page","status-publish","hentry"],"_links":{"self":[{"href":"https:\/\/blog.uclm.es\/tp-mbsba\/wp-json\/wp\/v2\/pages\/1360","targetHints":{"allow":["GET"]}}],"collection":[{"href":"https:\/\/blog.uclm.es\/tp-mbsba\/wp-json\/wp\/v2\/pages"}],"about":[{"href":"https:\/\/blog.uclm.es\/tp-mbsba\/wp-json\/wp\/v2\/types\/page"}],"author":[{"embeddable":true,"href":"https:\/\/blog.uclm.es\/tp-mbsba\/wp-json\/wp\/v2\/users\/37"}],"replies":[{"embeddable":true,"href":"https:\/\/blog.uclm.es\/tp-mbsba\/wp-json\/wp\/v2\/comments?post=1360"}],"version-history":[{"count":15,"href":"https:\/\/blog.uclm.es\/tp-mbsba\/wp-json\/wp\/v2\/pages\/1360\/revisions"}],"predecessor-version":[{"id":1381,"href":"https:\/\/blog.uclm.es\/tp-mbsba\/wp-json\/wp\/v2\/pages\/1360\/revisions\/1381"}],"wp:attachment":[{"href":"https:\/\/blog.uclm.es\/tp-mbsba\/wp-json\/wp\/v2\/media?parent=1360"}],"curies":[{"name":"wp","href":"https:\/\/api.w.org\/{rel}","templated":true}]}}