{"id":87,"date":"2014-07-24T22:17:01","date_gmt":"2014-07-24T21:17:01","guid":{"rendered":"http:\/\/blog.uclm.es\/teresasantamaria\/?page_id=87"},"modified":"2014-07-24T22:17:01","modified_gmt":"2014-07-24T21:17:01","slug":"docencia","status":"publish","type":"page","link":"https:\/\/blog.uclm.es\/teresasantamaria\/docencia\/","title":{"rendered":"DOCENCIA"},"content":{"rendered":"<p>\uf0a7 Catedr\u00e1tica de Filolog\u00eda Latina, Universidad de Castilla-La Mancha: 24\/10\/2019. Acreditada desde 27\/05\/2016.<br \/>\n\uf0a7 Profesora Titular de Filolog\u00eda Latina, Universidad de Castilla-La Mancha: 16\/10\/2007.<br \/>\n\uf0a7 Profesora Ayudante Doctora, Universidad de Castilla-La Mancha: 06\/07\/2005 a 15\/10\/2007.<br \/>\n\uf0a7 Profesora Asociada a tiempo parcial, Universidad de Castilla-La Mancha, 02\/06\/2000 a 05\/07\/2005.<br \/>\n\uf0a7 Profesora encargada de Filolog\u00eda Latina, Centro Superior de Humanidades-Facultad de Humanidades, Universidad de Castilla-La Mancha: curso 1997\/98 a 01\/06\/2000.<br \/>\n\uf0a7 Profesora de Lat\u00edn y Griego en Institutos de Bachillerato: 1992\/93 a 05\/07\/2005.<br \/>\n\uf0a7 Profesora Ayudante de Escuela Universitaria, Universidad de Valladolid (Colegio Universitario de Soria): 01\/02\/1990 a 30\/09\/1992.<\/p>\n<p>Asignaturas impartidas:<br \/>\na) en el Grado y la licenciatura de Humanidades: Lengua Latina y su Literatura, La Transmisi\u00f3n de la Cultura Grecolatina, Lat\u00edn y Cultura Cl\u00e1sica, Lat\u00edn y Cultura Cl\u00e1sica de Complementos de Formaci\u00f3n de acceso al 2\u00ba ciclo, Mitolog\u00eda Cl\u00e1sica, La Tradici\u00f3n Cl\u00e1sica en las Literaturas modernas, Cultura Cl\u00e1sica.<br \/>\nb) en las licenciaturas de Filolog\u00edas Hisp\u00e1nica, Francesa e Inglesa: Lengua Latina I), e Historia (Lengua Latina.<\/p>\n<p>M\u00e1ster de Investigaci\u00f3n en Humanidades y Estudios Sociales: Cultura Escrita: Texto e Imagen.<\/p>\n<p>Cursos de Doctorado en la Facultad de Humanidades de Albacete:<br \/>\n\uf0a7 \u2018La creaci\u00f3n y difusi\u00f3n de un lenguaje cient\u00edfico y t\u00e9cnico: el caso de la literatura m\u00e9dica latina\u2019, integrado en el curso \u201cLas bases de la herencia cultural europea. Encuentros interculturales en el Mediterr\u00e1neo de la Antig\u00fcedad\u201d, curso 2002\/2003.<br \/>\n\uf0a7 \u2018La transmisi\u00f3n textual: circunstancias y problemas\u2019, cursos 2004\/05 a 2008\/09.<\/p>\n","protected":false},"excerpt":{"rendered":"<p>\uf0a7 Catedr\u00e1tica de Filolog\u00eda Latina, Universidad de Castilla-La Mancha: 24\/10\/2019. Acreditada desde 27\/05\/2016. \uf0a7 Profesora Titular de Filolog\u00eda Latina, Universidad de Castilla-La Mancha: 16\/10\/2007. \uf0a7 Profesora Ayudante Doctora, Universidad de Castilla-La Mancha: 06\/07\/2005 a 15\/10\/2007. \uf0a7 Profesora Asociada a tiempo parcial, Universidad de Castilla-La Mancha, 02\/06\/2000 a 05\/07\/2005. \uf0a7 Profesora encargada de Filolog\u00eda Latina, Centro &hellip; <a href=\"https:\/\/blog.uclm.es\/teresasantamaria\/docencia\/\" class=\"more-link\">Seguir leyendo <span class=\"screen-reader-text\">DOCENCIA<\/span> <span class=\"meta-nav\">&rarr;<\/span><\/a><\/p>\n","protected":false},"author":31,"featured_media":0,"parent":0,"menu_order":0,"comment_status":"closed","ping_status":"open","template":"","meta":{"footnotes":""},"class_list":["post-87","page","type-page","status-publish","hentry"],"_links":{"self":[{"href":"https:\/\/blog.uclm.es\/teresasantamaria\/wp-json\/wp\/v2\/pages\/87","targetHints":{"allow":["GET"]}}],"collection":[{"href":"https:\/\/blog.uclm.es\/teresasantamaria\/wp-json\/wp\/v2\/pages"}],"about":[{"href":"https:\/\/blog.uclm.es\/teresasantamaria\/wp-json\/wp\/v2\/types\/page"}],"author":[{"embeddable":true,"href":"https:\/\/blog.uclm.es\/teresasantamaria\/wp-json\/wp\/v2\/users\/31"}],"replies":[{"embeddable":true,"href":"https:\/\/blog.uclm.es\/teresasantamaria\/wp-json\/wp\/v2\/comments?post=87"}],"version-history":[{"count":0,"href":"https:\/\/blog.uclm.es\/teresasantamaria\/wp-json\/wp\/v2\/pages\/87\/revisions"}],"wp:attachment":[{"href":"https:\/\/blog.uclm.es\/teresasantamaria\/wp-json\/wp\/v2\/media?parent=87"}],"curies":[{"name":"wp","href":"https:\/\/api.w.org\/{rel}","templated":true}]}}