{"id":85,"date":"2014-07-24T22:15:11","date_gmt":"2014-07-24T21:15:11","guid":{"rendered":"http:\/\/blog.uclm.es\/teresasantamaria\/?page_id=85"},"modified":"2014-07-24T22:15:11","modified_gmt":"2014-07-24T21:15:11","slug":"estancias","status":"publish","type":"page","link":"https:\/\/blog.uclm.es\/teresasantamaria\/estancias\/","title":{"rendered":"ESTANCIAS"},"content":{"rendered":"<p>\uf0a7 Institut f\u00fcr Geschichte, Theorie und Ethik der Medizin, Johannes Gutenberg-Universit\u00e4t Mainz, 01\/09\/2010 a 28\/02\/2011 (con Subvenci\u00f3n del Ministerio Educaci\u00f3n para Estancias de movilidad de profesores e investigadores espa\u00f1oles en centros extranjeros de ense\u00f1anza superior e investigaci\u00f3n: Estancias de movilidad de profesores e investigadores s\u00e9niores en centros extranjeros de investigaci\u00f3n).<\/p>\n<p>\uf0a7 \u00c9cole Pratique des Hautes \u00c9tudes (EPHE), Sorbonne, Par\u00eds, Equipo de Investigaci\u00f3n \u201cTransmisi\u00f3n et mutations des savoirs antiques\u201d, 1-31\/07\/2004 (con Ayuda para estancias en otras Universidades o Centros de Investigaci\u00f3n de la Universidad de Castilla-La Mancha, Vicerrectorado de Profesorado, convocatoria para el a\u00f1o 2004).<\/p>\n<p>\uf0a7 Consejo Superior de Investigaciones Cient\u00edficas. Dpto. Filolog\u00eda Griega y Latina. Madrid,1-31\/07\/2003 (con Ayuda para estancias en otras Universidades o Centros de Investigaci\u00f3n de la Universidad de Castilla-La Mancha, convocatoria para el a\u00f1o 2003).<\/p>\n<p>\uf0a7 Departamento de Filolog\u00eda Espa\u00f1ola y Latina de la Universidad de La Coru\u00f1a, 01-21\/07\/2005 (con Ayuda a la Investigaci\u00f3n en la modalidad de Acciones Especiales, de la Universidad de Castilla-La Mancha, convocatoria para el a\u00f1o 2005).<\/p>\n<p>\uf0a7 Ha realizado asimismo otras estancias m\u00e1s breves en diversas bibliotecas y centros de investigaci\u00f3n.<\/p>\n","protected":false},"excerpt":{"rendered":"<p>\uf0a7 Institut f\u00fcr Geschichte, Theorie und Ethik der Medizin, Johannes Gutenberg-Universit\u00e4t Mainz, 01\/09\/2010 a 28\/02\/2011 (con Subvenci\u00f3n del Ministerio Educaci\u00f3n para Estancias de movilidad de profesores e investigadores espa\u00f1oles en centros extranjeros de ense\u00f1anza superior e investigaci\u00f3n: Estancias de movilidad de profesores e investigadores s\u00e9niores en centros extranjeros de investigaci\u00f3n). \uf0a7 \u00c9cole Pratique des Hautes &hellip; <a href=\"https:\/\/blog.uclm.es\/teresasantamaria\/estancias\/\" class=\"more-link\">Seguir leyendo <span class=\"screen-reader-text\">ESTANCIAS<\/span> <span class=\"meta-nav\">&rarr;<\/span><\/a><\/p>\n","protected":false},"author":31,"featured_media":0,"parent":0,"menu_order":0,"comment_status":"closed","ping_status":"open","template":"","meta":{"footnotes":""},"class_list":["post-85","page","type-page","status-publish","hentry"],"_links":{"self":[{"href":"https:\/\/blog.uclm.es\/teresasantamaria\/wp-json\/wp\/v2\/pages\/85","targetHints":{"allow":["GET"]}}],"collection":[{"href":"https:\/\/blog.uclm.es\/teresasantamaria\/wp-json\/wp\/v2\/pages"}],"about":[{"href":"https:\/\/blog.uclm.es\/teresasantamaria\/wp-json\/wp\/v2\/types\/page"}],"author":[{"embeddable":true,"href":"https:\/\/blog.uclm.es\/teresasantamaria\/wp-json\/wp\/v2\/users\/31"}],"replies":[{"embeddable":true,"href":"https:\/\/blog.uclm.es\/teresasantamaria\/wp-json\/wp\/v2\/comments?post=85"}],"version-history":[{"count":0,"href":"https:\/\/blog.uclm.es\/teresasantamaria\/wp-json\/wp\/v2\/pages\/85\/revisions"}],"wp:attachment":[{"href":"https:\/\/blog.uclm.es\/teresasantamaria\/wp-json\/wp\/v2\/media?parent=85"}],"curies":[{"name":"wp","href":"https:\/\/api.w.org\/{rel}","templated":true}]}}

<p> Institut für Geschichte, Theorie und Ethik der Medizin, Johannes Gutenberg-Universität Mainz, 01/09/2010 a 28/02/2011 (con Subvención del Ministerio Educación para Estancias de movilidad de profesores e investigadores españoles en centros extranjeros de enseñanza superior e investigación: Estancias de movilidad de profesores e investigadores séniores en centros extranjeros de investigación).</p>
<p> École Pratique des Hautes Études (EPHE), Sorbonne, París, Equipo de Investigación “Transmisión et mutations des savoirs antiques”, 1-31/07/2004 (con Ayuda para estancias en otras Universidades o Centros de Investigación de la Universidad de Castilla-La Mancha, Vicerrectorado de Profesorado, convocatoria para el año 2004).</p>
<p> Consejo Superior de Investigaciones Científicas. Dpto. Filología Griega y Latina. Madrid,1-31/07/2003 (con Ayuda para estancias en otras Universidades o Centros de Investigación de la Universidad de Castilla-La Mancha, convocatoria para el año 2003).</p>
<p> Departamento de Filología Española y Latina de la Universidad de La Coruña, 01-21/07/2005 (con Ayuda a la Investigación en la modalidad de Acciones Especiales, de la Universidad de Castilla-La Mancha, convocatoria para el año 2005).</p>
<p> Ha realizado asimismo otras estancias más breves en diversas bibliotecas y centros de investigación.</p>

<p> Institut für Geschichte, Theorie und Ethik der Medizin, Johannes Gutenberg-Universität Mainz, 01/09/2010 a 28/02/2011 (con Subvención del Ministerio Educación para Estancias de movilidad de profesores e investigadores españoles en centros extranjeros de enseñanza superior e investigación: Estancias de movilidad de profesores e investigadores séniores en centros extranjeros de investigación).  École Pratique des Hautes &hellip; <a href="https://blog.uclm.es/teresasantamaria/estancias/" class="more-link">Seguir leyendo <span class="screen-reader-text">ESTANCIAS</span> <span class="meta-nav">&rarr;</span></a></p>
