{"id":237,"date":"2017-07-13T06:51:42","date_gmt":"2017-07-13T06:51:42","guid":{"rendered":"http:\/\/blog.uclm.es\/teresacuberes\/?page_id=2"},"modified":"2026-02-27T11:18:08","modified_gmt":"2026-02-27T11:18:08","slug":"pagina-ejemplo-2","status":"publish","type":"page","link":"https:\/\/blog.uclm.es\/teresacuberes\/","title":{"rendered":"Inicio"},"content":{"rendered":"\n<p><a href=\"https:\/\/www.cofis.es\/el-colegio\/delegaciones\/\">DELEGADA DEL COLEGIO OFICIAL DE F\u00cdSICOS EN CASTILLA-LA MANCHA<\/a> <em>(<a href=\"https:\/\/blog.uclm.es\/teresacuberes\/category\/actividades-cofis-clm\/\">Actividades<\/a>)<\/em><\/p>\n\n\n\n<p>Art\u00edculo de Teresa Cuberes con motivo del 8M, publicado en el <a href=\"https:\/\/thebigbangphysics.es\/conmemorar-el-8m\/\">blog de \u00abTHE BIGBANG PHYSICS\u00bb<\/a> <\/p>\n\n\n\n<p><strong>Categor\u00eda<\/strong>: Catedr\u00e1tica de Universidad<\/p>\n\n\n\n<p><strong>Organismo<\/strong>: <a href=\"http:\/\/www.uclm.es\">Universidad de Castilla-La Mancha<\/a><\/p>\n\n\n\n<p><strong>Area de conocimiento<\/strong>: Ciencia de Materiales e Ingenier\u00eda Metal\u00fargica<\/p>\n\n\n\n<p><strong>Formaci\u00f3n<\/strong>: Doctora en Ciencias F\u00edsicas, especialidad de Materiales<\/p>\n\n\n\n<p><strong>Centro<\/strong>: <a href=\"http:\/\/eimia.uclm.es\/\">Escuela de Ingenier\u00eda Minera e Industrial de Almad\u00e9n<\/a><\/p>\n\n\n\n<p><strong>Departamento<\/strong>: <a href=\"https:\/\/www.uclm.es\/departamentos\/maplicada\">Mec\u00e1nica Aplicada e Ingenier\u00eda de Proyectos<\/a><\/p>\n\n\n\n<p><strong>Grupo de Investigaci\u00f3n<\/strong>: <a href=\"http:\/\/blog.uclm.es\/gruponanomat\/\">Nanotecnolog\u00eda y Material<\/a>es<\/p>\n\n\n\n<p><strong>email:<\/strong> teresa.cuberes@uclm.es<\/p>\n\n\n\n<p><strong>Phone:<\/strong> 34 902204100 ext 6045<\/p>\n\n\n\n<p>Video preparado por Irene Jim\u00e9nez, Julia Ruiz y Paula Diaz, presentado a la<a href=\"https:\/\/quimicosmadrid.org\/home\/nanocientificas-en-60-segundos-ii-edicion-2024\/#:~:text=El%20II%20Concurso%20de%20Nanocient%C3%ADficas%20en%2060%20segundos,y%20en%20las%20actividades%20de%20la%20red%20SustainableNano.\"> II Edici\u00f3n del Concurso de Nanocient\u00edficas en 60 segundos<\/a><em>.   <\/em><\/p>\n\n\n\n<figure class=\"wp-block-video\"><video height=\"464\" style=\"aspect-ratio: 848 \/ 464;\" width=\"848\" controls src=\"https:\/\/blog.uclm.es\/teresacuberes\/wp-content\/uploads\/sites\/100\/2025\/05\/20240408T143627886.att_.B3518409-78DA-4C40-B6CC-DDD268037F2C_0-1.mp4\"><\/video><\/figure>\n\n\n\n<p><a href=\"https:\/\/www.cmmedia.es\/noticias\/castilla-la-mancha\/dia-mujer-rural-cinco-mujeres-c-lm-reconocidas-trabajar-pueblos.html\">GALARDONADA MUJER RURAL DEL A\u00d1O 2022 POR LA JCCM<\/a><\/p>\n\n\n\n<figure class=\"wp-block-image size-full\"><img loading=\"lazy\" decoding=\"async\" width=\"678\" height=\"381\" src=\"https:\/\/blog.uclm.es\/teresacuberes\/wp-content\/uploads\/sites\/100\/2026\/02\/Teresa-Cuberes-recogio-su-galardon-como-Mujer-Rural-del-ano-678x381-1.jpg\" alt=\"\" class=\"wp-image-648\" srcset=\"https:\/\/blog.uclm.es\/teresacuberes\/wp-content\/uploads\/sites\/100\/2026\/02\/Teresa-Cuberes-recogio-su-galardon-como-Mujer-Rural-del-ano-678x381-1.jpg 678w, https:\/\/blog.uclm.es\/teresacuberes\/wp-content\/uploads\/sites\/100\/2026\/02\/Teresa-Cuberes-recogio-su-galardon-como-Mujer-Rural-del-ano-678x381-1-300x169.jpg 300w\" sizes=\"auto, (max-width: 678px) 100vw, 678px\" \/><\/figure>\n\n\n\n<p><\/p>\n","protected":false},"excerpt":{"rendered":"<p>DELEGADA DEL COLEGIO OFICIAL DE F\u00cdSICOS EN CASTILLA-LA MANCHA (Actividades) Art\u00edculo de Teresa Cuberes con motivo del 8M, publicado en el blog de \u00abTHE BIGBANG PHYSICS\u00bb Categor\u00eda: Catedr\u00e1tica de Universidad Organismo: Universidad de Castilla-La Mancha Area de conocimiento: Ciencia de Materiales e Ingenier\u00eda Metal\u00fargica Formaci\u00f3n: Doctora en Ciencias F\u00edsicas, especialidad de Materiales Centro: Escuela de &hellip; <a href=\"https:\/\/blog.uclm.es\/teresacuberes\/\" class=\"more-link\">Sigue leyendo <span class=\"screen-reader-text\">Inicio<\/span><\/a><\/p>\n","protected":false},"author":104,"featured_media":173,"parent":0,"menu_order":0,"comment_status":"closed","ping_status":"open","template":"","meta":{"footnotes":""},"class_list":["post-237","page","type-page","status-publish","has-post-thumbnail","hentry"],"_links":{"self":[{"href":"https:\/\/blog.uclm.es\/teresacuberes\/wp-json\/wp\/v2\/pages\/237","targetHints":{"allow":["GET"]}}],"collection":[{"href":"https:\/\/blog.uclm.es\/teresacuberes\/wp-json\/wp\/v2\/pages"}],"about":[{"href":"https:\/\/blog.uclm.es\/teresacuberes\/wp-json\/wp\/v2\/types\/page"}],"author":[{"embeddable":true,"href":"https:\/\/blog.uclm.es\/teresacuberes\/wp-json\/wp\/v2\/users\/104"}],"replies":[{"embeddable":true,"href":"https:\/\/blog.uclm.es\/teresacuberes\/wp-json\/wp\/v2\/comments?post=237"}],"version-history":[{"count":14,"href":"https:\/\/blog.uclm.es\/teresacuberes\/wp-json\/wp\/v2\/pages\/237\/revisions"}],"predecessor-version":[{"id":652,"href":"https:\/\/blog.uclm.es\/teresacuberes\/wp-json\/wp\/v2\/pages\/237\/revisions\/652"}],"wp:featuredmedia":[{"embeddable":true,"href":"https:\/\/blog.uclm.es\/teresacuberes\/wp-json\/wp\/v2\/media\/173"}],"wp:attachment":[{"href":"https:\/\/blog.uclm.es\/teresacuberes\/wp-json\/wp\/v2\/media?parent=237"}],"curies":[{"name":"wp","href":"https:\/\/api.w.org\/{rel}","templated":true}]}}

<p><a href="https://www.cofis.es/el-colegio/delegaciones/">DELEGADA DEL COLEGIO OFICIAL DE FÍSICOS EN CASTILLA-LA MANCHA</a> <em>(<a href="https://blog.uclm.es/teresacuberes/category/actividades-cofis-clm/">Actividades</a>)</em></p>



<p>Artículo de Teresa Cuberes con motivo del 8M, publicado en el <a href="https://thebigbangphysics.es/conmemorar-el-8m/">blog de «THE BIGBANG PHYSICS»</a> </p>



<p><strong>Categoría</strong>: Catedrática de Universidad</p>



<p><strong>Organismo</strong>: <a href="http://www.uclm.es">Universidad de Castilla-La Mancha</a></p>



<p><strong>Area de conocimiento</strong>: Ciencia de Materiales e Ingeniería Metalúrgica</p>



<p><strong>Formación</strong>: Doctora en Ciencias Físicas, especialidad de Materiales</p>



<p><strong>Centro</strong>: <a href="http://eimia.uclm.es/">Escuela de Ingeniería Minera e Industrial de Almadén</a></p>



<p><strong>Departamento</strong>: <a href="https://www.uclm.es/departamentos/maplicada">Mecánica Aplicada e Ingeniería de Proyectos</a></p>



<p><strong>Grupo de Investigación</strong>: <a href="http://blog.uclm.es/gruponanomat/">Nanotecnología y Material</a>es</p>



<p><strong>email:</strong> teresa.cuberes@uclm.es</p>



<p><strong>Phone:</strong> 34 902204100 ext 6045</p>



<p>Video preparado por Irene Jiménez, Julia Ruiz y Paula Diaz, presentado a la<a href="https://quimicosmadrid.org/home/nanocientificas-en-60-segundos-ii-edicion-2024/#:~:text=El%20II%20Concurso%20de%20Nanocient%C3%ADficas%20en%2060%20segundos,y%20en%20las%20actividades%20de%20la%20red%20SustainableNano."> II Edición del Concurso de Nanocientíficas en 60 segundos</a><em>.   </em></p>



<figure class="wp-block-video"><video height="464" style="aspect-ratio: 848 / 464;" width="848" controls src="https://blog.uclm.es/teresacuberes/wp-content/uploads/sites/100/2025/05/20240408T143627886.att_.B3518409-78DA-4C40-B6CC-DDD268037F2C_0-1.mp4"></video></figure>



<p><a href="https://www.cmmedia.es/noticias/castilla-la-mancha/dia-mujer-rural-cinco-mujeres-c-lm-reconocidas-trabajar-pueblos.html">GALARDONADA MUJER RURAL DEL AÑO 2022 POR LA JCCM</a></p>



<figure class="wp-block-image size-full"><img loading="lazy" decoding="async" width="678" height="381" src="https://blog.uclm.es/teresacuberes/wp-content/uploads/sites/100/2026/02/Teresa-Cuberes-recogio-su-galardon-como-Mujer-Rural-del-ano-678x381-1.jpg" alt="" class="wp-image-648" srcset="https://blog.uclm.es/teresacuberes/wp-content/uploads/sites/100/2026/02/Teresa-Cuberes-recogio-su-galardon-como-Mujer-Rural-del-ano-678x381-1.jpg 678w, https://blog.uclm.es/teresacuberes/wp-content/uploads/sites/100/2026/02/Teresa-Cuberes-recogio-su-galardon-como-Mujer-Rural-del-ano-678x381-1-300x169.jpg 300w" sizes="auto, (max-width: 678px) 100vw, 678px" /></figure>



<p></p>

<p>DELEGADA DEL COLEGIO OFICIAL DE FÍSICOS EN CASTILLA-LA MANCHA (Actividades) Artículo de Teresa Cuberes con motivo del 8M, publicado en el blog de «THE BIGBANG PHYSICS» Categoría: Catedrática de Universidad Organismo: Universidad de Castilla-La Mancha Area de conocimiento: Ciencia de Materiales e Ingeniería Metalúrgica Formación: Doctora en Ciencias Físicas, especialidad de Materiales Centro: Escuela de &hellip; <a href="https://blog.uclm.es/teresacuberes/" class="more-link">Sigue leyendo <span class="screen-reader-text">Inicio</span></a></p>
