{"id":4,"date":"2015-06-10T09:05:06","date_gmt":"2015-06-10T08:05:06","guid":{"rendered":"http:\/\/blog.uclm.es\/telefonica\/?page_id=4"},"modified":"2015-06-10T09:05:06","modified_gmt":"2015-06-10T08:05:06","slug":"contacto","status":"publish","type":"page","link":"https:\/\/blog.uclm.es\/telefonica\/contacto\/","title":{"rendered":"Contacto"},"content":{"rendered":"<p>\u00a0<\/p>\n<h3><span style=\"color: #333399\">Miguel \u00c1ngel Redondo<\/span><\/h3>\n<p><span style=\"color: #333399\"><em>Catedr\u00e1tico de Universidad<\/em><\/span><br \/><span style=\"color: #808080\">Grupo CHICO<\/span><br \/><span style=\"color: #808080\"> <a href=\"http:\/\/www.esi.uclm.es\">Escuela Superior de Inform\u00e1tica<\/a><\/span><br \/><span style=\"color: #808080\"> <a href=\"http:\/\/www.uclm.es\">Universidad de Castilla-La Mancha<\/a><\/span><br \/><span style=\"color: #808080\"> Paseo de la Universidad, 4<\/span><br \/><span style=\"color: #808080\"> 13071 Ciudad Real (Spain)<\/span><br \/><span style=\"color: #808080\"> Tfno.: 926 295300 ext. 3717<\/span><br \/>email: Catedra<em>(dot)<\/em>Telefonica<em>(at)<\/em>uclm<em>(dot)<\/em>es<\/p>\n\n\n<p><\/p>\n","protected":false},"excerpt":{"rendered":"<p>\u00a0 Miguel \u00c1ngel Redondo Catedr\u00e1tico de UniversidadGrupo CHICO Escuela Superior de Inform\u00e1tica Universidad de Castilla-La Mancha Paseo de la Universidad, 4 13071 Ciudad Real (Spain) Tfno.: 926 295300 ext. 3717email: Catedra(dot)Telefonica(at)uclm(dot)es<\/p>\n","protected":false},"author":3,"featured_media":0,"parent":0,"menu_order":0,"comment_status":"closed","ping_status":"open","template":"","meta":{"footnotes":""},"class_list":["post-4","page","type-page","status-publish","hentry"],"_links":{"self":[{"href":"https:\/\/blog.uclm.es\/telefonica\/wp-json\/wp\/v2\/pages\/4","targetHints":{"allow":["GET"]}}],"collection":[{"href":"https:\/\/blog.uclm.es\/telefonica\/wp-json\/wp\/v2\/pages"}],"about":[{"href":"https:\/\/blog.uclm.es\/telefonica\/wp-json\/wp\/v2\/types\/page"}],"author":[{"embeddable":true,"href":"https:\/\/blog.uclm.es\/telefonica\/wp-json\/wp\/v2\/users\/3"}],"replies":[{"embeddable":true,"href":"https:\/\/blog.uclm.es\/telefonica\/wp-json\/wp\/v2\/comments?post=4"}],"version-history":[{"count":0,"href":"https:\/\/blog.uclm.es\/telefonica\/wp-json\/wp\/v2\/pages\/4\/revisions"}],"wp:attachment":[{"href":"https:\/\/blog.uclm.es\/telefonica\/wp-json\/wp\/v2\/media?parent=4"}],"curies":[{"name":"wp","href":"https:\/\/api.w.org\/{rel}","templated":true}]}}