{"id":361,"date":"2025-04-11T11:37:39","date_gmt":"2025-04-11T09:37:39","guid":{"rendered":"https:\/\/blog.uclm.es\/sergiosanchezparis\/?page_id=361"},"modified":"2025-06-16T17:08:13","modified_gmt":"2025-06-16T15:08:13","slug":"capitulos-de-libro","status":"publish","type":"page","link":"https:\/\/blog.uclm.es\/sergiosanchezparis\/capitulos-de-libro\/","title":{"rendered":"Cap\u00edtulos de libro"},"content":{"rendered":"\n<ul class=\"wp-block-list\">\n<li>S\u00c1NCHEZ PAR\u00cdS, Sergio. <strong>&nbsp;<\/strong>\u201cDerecho, Estado social y Agenda 2030: el objetivo de desarrollo sostenible a la producci\u00f3n y consumo responsable\u201d. En: VV.AA. <em>Estrategias fiscales sobre residuos y econom\u00eda circular<\/em>. Gemma Pat\u00f3n Garc\u00eda y Gracia Mar\u00eda Luchena Mozo (dirs.). Atelier, Barcelona, 2024.<\/li>\n<\/ul>\n\n\n\n<ul class=\"wp-block-list\">\n<li>S\u00c1NCHEZ PAR\u00cdS, Sergio. \u201cIgualdad y no discriminaci\u00f3n por raz\u00f3n de discapacidad\u201d. En: VV.AA. <em>Supuestos pr\u00e1cticos de Derecho Constitucional<\/em>. (2\u00aa edici\u00f3n). Miguel \u00c1ngel Sevilla Duro (dir.) Ediciones Universidad de Castilla-La Mancha, Cuenca, 2025.<\/li>\n<\/ul>\n\n\n\n<ul class=\"wp-block-list\">\n<li>S\u00c1NCHEZ PAR\u00cdS, Sergio. \u201c<em>Ayudas y subvenciones<\/em>\u201d. En: VV.AA. <em>Gu\u00eda jur\u00eddica de orientaci\u00f3n a personas afectadas por la DANA<\/em>. Red Espa\u00f1ola de Cl\u00ednicas Jur\u00eddicas. Cristina L\u00f3pez S\u00e1nchez (coord.). Universidad Miguel Hern\u00e1ndez, Elche, 2025.<\/li>\n<\/ul>\n\n\n\n<ul class=\"wp-block-list\">\n<li>S\u00c1NCHEZ PAR\u00cdS, Sergio. \u201cLa discapacidad analizada a la luz de la Corte Interamericana de Derechos Humanos: M\u00e9xico y la importancia del control de convencionalidad\u201d. En: VV.AA. <em>Derechos y garant\u00edas: una perspectiva iberoamericana y europea<\/em>. Francisco Javier D\u00edaz Revorio y Magdalena Gonz\u00e1lez Jim\u00e9nez (dirs.). Universidad de Castilla-La Mancha. Instituto de Estudios Constitucionales del Estado de Quer\u00e9taro. M\u00e9xico, 2025, p\u00e1gs. 87-108.<\/li>\n<\/ul>\n\n\n\n<p><\/p>\n\n\n\n<p><\/p>\n","protected":false},"excerpt":{"rendered":"","protected":false},"author":477,"featured_media":0,"parent":0,"menu_order":0,"comment_status":"closed","ping_status":"closed","template":"","meta":{"footnotes":""},"class_list":["post-361","page","type-page","status-publish","hentry"],"_links":{"self":[{"href":"https:\/\/blog.uclm.es\/sergiosanchezparis\/wp-json\/wp\/v2\/pages\/361","targetHints":{"allow":["GET"]}}],"collection":[{"href":"https:\/\/blog.uclm.es\/sergiosanchezparis\/wp-json\/wp\/v2\/pages"}],"about":[{"href":"https:\/\/blog.uclm.es\/sergiosanchezparis\/wp-json\/wp\/v2\/types\/page"}],"author":[{"embeddable":true,"href":"https:\/\/blog.uclm.es\/sergiosanchezparis\/wp-json\/wp\/v2\/users\/477"}],"replies":[{"embeddable":true,"href":"https:\/\/blog.uclm.es\/sergiosanchezparis\/wp-json\/wp\/v2\/comments?post=361"}],"version-history":[{"count":4,"href":"https:\/\/blog.uclm.es\/sergiosanchezparis\/wp-json\/wp\/v2\/pages\/361\/revisions"}],"predecessor-version":[{"id":461,"href":"https:\/\/blog.uclm.es\/sergiosanchezparis\/wp-json\/wp\/v2\/pages\/361\/revisions\/461"}],"wp:attachment":[{"href":"https:\/\/blog.uclm.es\/sergiosanchezparis\/wp-json\/wp\/v2\/media?parent=361"}],"curies":[{"name":"wp","href":"https:\/\/api.w.org\/{rel}","templated":true}]}}