{"id":1866,"date":"2023-09-04T09:27:37","date_gmt":"2023-09-04T08:27:37","guid":{"rendered":"https:\/\/blog.uclm.es\/saramago-toledo\/?page_id=1866"},"modified":"2025-09-16T09:55:44","modified_gmt":"2025-09-16T08:55:44","slug":"instrucciones","status":"publish","type":"page","link":"https:\/\/blog.uclm.es\/saramago-toledo\/instrucciones\/","title":{"rendered":"Instrucciones"},"content":{"rendered":"\n<p>En estas instrucciones se indican los pasos para <strong>matricularse (o inscribirse<\/strong>) en cualquiera de los cursos del <strong>Programa Universitario Jos\u00e9 Saramago 50 Plus<\/strong> de forma <em>online<\/em>.<\/p>\n\n\n\n<h2 class=\"wp-block-heading\"><span data-darkreader-inline-color=\"\" style=\"color: #008080\"><strong>PREINSCRIPCI\u00d3N O MATRICULACI\u00d3N EN CURSOS<\/strong><\/span><\/h2>\n\n\n\n<ul class=\"wp-block-list\">\n<li><strong>Paso 1:<\/strong> Acceder al siguiente enlace (<a href=\"https:\/\/lead.apps.uclm.es\/\">LEAD<\/a>) y pulsar el bot\u00f3n de iniciar sesi\u00f3n. Se han de introducir el usuario ciudadano o invitado de la UCLM y la contrase\u00f1a asociada.<\/li>\n<\/ul>\n\n\n\n<figure class=\"wp-block-image size-large\"><img loading=\"lazy\" decoding=\"async\" width=\"1024\" height=\"390\" src=\"https:\/\/blog.uclm.es\/saramago-toledo\/wp-content\/uploads\/sites\/206\/2025\/07\/Captura-de-pantalla-2025-07-28-090916-1024x390.png\" alt=\"\" class=\"wp-image-3047\" srcset=\"https:\/\/blog.uclm.es\/saramago-toledo\/wp-content\/uploads\/sites\/206\/2025\/07\/Captura-de-pantalla-2025-07-28-090916-1024x390.png 1024w, https:\/\/blog.uclm.es\/saramago-toledo\/wp-content\/uploads\/sites\/206\/2025\/07\/Captura-de-pantalla-2025-07-28-090916-300x114.png 300w, https:\/\/blog.uclm.es\/saramago-toledo\/wp-content\/uploads\/sites\/206\/2025\/07\/Captura-de-pantalla-2025-07-28-090916-768x292.png 768w, https:\/\/blog.uclm.es\/saramago-toledo\/wp-content\/uploads\/sites\/206\/2025\/07\/Captura-de-pantalla-2025-07-28-090916-500x190.png 500w, https:\/\/blog.uclm.es\/saramago-toledo\/wp-content\/uploads\/sites\/206\/2025\/07\/Captura-de-pantalla-2025-07-28-090916.png 1343w\" sizes=\"auto, (max-width: 1024px) 100vw, 1024px\" \/><\/figure>\n\n\n\n<ul class=\"wp-block-list\">\n<li><strong>Paso 2:<\/strong> Pulsar en \u00abActividades\u00bb, una vez haya validado el usuario.<\/li>\n\n\n\n<li><strong>Paso 3:<\/strong> Escribir \u00absaramago\u00bb.<\/li>\n\n\n\n<li><strong>Paso 4: <\/strong>Pulsar en \u00abBuscar\u00bb.<\/li>\n<\/ul>\n\n\n<div class=\"wp-block-image\">\n<figure class=\"aligncenter size-full\"><img loading=\"lazy\" decoding=\"async\" width=\"1181\" height=\"490\" src=\"https:\/\/blog.uclm.es\/saramago-toledo\/wp-content\/uploads\/sites\/206\/2025\/09\/Captura-de-pantalla-2025-09-02-102921.png\" alt=\"\" class=\"wp-image-3111\" srcset=\"https:\/\/blog.uclm.es\/saramago-toledo\/wp-content\/uploads\/sites\/206\/2025\/09\/Captura-de-pantalla-2025-09-02-102921.png 1181w, https:\/\/blog.uclm.es\/saramago-toledo\/wp-content\/uploads\/sites\/206\/2025\/09\/Captura-de-pantalla-2025-09-02-102921-300x124.png 300w, https:\/\/blog.uclm.es\/saramago-toledo\/wp-content\/uploads\/sites\/206\/2025\/09\/Captura-de-pantalla-2025-09-02-102921-1024x425.png 1024w, https:\/\/blog.uclm.es\/saramago-toledo\/wp-content\/uploads\/sites\/206\/2025\/09\/Captura-de-pantalla-2025-09-02-102921-768x319.png 768w, https:\/\/blog.uclm.es\/saramago-toledo\/wp-content\/uploads\/sites\/206\/2025\/09\/Captura-de-pantalla-2025-09-02-102921-500x207.png 500w\" sizes=\"auto, (max-width: 1181px) 100vw, 1181px\" \/><\/figure>\n<\/div>\n\n\n<ul class=\"wp-block-list\">\n<li><strong>Paso 5:<\/strong> Seleccionar el curso al que se quiere inscribir que apararecer\u00e1 en el Listado de actividades pinchando en la lupa.<\/li>\n<\/ul>\n\n\n<div class=\"wp-block-image\">\n<figure class=\"aligncenter size-full\"><img loading=\"lazy\" decoding=\"async\" width=\"1885\" height=\"855\" src=\"https:\/\/blog.uclm.es\/saramago-toledo\/wp-content\/uploads\/sites\/206\/2025\/09\/thumbnail_image-1.png\" alt=\"\" class=\"wp-image-3131\" srcset=\"https:\/\/blog.uclm.es\/saramago-toledo\/wp-content\/uploads\/sites\/206\/2025\/09\/thumbnail_image-1.png 1885w, https:\/\/blog.uclm.es\/saramago-toledo\/wp-content\/uploads\/sites\/206\/2025\/09\/thumbnail_image-1-300x136.png 300w, https:\/\/blog.uclm.es\/saramago-toledo\/wp-content\/uploads\/sites\/206\/2025\/09\/thumbnail_image-1-1024x464.png 1024w, https:\/\/blog.uclm.es\/saramago-toledo\/wp-content\/uploads\/sites\/206\/2025\/09\/thumbnail_image-1-768x348.png 768w, https:\/\/blog.uclm.es\/saramago-toledo\/wp-content\/uploads\/sites\/206\/2025\/09\/thumbnail_image-1-1536x697.png 1536w, https:\/\/blog.uclm.es\/saramago-toledo\/wp-content\/uploads\/sites\/206\/2025\/09\/thumbnail_image-1-500x227.png 500w\" sizes=\"auto, (max-width: 1885px) 100vw, 1885px\" \/><\/figure>\n<\/div>\n\n\n<ul class=\"wp-block-list\">\n<li><strong>Paso 6:<\/strong> Pulsar en \u00abSolicitar\u00bb.<\/li>\n<\/ul>\n\n\n\n<figure class=\"wp-block-image size-full\"><img loading=\"lazy\" decoding=\"async\" width=\"1130\" height=\"615\" src=\"https:\/\/blog.uclm.es\/saramago-toledo\/wp-content\/uploads\/sites\/206\/2025\/09\/Captura-de-pantalla-2025-09-01-101006.png\" alt=\"\" class=\"wp-image-3109\" srcset=\"https:\/\/blog.uclm.es\/saramago-toledo\/wp-content\/uploads\/sites\/206\/2025\/09\/Captura-de-pantalla-2025-09-01-101006.png 1130w, https:\/\/blog.uclm.es\/saramago-toledo\/wp-content\/uploads\/sites\/206\/2025\/09\/Captura-de-pantalla-2025-09-01-101006-300x163.png 300w, https:\/\/blog.uclm.es\/saramago-toledo\/wp-content\/uploads\/sites\/206\/2025\/09\/Captura-de-pantalla-2025-09-01-101006-1024x557.png 1024w, https:\/\/blog.uclm.es\/saramago-toledo\/wp-content\/uploads\/sites\/206\/2025\/09\/Captura-de-pantalla-2025-09-01-101006-768x418.png 768w, https:\/\/blog.uclm.es\/saramago-toledo\/wp-content\/uploads\/sites\/206\/2025\/09\/Captura-de-pantalla-2025-09-01-101006-500x272.png 500w\" sizes=\"auto, (max-width: 1130px) 100vw, 1130px\" \/><\/figure>\n\n\n\n<ul class=\"wp-block-list\">\n<li><strong>Paso 7: Datos de contacto. <\/strong>Comprobar que los datos de contacto son correctos.<\/li>\n<\/ul>\n\n\n\n<figure class=\"wp-block-image size-large\"><img loading=\"lazy\" decoding=\"async\" width=\"1024\" height=\"604\" src=\"https:\/\/blog.uclm.es\/saramago-toledo\/wp-content\/uploads\/sites\/206\/2025\/07\/Captura-de-pantalla-2025-07-28-093341-1024x604.png\" alt=\"\" class=\"wp-image-3051\" srcset=\"https:\/\/blog.uclm.es\/saramago-toledo\/wp-content\/uploads\/sites\/206\/2025\/07\/Captura-de-pantalla-2025-07-28-093341-1024x604.png 1024w, https:\/\/blog.uclm.es\/saramago-toledo\/wp-content\/uploads\/sites\/206\/2025\/07\/Captura-de-pantalla-2025-07-28-093341-300x177.png 300w, https:\/\/blog.uclm.es\/saramago-toledo\/wp-content\/uploads\/sites\/206\/2025\/07\/Captura-de-pantalla-2025-07-28-093341-768x453.png 768w, https:\/\/blog.uclm.es\/saramago-toledo\/wp-content\/uploads\/sites\/206\/2025\/07\/Captura-de-pantalla-2025-07-28-093341-500x295.png 500w, https:\/\/blog.uclm.es\/saramago-toledo\/wp-content\/uploads\/sites\/206\/2025\/07\/Captura-de-pantalla-2025-07-28-093341.png 1068w\" sizes=\"auto, (max-width: 1024px) 100vw, 1024px\" \/><\/figure>\n\n\n\n<ul class=\"wp-block-list\">\n<li><strong>Paso 8: Grupos. <\/strong>Seleccionar el grupo deseado si hay opci\u00f3n.<\/li>\n<\/ul>\n\n\n\n<figure class=\"wp-block-image size-large\"><img loading=\"lazy\" decoding=\"async\" width=\"1024\" height=\"435\" src=\"https:\/\/blog.uclm.es\/saramago-toledo\/wp-content\/uploads\/sites\/206\/2025\/07\/Captura-de-pantalla-2025-07-28-093501-1024x435.png\" alt=\"\" class=\"wp-image-3052\" srcset=\"https:\/\/blog.uclm.es\/saramago-toledo\/wp-content\/uploads\/sites\/206\/2025\/07\/Captura-de-pantalla-2025-07-28-093501-1024x435.png 1024w, https:\/\/blog.uclm.es\/saramago-toledo\/wp-content\/uploads\/sites\/206\/2025\/07\/Captura-de-pantalla-2025-07-28-093501-300x128.png 300w, https:\/\/blog.uclm.es\/saramago-toledo\/wp-content\/uploads\/sites\/206\/2025\/07\/Captura-de-pantalla-2025-07-28-093501-768x326.png 768w, https:\/\/blog.uclm.es\/saramago-toledo\/wp-content\/uploads\/sites\/206\/2025\/07\/Captura-de-pantalla-2025-07-28-093501-500x213.png 500w, https:\/\/blog.uclm.es\/saramago-toledo\/wp-content\/uploads\/sites\/206\/2025\/07\/Captura-de-pantalla-2025-07-28-093501.png 1075w\" sizes=\"auto, (max-width: 1024px) 100vw, 1024px\" \/><\/figure>\n\n\n\n<ul class=\"wp-block-list\">\n<li><strong>Paso 9: Econ\u00f3mico<\/strong>. Realizar el pago de manera electr\u00f3nica o mediante carta de pago.<\/li>\n<\/ul>\n\n\n\n<p>&#8211; <strong>Pago electr\u00f3nico: <\/strong>esta opci\u00f3n establece conexi\u00f3n con la pasarela de pago para que el   participante pueda pagar con tarjeta.<\/p>\n\n\n\n<p>&#8211; <strong>Generar carta de pago:<\/strong> esta opci\u00f3n genera una carta de pago que el participante tiene que descargar para abonarla en el banco. Si elige esta opci\u00f3n, es necesario adjuntar en el apartado \u00abDocumentaci\u00f3n\u00bb el justificante de pago una vez realizado.<\/p>\n\n\n\n<figure class=\"wp-block-image size-large\"><img loading=\"lazy\" decoding=\"async\" width=\"1024\" height=\"617\" src=\"https:\/\/blog.uclm.es\/saramago-toledo\/wp-content\/uploads\/sites\/206\/2025\/07\/Captura-de-pantalla-2025-07-28-093525-1024x617.png\" alt=\"\" class=\"wp-image-3053\" srcset=\"https:\/\/blog.uclm.es\/saramago-toledo\/wp-content\/uploads\/sites\/206\/2025\/07\/Captura-de-pantalla-2025-07-28-093525-1024x617.png 1024w, https:\/\/blog.uclm.es\/saramago-toledo\/wp-content\/uploads\/sites\/206\/2025\/07\/Captura-de-pantalla-2025-07-28-093525-300x181.png 300w, https:\/\/blog.uclm.es\/saramago-toledo\/wp-content\/uploads\/sites\/206\/2025\/07\/Captura-de-pantalla-2025-07-28-093525-768x463.png 768w, https:\/\/blog.uclm.es\/saramago-toledo\/wp-content\/uploads\/sites\/206\/2025\/07\/Captura-de-pantalla-2025-07-28-093525-498x300.png 498w, https:\/\/blog.uclm.es\/saramago-toledo\/wp-content\/uploads\/sites\/206\/2025\/07\/Captura-de-pantalla-2025-07-28-093525.png 1056w\" sizes=\"auto, (max-width: 1024px) 100vw, 1024px\" \/><\/figure>\n\n\n\n<ul class=\"wp-block-list\">\n<li><strong>Paso 10: Documentos. <\/strong>Este paso aparece por si es necesario que se agregue alg\u00fan documento.<\/li>\n<\/ul>\n\n\n\n<ul class=\"wp-block-list\">\n<li><strong>Paso 11: Resumen.<\/strong> En este apartado se muestra el resumen de la solicitud.<strong><mark style=\"background-color:#f6eb6c\" class=\"has-inline-color has-black-color\">&nbsp;Debe pulsar el bot\u00f3n \u00abFinalizar\u00bb para completar la solicitud.&nbsp;<\/mark><\/strong><\/li>\n<\/ul>\n\n\n\n<p><\/p>\n\n\n\n<p><strong>Para la preinscripci\u00f3n en el primer curso no se solicitar\u00e1 ning\u00fan pago, \u00e9ste tendr\u00e1 que hacerse una vez se haya confirmado la plaza realizando el procedimiento de matriculaci\u00f3n de manera similar.<\/strong><\/p>\n\n\n\n<p><\/p>\n\n\n\n<p>Si en alg\u00fan momento le aparece una pantalla con el mensaje \u00abNo encontrado\u00bb, por favor, vuelva a realizar el proceso indicado anteriormente.<\/p>\n\n\n\n<figure class=\"wp-block-image size-full\"><img loading=\"lazy\" decoding=\"async\" width=\"1024\" height=\"566\" src=\"https:\/\/blog.uclm.es\/saramago-toledo\/wp-content\/uploads\/sites\/206\/2025\/09\/Captura-de-pantalla-2025-09-02-095150.png\" alt=\"\" class=\"wp-image-3113\" srcset=\"https:\/\/blog.uclm.es\/saramago-toledo\/wp-content\/uploads\/sites\/206\/2025\/09\/Captura-de-pantalla-2025-09-02-095150.png 1024w, https:\/\/blog.uclm.es\/saramago-toledo\/wp-content\/uploads\/sites\/206\/2025\/09\/Captura-de-pantalla-2025-09-02-095150-300x166.png 300w, https:\/\/blog.uclm.es\/saramago-toledo\/wp-content\/uploads\/sites\/206\/2025\/09\/Captura-de-pantalla-2025-09-02-095150-768x425.png 768w, https:\/\/blog.uclm.es\/saramago-toledo\/wp-content\/uploads\/sites\/206\/2025\/09\/Captura-de-pantalla-2025-09-02-095150-500x276.png 500w\" sizes=\"auto, (max-width: 1024px) 100vw, 1024px\" \/><\/figure>\n\n\n\n<p><\/p>\n","protected":false},"excerpt":{"rendered":"<p>En estas instrucciones se indican los pasos para matricularse (o inscribirse) en cualquiera de los cursos del Programa Universitario Jos\u00e9 Saramago 50 Plus de forma online. PREINSCRIPCI\u00d3N O MATRICULACI\u00d3N EN CURSOS &#8211; Pago electr\u00f3nico: esta opci\u00f3n establece conexi\u00f3n con la &hellip; <a href=\"https:\/\/blog.uclm.es\/saramago-toledo\/instrucciones\/\">Sigue leyendo <span class=\"meta-nav\">&rarr;<\/span><\/a><\/p>\n","protected":false},"author":369,"featured_media":0,"parent":0,"menu_order":0,"comment_status":"closed","ping_status":"closed","template":"","meta":{"footnotes":""},"class_list":["post-1866","page","type-page","status-publish","hentry"],"_links":{"self":[{"href":"https:\/\/blog.uclm.es\/saramago-toledo\/wp-json\/wp\/v2\/pages\/1866","targetHints":{"allow":["GET"]}}],"collection":[{"href":"https:\/\/blog.uclm.es\/saramago-toledo\/wp-json\/wp\/v2\/pages"}],"about":[{"href":"https:\/\/blog.uclm.es\/saramago-toledo\/wp-json\/wp\/v2\/types\/page"}],"author":[{"embeddable":true,"href":"https:\/\/blog.uclm.es\/saramago-toledo\/wp-json\/wp\/v2\/users\/369"}],"replies":[{"embeddable":true,"href":"https:\/\/blog.uclm.es\/saramago-toledo\/wp-json\/wp\/v2\/comments?post=1866"}],"version-history":[{"count":27,"href":"https:\/\/blog.uclm.es\/saramago-toledo\/wp-json\/wp\/v2\/pages\/1866\/revisions"}],"predecessor-version":[{"id":3154,"href":"https:\/\/blog.uclm.es\/saramago-toledo\/wp-json\/wp\/v2\/pages\/1866\/revisions\/3154"}],"wp:attachment":[{"href":"https:\/\/blog.uclm.es\/saramago-toledo\/wp-json\/wp\/v2\/media?parent=1866"}],"curies":[{"name":"wp","href":"https:\/\/api.w.org\/{rel}","templated":true}]}}