{"id":112,"date":"2019-05-08T09:26:19","date_gmt":"2019-05-08T08:26:19","guid":{"rendered":"http:\/\/blog.uclm.es\/saramago-toledo\/?page_id=112"},"modified":"2019-05-08T09:26:19","modified_gmt":"2019-05-08T08:26:19","slug":"coral","status":"publish","type":"page","link":"https:\/\/blog.uclm.es\/saramago-toledo\/coral\/","title":{"rendered":"Coral"},"content":{"rendered":"<p>En esta p\u00e1gina presentamos informaci\u00f3n de contacto de la <strong>Coral de la Universidad de Mayores Jos\u00e9 Saramago<\/strong> de Toledo, as\u00ed como algunas de sus actuaciones.<\/p>\n<p><strong>P\u00e1gina web<\/strong>: <a href=\"http:\/\/www.corosaramagotoledo.es\/\">http:\/\/www.corosaramagotoledo.es\/<\/a><\/p>\n<p><strong>Correo electr\u00f3nico<\/strong>: <a href=\"mailto:cosarato@hotmail.com\">cosarato@hotmail.com<\/a><\/p>\n<p><strong>Facebook<\/strong>: <a href=\"https:\/\/www.facebook.com\/coro.toledo\">Coro Jose Saramago Toledo | Facebook<\/a><\/p>\n<p>https:\/\/www.youtube.com\/watch?v=G4V0CCMclQE&#038;feature=youtu.be<\/p>\n<p><img loading=\"lazy\" decoding=\"async\" class=\"alignnone size-full wp-image-433\" src=\"https:\/\/blog.uclm.es\/saramago-toledo\/wp-content\/uploads\/sites\/206\/2019\/12\/CARTEL-CONCIERTO-NAVIDAD-2019-LOS-CARMELITAS.jpeg\" alt=\"\" width=\"1536\" height=\"2048\" \/><\/p>\n<p><img loading=\"lazy\" decoding=\"async\" class=\"alignnone size-full wp-image-432\" src=\"https:\/\/blog.uclm.es\/saramago-toledo\/wp-content\/uploads\/sites\/206\/2019\/12\/cartel-arges-2019.jpg\" alt=\"\" width=\"720\" height=\"960\" \/> <img loading=\"lazy\" decoding=\"async\" class=\"alignnone size-full wp-image-434\" src=\"https:\/\/blog.uclm.es\/saramago-toledo\/wp-content\/uploads\/sites\/206\/2019\/12\/CONCIERTO-HUERTA-2019-2.jpg\" alt=\"\" width=\"1587\" height=\"2245\" \/><\/p>\n<p><img loading=\"lazy\" decoding=\"async\" class=\"alignnone size-full wp-image-428\" src=\"https:\/\/blog.uclm.es\/saramago-toledo\/wp-content\/uploads\/sites\/206\/2019\/12\/cartel-cobisa-2019.jpg\" alt=\"\" width=\"720\" height=\"960\" \/> <img loading=\"lazy\" decoding=\"async\" class=\"alignnone size-full wp-image-429\" src=\"https:\/\/blog.uclm.es\/saramago-toledo\/wp-content\/uploads\/sites\/206\/2019\/12\/Cartel-encuentro-corales-navidad-2019.jpg\" alt=\"\" width=\"960\" height=\"720\" \/>\u00a0<img loading=\"lazy\" decoding=\"async\" class=\"alignnone size-full wp-image-404\" src=\"https:\/\/blog.uclm.es\/saramago-toledo\/wp-content\/uploads\/sites\/206\/2019\/10\/CARTEL-CONCIERTO-CENTENARIO-ECEF.png\" alt=\"\" width=\"1127\" height=\"902\" srcset=\"https:\/\/blog.uclm.es\/saramago-toledo\/wp-content\/uploads\/sites\/206\/2019\/10\/CARTEL-CONCIERTO-CENTENARIO-ECEF.png 1127w, https:\/\/blog.uclm.es\/saramago-toledo\/wp-content\/uploads\/sites\/206\/2019\/10\/CARTEL-CONCIERTO-CENTENARIO-ECEF-300x240.png 300w, https:\/\/blog.uclm.es\/saramago-toledo\/wp-content\/uploads\/sites\/206\/2019\/10\/CARTEL-CONCIERTO-CENTENARIO-ECEF-1024x820.png 1024w, https:\/\/blog.uclm.es\/saramago-toledo\/wp-content\/uploads\/sites\/206\/2019\/10\/CARTEL-CONCIERTO-CENTENARIO-ECEF-768x615.png 768w, https:\/\/blog.uclm.es\/saramago-toledo\/wp-content\/uploads\/sites\/206\/2019\/10\/CARTEL-CONCIERTO-CENTENARIO-ECEF-375x300.png 375w\" sizes=\"auto, (max-width: 1127px) 100vw, 1127px\" \/><\/p>\n<p><img loading=\"lazy\" decoding=\"async\" class=\"alignnone size-full wp-image-384\" src=\"https:\/\/blog.uclm.es\/saramago-toledo\/wp-content\/uploads\/sites\/206\/2019\/10\/I-ENCUENTRO-INTERNACIONAL.jpg\" alt=\"\" width=\"1588\" height=\"2246\" srcset=\"https:\/\/blog.uclm.es\/saramago-toledo\/wp-content\/uploads\/sites\/206\/2019\/10\/I-ENCUENTRO-INTERNACIONAL.jpg 1588w, https:\/\/blog.uclm.es\/saramago-toledo\/wp-content\/uploads\/sites\/206\/2019\/10\/I-ENCUENTRO-INTERNACIONAL-212x300.jpg 212w, https:\/\/blog.uclm.es\/saramago-toledo\/wp-content\/uploads\/sites\/206\/2019\/10\/I-ENCUENTRO-INTERNACIONAL-724x1024.jpg 724w, https:\/\/blog.uclm.es\/saramago-toledo\/wp-content\/uploads\/sites\/206\/2019\/10\/I-ENCUENTRO-INTERNACIONAL-768x1086.jpg 768w, https:\/\/blog.uclm.es\/saramago-toledo\/wp-content\/uploads\/sites\/206\/2019\/10\/I-ENCUENTRO-INTERNACIONAL-1086x1536.jpg 1086w, https:\/\/blog.uclm.es\/saramago-toledo\/wp-content\/uploads\/sites\/206\/2019\/10\/I-ENCUENTRO-INTERNACIONAL-1448x2048.jpg 1448w\" sizes=\"auto, (max-width: 1588px) 100vw, 1588px\" \/><\/p>\n<p><img loading=\"lazy\" decoding=\"async\" class=\"alignnone size-full wp-image-326\" src=\"https:\/\/blog.uclm.es\/saramago-toledo\/wp-content\/uploads\/sites\/206\/2019\/07\/ConciertoCatedral.png\" alt=\"\" width=\"780\" height=\"588\" \/><\/p>\n<p><img loading=\"lazy\" decoding=\"async\" class=\"alignnone size-full wp-image-307\" src=\"https:\/\/blog.uclm.es\/saramago-toledo\/wp-content\/uploads\/sites\/206\/2019\/06\/Concierto-28-junio-19.jpg\" alt=\"\" width=\"1587\" height=\"2245\" srcset=\"https:\/\/blog.uclm.es\/saramago-toledo\/wp-content\/uploads\/sites\/206\/2019\/06\/Concierto-28-junio-19.jpg 1587w, https:\/\/blog.uclm.es\/saramago-toledo\/wp-content\/uploads\/sites\/206\/2019\/06\/Concierto-28-junio-19-212x300.jpg 212w, https:\/\/blog.uclm.es\/saramago-toledo\/wp-content\/uploads\/sites\/206\/2019\/06\/Concierto-28-junio-19-724x1024.jpg 724w, https:\/\/blog.uclm.es\/saramago-toledo\/wp-content\/uploads\/sites\/206\/2019\/06\/Concierto-28-junio-19-768x1086.jpg 768w, https:\/\/blog.uclm.es\/saramago-toledo\/wp-content\/uploads\/sites\/206\/2019\/06\/Concierto-28-junio-19-1086x1536.jpg 1086w, https:\/\/blog.uclm.es\/saramago-toledo\/wp-content\/uploads\/sites\/206\/2019\/06\/Concierto-28-junio-19-1448x2048.jpg 1448w\" sizes=\"auto, (max-width: 1587px) 100vw, 1587px\" \/><\/p>\n<p><img loading=\"lazy\" decoding=\"async\" class=\"alignnone size-full wp-image-305\" src=\"https:\/\/blog.uclm.es\/saramago-toledo\/wp-content\/uploads\/sites\/206\/2019\/06\/EncuentroParla.jpg\" alt=\"\" width=\"742\" height=\"1068\" srcset=\"https:\/\/blog.uclm.es\/saramago-toledo\/wp-content\/uploads\/sites\/206\/2019\/06\/EncuentroParla.jpg 742w, https:\/\/blog.uclm.es\/saramago-toledo\/wp-content\/uploads\/sites\/206\/2019\/06\/EncuentroParla-208x300.jpg 208w, https:\/\/blog.uclm.es\/saramago-toledo\/wp-content\/uploads\/sites\/206\/2019\/06\/EncuentroParla-711x1024.jpg 711w\" sizes=\"auto, (max-width: 742px) 100vw, 742px\" \/><\/p>\n<p><a href=\"https:\/\/www.youtube.com\/watch?v=9M3hcg0nnfo&amp;fbclid=IwAR2D9G3zVIYOhrmXXrFLHiWnjt9T56YFLSGYqfkt53tAugCNSf1M3WDCor0\" target=\"_blank\" rel=\"noopener noreferrer\"><img loading=\"lazy\" decoding=\"async\" class=\"alignnone size-full wp-image-117\" src=\"https:\/\/blog.uclm.es\/saramago-toledo\/wp-content\/uploads\/sites\/206\/2019\/05\/Concierto-de-Corales2019-1.jpg\" alt=\"\" width=\"1059\" height=\"603\" srcset=\"https:\/\/blog.uclm.es\/saramago-toledo\/wp-content\/uploads\/sites\/206\/2019\/05\/Concierto-de-Corales2019-1.jpg 1059w, https:\/\/blog.uclm.es\/saramago-toledo\/wp-content\/uploads\/sites\/206\/2019\/05\/Concierto-de-Corales2019-1-300x171.jpg 300w, https:\/\/blog.uclm.es\/saramago-toledo\/wp-content\/uploads\/sites\/206\/2019\/05\/Concierto-de-Corales2019-1-1024x583.jpg 1024w, https:\/\/blog.uclm.es\/saramago-toledo\/wp-content\/uploads\/sites\/206\/2019\/05\/Concierto-de-Corales2019-1-768x437.jpg 768w, https:\/\/blog.uclm.es\/saramago-toledo\/wp-content\/uploads\/sites\/206\/2019\/05\/Concierto-de-Corales2019-1-500x285.jpg 500w\" sizes=\"auto, (max-width: 1059px) 100vw, 1059px\" \/><\/a><br \/>\n<em>Actuaci\u00f3n del IV Encuentro M\u00fasica Coral Religiosa. 11 de abril de 2019, Iglesia de San Pedro M\u00e1rtir, Toledo<\/em><\/p>\n","protected":false},"excerpt":{"rendered":"<p>En esta p\u00e1gina presentamos informaci\u00f3n de contacto de la Coral de la Universidad de Mayores Jos\u00e9 Saramago de Toledo, as\u00ed como algunas de sus actuaciones. P\u00e1gina web: http:\/\/www.corosaramagotoledo.es\/ Correo electr\u00f3nico: cosarato@hotmail.com Facebook: Coro Jose Saramago Toledo | Facebook https:\/\/www.youtube.com\/watch?v=G4V0CCMclQE&#038;feature=youtu.be \u00a0 &hellip; <a href=\"https:\/\/blog.uclm.es\/saramago-toledo\/coral\/\">Sigue leyendo <span class=\"meta-nav\">&rarr;<\/span><\/a><\/p>\n","protected":false},"author":324,"featured_media":640,"parent":0,"menu_order":0,"comment_status":"closed","ping_status":"closed","template":"","meta":{"footnotes":""},"class_list":["post-112","page","type-page","status-publish","has-post-thumbnail","hentry"],"_links":{"self":[{"href":"https:\/\/blog.uclm.es\/saramago-toledo\/wp-json\/wp\/v2\/pages\/112","targetHints":{"allow":["GET"]}}],"collection":[{"href":"https:\/\/blog.uclm.es\/saramago-toledo\/wp-json\/wp\/v2\/pages"}],"about":[{"href":"https:\/\/blog.uclm.es\/saramago-toledo\/wp-json\/wp\/v2\/types\/page"}],"author":[{"embeddable":true,"href":"https:\/\/blog.uclm.es\/saramago-toledo\/wp-json\/wp\/v2\/users\/324"}],"replies":[{"embeddable":true,"href":"https:\/\/blog.uclm.es\/saramago-toledo\/wp-json\/wp\/v2\/comments?post=112"}],"version-history":[{"count":0,"href":"https:\/\/blog.uclm.es\/saramago-toledo\/wp-json\/wp\/v2\/pages\/112\/revisions"}],"wp:featuredmedia":[{"embeddable":true,"href":"https:\/\/blog.uclm.es\/saramago-toledo\/wp-json\/wp\/v2\/media\/640"}],"wp:attachment":[{"href":"https:\/\/blog.uclm.es\/saramago-toledo\/wp-json\/wp\/v2\/media?parent=112"}],"curies":[{"name":"wp","href":"https:\/\/api.w.org\/{rel}","templated":true}]}}