{"id":91,"date":"2020-03-03T13:48:20","date_gmt":"2020-03-03T12:48:20","guid":{"rendered":"http:\/\/blog.uclm.es\/saramago-cuenca\/?page_id=91"},"modified":"2026-03-26T17:58:12","modified_gmt":"2026-03-26T17:58:12","slug":"enlaces-utiles","status":"publish","type":"page","link":"https:\/\/blog.uclm.es\/saramago-cuenca\/enlaces-utiles\/","title":{"rendered":"Enlaces de inter\u00e9s"},"content":{"rendered":"\n\nhttps:\/\/www.facebook.com\/sharer\/sharer.php?u=https:\/\/www.facebook.com\/saramago.cuenca\/?viewas=100000686899395\n\n\n\n<h1 class=\"wp-block-heading\">ENLACES SOBRE EL USO DE LAS TECNOLOG\u00cdAS EN LA UCLM<\/h1>\n\n\n\n<ul class=\"wp-block-list\">\n<li><a href=\"https:\/\/mis.tic.uclm.es\/Credenciales\/recuperarCredenciales.aspx\">Enlace para recuperaci\u00f3n de credenciales UCLM<\/a>.<\/li>\n\n\n\n<li><a href=\"https:\/\/mis.tic.uclm.es\/credenciales\/inicioSesion.aspx?ReturnUrl=%2fcredenciales%2fdatosUsuario.aspx\">Enlace para actualizar datos (email y\/o tel\u00e9fono m\u00f3vil) para recuperaci\u00f3n de credenciales<\/a>.<\/li>\n\n\n\n<li><a href=\"https:\/\/campusvirtual.uclm.es\/\">Acceso a campus virtual UCLM<\/a>. En&nbsp;<em>Perfil<\/em>&nbsp;se puede ver el correo electr\u00f3nico UCLM.<\/li>\n\n\n\n<li><a href=\"https:\/\/pruebasaluuclm-my.sharepoint.com\/:b:\/g\/personal\/raquel_cervigon_uclm_es\/EfhsFVkvlJBDgo8dvylJsCgBZCFdJkDDAuYy79HUUmYb3A?e=0ZnR5A\">Manual de instrucciones paso a paso para la utilizaci\u00f3n de servicios de Tecnolog\u00edas de la Informaci\u00f3n y Comunicaci\u00f3n en la UCLM<\/a>. Incluye:\n<ul class=\"wp-block-list\">\n<li>C\u00f3mo recuperar las credenciales o contrase\u00f1a.<\/li>\n\n\n\n<li>C\u00f3mo acceder a Campus Virtual.<\/li>\n\n\n\n<li>C\u00f3mo acceder al servicio web de correo electr\u00f3nico.<\/li>\n<\/ul>\n<\/li>\n\n\n\n<li><a href=\"https:\/\/area.tic.uclm.es\/es\/Servicios\/Comunicaciones\/wifi\">Conexi\u00f3n a la wifi de la UCLM<\/a> (Eduroam).<\/li>\n\n\n\n<li><a href=\"https:\/\/www.facebook.com\/saramago.cuenca\" target=\"_blank\" rel=\"noreferrer noopener\">Facebook<\/a>&nbsp;Programa Jos\u00e9 Saramago Cuenca.<\/li>\n\n\n\n<li><a href=\"https:\/\/www.facebook.com\/uclm.es\" target=\"_blank\" rel=\"noreferrer noopener\">Facebook<\/a>&nbsp;UCLM.<\/li>\n<\/ul>\n\n\n\n<h1 class=\"wp-block-heading\">ENLACES SOBRE ACTIVIDADES CULTURALES EN LA UCLM<\/h1>\n\n\n\n<ul class=\"wp-block-list\">\n<li><a href=\"https:\/\/www.uclm.es\/Misiones\/CulturaDeporte\/CulturaUniversidad\/AgendaCultural\">Agenda Cultural del Vicerrectorado de Cultura, Deporte y Extensi\u00f3n Universitaria<\/a>.<\/li>\n\n\n\n<li><a href=\"https:\/\/blog.uclm.es\/cic\/\">Centro de Iniciativas Culturales<\/a>.<\/li>\n\n\n\n<li><a href=\"https:\/\/www.biblioteca.uclm.es\/actividades\">Actividades de la Biblioteca<\/a>.\n<ul class=\"wp-block-list\">\n<li><a href=\"https:\/\/www.biblioteca.uclm.es\/actividades\/club-lectura\">Club de lectura<\/a> del Servicio de Biblioteca del campus de Toledo.<\/li>\n<\/ul>\n<\/li>\n\n\n\n<li>Actividades recreativas y deportivas (<a href=\"https:\/\/www.uclm.es\/misiones\/culturadeporte\/deporte\/actividadesrecreativas\" target=\"_blank\" rel=\"noreferrer noopener\">aqu\u00ed<\/a>&nbsp;o&nbsp;<a href=\"https:\/\/www.uclm.es\/misiones\/culturadeporte\/deporte\/actividadesdeportivas\" target=\"_blank\" rel=\"noreferrer noopener\">aqu\u00ed<\/a>).<\/li>\n\n\n\n<li><a href=\"https:\/\/www.uclm.es\/Misiones\/LaUCLM\/Campus\/VidaCampus\">Otros recursos<\/a>.\n<ul class=\"wp-block-list\">\n<li><a href=\"https:\/\/www.uclm.es\/Misiones\/Internacional\/Inmersion_Linguistica\/centro-de-lenguas\/Aprende\">Aprende lenguas en el campus<\/a>.<\/li>\n\n\n\n<li><a href=\"https:\/\/www.uclm.es\/Misiones\/LaUCLM\/Institucional\/UCLMSaludable\">UCLM saludable<\/a>.<\/li>\n\n\n\n<li>Inscripci\u00f3n en cursos y actividades. <a href=\"https:\/\/cursosweb.uclm.es\/index.aspx\">Cursosweb<\/a>.<\/li>\n<\/ul>\n<\/li>\n<\/ul>\n","protected":false},"excerpt":{"rendered":"<p>https:\/\/www.facebook.com\/sharer\/sharer.php?u=https:\/\/www.facebook.com\/saramago.cuenca\/?viewas=100000686899395 ENLACES SOBRE EL USO DE LAS TECNOLOG\u00cdAS EN LA UCLM ENLACES SOBRE ACTIVIDADES CULTURALES EN LA UCLM<\/p>\n","protected":false},"author":200,"featured_media":301,"parent":0,"menu_order":0,"comment_status":"closed","ping_status":"closed","template":"","meta":{"footnotes":""},"class_list":["post-91","page","type-page","status-publish","has-post-thumbnail","hentry"],"_links":{"self":[{"href":"https:\/\/blog.uclm.es\/saramago-cuenca\/wp-json\/wp\/v2\/pages\/91","targetHints":{"allow":["GET"]}}],"collection":[{"href":"https:\/\/blog.uclm.es\/saramago-cuenca\/wp-json\/wp\/v2\/pages"}],"about":[{"href":"https:\/\/blog.uclm.es\/saramago-cuenca\/wp-json\/wp\/v2\/types\/page"}],"author":[{"embeddable":true,"href":"https:\/\/blog.uclm.es\/saramago-cuenca\/wp-json\/wp\/v2\/users\/200"}],"replies":[{"embeddable":true,"href":"https:\/\/blog.uclm.es\/saramago-cuenca\/wp-json\/wp\/v2\/comments?post=91"}],"version-history":[{"count":6,"href":"https:\/\/blog.uclm.es\/saramago-cuenca\/wp-json\/wp\/v2\/pages\/91\/revisions"}],"predecessor-version":[{"id":1400,"href":"https:\/\/blog.uclm.es\/saramago-cuenca\/wp-json\/wp\/v2\/pages\/91\/revisions\/1400"}],"wp:featuredmedia":[{"embeddable":true,"href":"https:\/\/blog.uclm.es\/saramago-cuenca\/wp-json\/wp\/v2\/media\/301"}],"wp:attachment":[{"href":"https:\/\/blog.uclm.es\/saramago-cuenca\/wp-json\/wp\/v2\/media?parent=91"}],"curies":[{"name":"wp","href":"https:\/\/api.w.org\/{rel}","templated":true}]}}