{"id":102,"date":"2017-01-25T08:51:03","date_gmt":"2017-01-25T07:51:03","guid":{"rendered":"http:\/\/blog.uclm.es\/santiagoexposito\/?page_id=102"},"modified":"2022-11-11T11:14:15","modified_gmt":"2022-11-11T10:14:15","slug":"congresos-y-conferencias","status":"publish","type":"page","link":"https:\/\/blog.uclm.es\/santiagoexposito\/congresos-y-conferencias\/","title":{"rendered":"Congresos y Conferencias"},"content":{"rendered":"<h1><strong>Tipos<\/strong><\/h1>\n<h2><strong>1. Contribuciones a Congresos Internacionales<\/strong><\/h2>\n<ul>\n<li>Autores: S.E. PAJE and J. LLOPIS<br \/>\nT\u00edtulo: Luminescence of YSZ Cristals<br \/>\nTipo de participaci\u00f3n:<br \/>\nCongreso: European ceramic Society Third conference, Madrid<br \/>\nPublicaci\u00f3n: Third Euro-Ceramics, Engineering Ceamics<br \/>\nLugar celebraci\u00f3n: Madrid, Espa\u00f1a<br \/>\nFecha: 1993<\/li>\n<\/ul>\n<ul>\n<li>Autores: S.E. PAJE and J. LLOPIS<br \/>\nT\u00edtulo: Time-resolved Spectroscopy of the Luminescence in Magnesia-stabilized Zirconi single Crystals<br \/>\nTipo de participaci\u00f3n:<br \/>\nCongreso: European Cearamic Society Forth conference<br \/>\nPublicaci\u00f3n: Fourth Euro-Ceramics, Basic Science. Optimisation of Properties and performance by Improved Design andMicrostructual Control<br \/>\nLugar celebraci\u00f3n: Riccione, Italy<br \/>\nFecha: 1995<\/li>\n<\/ul>\n<ul>\n<li>Autores: D. TORRES, S.E. PAJE and J. LLOPIS<br \/>\nT\u00edtulo: Optical Absorption and Photoluminescence of Single Crystals of Calcia-Stabilized Zirconia<br \/>\nTipo de participaci\u00f3n:<br \/>\nCongreso: European Ceramic Ssociety Forth Conference<br \/>\nPublicaci\u00f3n: Fourth Euro-Ceramics, Basic Science. Optimisation of Properties and Performance by Improved Desng and Microstructual Control<br \/>\nLugar celebraci\u00f3n: Riccione, Italy<br \/>\nFecha: 1995<\/li>\n<\/ul>\n<ul>\n<li>Autores: G. MORELL, R.S. KATIYAR, D. TORRES, S.E. PAJE and J. LLOPIS<br \/>\nT\u00edtulo: Characterization of Thrmochemically Reduced Cubic Zirconia<br \/>\nTipo de participaci\u00f3n:<br \/>\nCongreso: American Physical Societey (A.P.S.), Phonons-Raman scattering<br \/>\nPublicaci\u00f3n:<br \/>\nLugar celebraci\u00f3n: St. Louis, USA<br \/>\nFecha: 1996<\/li>\n<\/ul>\n<ul>\n<li>Autores: M.A. VILLEGAS, J.M.F. NAVARRO, S.E. PAJE and J. LLOPIS<br \/>\nT\u00edtulo: Photoluminescence of a Soda Lime Glass Exchanged with Silver<br \/>\nTipo de participaci\u00f3n:<br \/>\nCongreso: Deutche Bunsen-Gesellschft f\u00fcr Physikalische CEIME \u201cPhysical chemistry of glasses\u201d<br \/>\nPublicaci\u00f3n: Ver. Bunsenges. Phys. Chem.<br \/>\nLugar celebraci\u00f3n: Jena, Germany<br \/>\nFecha: 1996<\/li>\n<\/ul>\n<ul>\n<li>Autores: D. TORRES, S.E. PAJE, J. LLOPIS, G. MORELL and R.S. KATIYAR<br \/>\nT\u00edtulo: Raman Scattering Study of Termochemically reduced Y-Stabilized cubic ZrO2<br \/>\nTipo de participaci\u00f3n:<br \/>\nCongreso: XVth International Conference on Raman Spectroscopy Pittsburg<br \/>\nPublicaci\u00f3n:<br \/>\nLugar celebraci\u00f3n: Pennsylvania, USA<br \/>\nFecha: 1996<\/li>\n<\/ul>\n<ul>\n<li>Autores: S.E. PAJE, J. LLOPIS, M.A. VILLEGAS and J.M. FERN\u00c1NDEZ NAVARRO<br \/>\nT\u00edtulo: Optical Spectroscopy of Ag+Doped Glass Thermochemically treated<br \/>\nTipo de participaci\u00f3n:<br \/>\nCongreso: Xth International conference on Luminescence and Optical Spectroscopy of condensed Matter<br \/>\nPublicaci\u00f3n:<br \/>\nLugar celebraci\u00f3n: Prague, Czech Republic<br \/>\nFecha: 1996<\/li>\n<\/ul>\n<ul>\n<li>Autores: M.A. GARC\u00cdA, S.E. PAJE and J. LLOPIS<br \/>\nT\u00edtulo: Luminescence Properties of ZTA Ceramics<br \/>\nTipo de participaci\u00f3n:<br \/>\nCongreso: Xth Inernational Conference on Luminescence and Optical Spectroscopy of Condesed Matter<br \/>\nPublicaci\u00f3n: Journal of Luminescene<br \/>\nLugar celebraci\u00f3n: Prague, Czehc Republic<br \/>\nFecha: 1996<\/li>\n<\/ul>\n<ul>\n<li>Autores: D. TORRES, S.E. PAJE, J. LLOPIS, G. MORELL and R.S. KATILLAR<br \/>\nT\u00edtulo: Spectroscopic Study of CaSZ and YSZ Thermochemically reduced Crystals<br \/>\nTipo de participaci\u00f3n:<br \/>\nCongreso: Xth Inernational Conference on Luminescence and Optical Spectroscopy of Condesed Matter<br \/>\nPublicaci\u00f3n: Journal of Luminescence<br \/>\nLugar celebraci\u00f3n: Prague, Czech Republic<br \/>\nFecha: 1997<\/li>\n<\/ul>\n<ul>\n<li>Autores: C. GOUNTAUDIER, R. MONCORGE, S.E. PAJE, R. BURLOT, F.S. ERMENEUX, M.T. COHEN-ADAD and B. FERRAND<br \/>\nT\u00edtulo: Excited-state Absorption and Gain Properties of Nd3+Doped YVO4 single Crystals<br \/>\nTipo de participaci\u00f3n:<br \/>\nCongreso: International conference on F Elements<br \/>\nPublicaci\u00f3n: Abstract book<br \/>\nLugar celebraci\u00f3n: Paris, Francia<br \/>\nFecha: 1997<\/li>\n<\/ul>\n<ul>\n<li>Autores: M.A. GARC\u00cdA, S.E. PAJE, J. LLOPIS, M.A. VILLEGAS and J.M. FERN\u00c1NDEZ NAVARRO<br \/>\nT\u00edtulo: Optical Spectroscopy of Sol-Gel Coatings<br \/>\nTipo de participaci\u00f3n:<br \/>\nCongreso: Jornadas Hispano-Franc\u00e9s de Nuevos Materiales<br \/>\nPublicaci\u00f3n: Libro de res\u00famenes<br \/>\nLugar celebraci\u00f3n: Grenoble, Francia<br \/>\nFecha: 1997<\/li>\n<\/ul>\n<ul>\n<li>Autores: S.E. PAJE, M.A. GARC\u00cdA, J. LLOPIS, M.A. VILLEGAS and J.M. FERN\u00c1NDEZ NAVARRO<br \/>\nT\u00edtulo: Optical properties of As. Sb, sn and Ce coantaining Glasses Ions-Exchanged with Silver<br \/>\nTipo de participaci\u00f3n:<br \/>\nCongreso: Escuela Otto<br \/>\nPublicaci\u00f3n: Libro res\u00famenes<br \/>\nLugar celebraci\u00f3n: Jena, Alemania<br \/>\nFecha: 1998<\/li>\n<\/ul>\n<ul>\n<li>Autores: S.E. PAJE, M.A. GARC\u00cdA, J. LLOPIS, M.A. VILLEGAS and J.M. FERN\u00c1NDEZ NAVARRO<br \/>\nT\u00edtulo: Spectral Effects of Silver ion-Exchange on a Ce-Doped Glass<br \/>\nTipo de participaci\u00f3n:<br \/>\nCongreso: VIIth European congress of Solid State Chemistry<br \/>\nPublicaci\u00f3n: Libro res\u00famenes<br \/>\nLugar celebraci\u00f3n: Madrid, Espa\u00f1a<br \/>\nFecha: 1999<\/li>\n<\/ul>\n<ul>\n<li>Autores: M.A. GARC\u00cdA, S.E. PAJE, J. LLOPIS and M.A. VILLEGAS<br \/>\nT\u00edtulo: Optical Properties of Calcein-Doped Sol-Gel Silica Films<br \/>\nTipo de participaci\u00f3n:<br \/>\nCongreso: VIIth European congress of Solid Chemistry<br \/>\nPublicaci\u00f3n: Libro res\u00famenes<br \/>\nLugar celebraci\u00f3n: Madrid, Espa\u00f1a<br \/>\nFecha: 1999<\/li>\n<\/ul>\n<ul>\n<li>Autores: M.A.GARC\u00cdA, J. LLOPIS, M.A. VILLEGAS and S.E. PAJE<br \/>\nT\u00edtulo: Ingluence of Annealing on Optical Properties of Cerium Doped Soda-Lime. Silicate Glasses<br \/>\nTipo de participaci\u00f3n:<br \/>\nCongreso: ICFE 4<br \/>\nPublicaci\u00f3n: Libro res\u00famenes<br \/>\nLugar celebraci\u00f3n:<br \/>\nFecha: 2000<\/li>\n<\/ul>\n<ul>\n<li>Autores: M.A. GARC\u00cdA, J. LLOPIS and S.E. PAJE<br \/>\nT\u00edtulo: ZTA Ceramics: Zirconia and Cr3+Emissions as a Potential Probe to Evaluate Superficial Damage<br \/>\nTipo de participaci\u00f3n:<br \/>\nCongreso: Reencontr\u00e9 Fanco-Espagnole sur la Cimies et Phisique del l`\u00b4etat solide<br \/>\nPublicaci\u00f3n: Libro res\u00famenes<br \/>\nLugar celebraci\u00f3n:<br \/>\nFecha: 2000<\/li>\n<\/ul>\n<ul>\n<li>Autores: S.E. PAJE, J.P. ANDR\u00c9S, J.A. GONZ\u00c1LEZ, A.J. BARBERO, M.A. L\u00d3PEZ DE LA TORRE and J.M. RIVEIRO<br \/>\nT\u00edtulo: Effect of Sputtering Pressure on Magnetic properties and Microstructure of Ag-Fe Alloy<br \/>\nTipo de participaci\u00f3n:<br \/>\nCongreso: JEMS Joint European Magnetic Symposia<br \/>\nPublicaci\u00f3n:<br \/>\nLugar celebraci\u00f3n:<br \/>\nFecha: 2001<\/li>\n<\/ul>\n<ul>\n<li>Autores: M.A. ARRANZ, J.P. ANDR\u00c9S, J.A. DE TORO, S.E. PAJE M.A. L\u00d3PEZ DE LA TORRE and J.M. RIVEIRO<br \/>\nT\u00edtulo: Magnetic Properties and Microstructual Characterization of Granular Ag-Fe Alloys Prepared by sputtering<br \/>\nTipo de participaci\u00f3n:<br \/>\nCongreso: JEMS Joint European Magnetic Symposia<br \/>\nPublicaci\u00f3n:<br \/>\nLugar celebraci\u00f3n:<br \/>\nFecha: 2001<\/li>\n<\/ul>\n<ul>\n<li>Autores: M.A. GARC\u00cdA, M. GARC\u00cdA-HERAS, E. MONTERO, E. CANO, C. SADA, S.E.PAJE, G. DE MARCHI, M.A. VILLEGAS, J.M. GASTIDAS, P.MAZZOLDI Y J. LLOPIS<br \/>\nT\u00edtulo: Silver Nanoparticles Prepared Via Solg-Gel<br \/>\nTipo de participaci\u00f3n:<br \/>\nCongreso: TNT 2003<br \/>\nPublicaci\u00f3n:<br \/>\nLugar celebraci\u00f3n: Salamanca<br \/>\nFecha: 2003<\/li>\n<\/ul>\n<ul>\n<li>Autores: S.E.PAJE, F.TERAN, J.M. RIVEIRO, J.LLOPIS, M.A. GARCIA, M.C. MARCO DE LUCAS and L.SAVIOT<br \/>\nT\u00edtulo: Optical Properties of Sputtered Silver Granular Films<br \/>\nTipo de participaci\u00f3n:<br \/>\nCongreso: I Meeting on Applied Physics (APHYS-2003)<br \/>\nPublicaci\u00f3n:<br \/>\nLugar celebraci\u00f3n: Badajoz<br \/>\nFecha: 2003<\/li>\n<\/ul>\n<ul>\n<li>Autores: S. E. Paje, M. Bueno, F. Ter\u00e1n and U. Vi\u00f1uela.<br \/>\nT\u00edtulo: Influence of sound absorption on close proximity noise of porous pavement<br \/>\nTipo de participaci\u00f3n: Poster<br \/>\nCongreso: Meeting Acoustics\u00b408. (7th European Conference on Noise Control \u2013 Euronoise)<br \/>\nPublicaci\u00f3n:<br \/>\nLugar celebraci\u00f3n: Francia, Paris<br \/>\nFecha: 2008<\/li>\n<\/ul>\n<ul>\n<li>Autores: M. Bueno, F. Ter\u00e1n, U. Vi\u00f1uela, J. Luong and S. E. Paje.<br \/>\nT\u00edtulo: A first step toward a close proximity noise map<br \/>\nTipo de participaci\u00f3n: Poster<br \/>\nCongreso: Meeting Acoustics\u00b408. (7th European Conference on Noise Control \u2013 Euronoise)<br \/>\nPublicaci\u00f3n: Poster<br \/>\nLugar celebraci\u00f3n: Francia, Par\u00eds<br \/>\nFecha: 2008<\/li>\n<\/ul>\n<ul>\n<li>Autores: R. Mir\u00f3, F.E. P\u00e9rez-Jim\u00e9nez, A.H. Mart\u00ednez, O. Reyes-Ortiz, S. E. Paje and M. Bueno<br \/>\nT\u00edtulo: Effect of using crumb rubber bituminous mixes on functional characteristics of road pavements<br \/>\nTipo de participaci\u00f3n: Conferncia<br \/>\nCongreso: TRANSPOTANTION RESEARCH BOARD 88th ANNUAL MEETING<br \/>\nPublicaci\u00f3n:<br \/>\nLugar celebraci\u00f3n: Washington, D.C.<br \/>\nFecha: Enero 2009<\/li>\n<\/ul>\n<ul>\n<li>Autores: M. Bueno, U. Vi\u00f1uela , F. Ter\u00e1n, J. Luong, S. E. Paje<br \/>\nT\u00edtulo: Elaboraci\u00f3n de mapa de ruido de rodadura de Ciudad Real<br \/>\nTipo de participaci\u00f3n: Conferencia<br \/>\nCongreso: XV CILA \u2013 CONGRESO IBERO-LATINOAMERICANO DEL ASFALTO<br \/>\nPublicaci\u00f3n:<br \/>\nLugar celebraci\u00f3n: Lisboa<br \/>\nFecha: Noviembre 2009<\/li>\n<li>Autores: S. E. Paje, J. Luong, M. Bueno, F. Ter\u00e1n, U. Vi\u00f1uela, A. Costa, J.J. Potti<br \/>\nT\u00edtulo: Clasificaci\u00f3n ac\u00fastica de pavimentos para capas de rodadura con c\u00e1mara semianecoica<br \/>\nTipo de participaci\u00f3n: Conferencia<br \/>\nCongreso: XV CILA \u2013 CONGRESO IBERO-LATINOAMERICANO DEL ASFALTO<br \/>\nPublicaci\u00f3n:<br \/>\nLugar celebraci\u00f3n: Lisboa<br \/>\nFecha: Noviembre 2009<\/li>\n<\/ul>\n<ul>\n<li>Autores: S. E. Paje, J. Luong, M. Bueno, F. Ter\u00e1n, U. Vi\u00f1uela, J. Palomares, R.M. L\u00f3pez<br \/>\nT\u00edtulo: Influencia de la macrotextura de una capa rodadura delgada en la emisi\u00f3n sonora<br \/>\nTipo de participaci\u00f3n: Conferencia<br \/>\nCongreso: XV CILA \u2013 CONGRESO IBERO-LATINOAMERICANO DEL ASFALTO<br \/>\nPublicaci\u00f3n:<br \/>\nLugar celebraci\u00f3n: Lisboa<br \/>\nFecha: Noviembre 2009<\/li>\n<\/ul>\n<ul>\n<li>Autores: S. E. Paje, M. Bueno, F. Ter\u00e1n, R. Mir\u00f3, F. P\u00e9rez-Jim\u00e9nez, A.H. Mart\u00ednez<br \/>\nT\u00edtulo: Caracterizaci\u00f3n ac\u00fastica de mezclas bituminosas con polvo de caucho. Correlaci\u00f3n con textura<br \/>\nTipo de participaci\u00f3n:<br \/>\nCongreso: XV CILA \u2013 CONGRESO IBERO-LATINOAMERICANO DEL ASFALTO<br \/>\nPublicaci\u00f3n:<br \/>\nLugar celebraci\u00f3n: Lisboa<br \/>\nFecha: Noviembre 2009<\/li>\n<li>Autores:, M. Bueno, J. Luong, U. Vi\u00f1uela, F. Ter\u00e1n y S. E. Paje<br \/>\nT\u00edtulo: Road surface temperature influence on tire\/pavement close proximity noise<br \/>\nTipo de participaci\u00f3n: Poster<br \/>\nCongreso: INTERNOISE 2010<br \/>\nPublicaci\u00f3n:<br \/>\nLugar celebraci\u00f3n: Lisboa<br \/>\nFecha: Junio 2010<\/li>\n<\/ul>\n<ul>\n<li>Autores: J. Luong, M. Bueno, F. Ter\u00e1n, U. Vi\u00f1uela and S. E. Paje<br \/>\nT\u00edtulo: A study of the correlation between macrotexture and the tyre\/pavement close proximity noise<br \/>\nTipo de participaci\u00f3n: Poster<br \/>\nCongreso: INTERNOISE 2010<br \/>\nPublicaci\u00f3n:<br \/>\nLugar celebraci\u00f3n: Lisboa<br \/>\nFecha: Junio 2010<\/li>\n<\/ul>\n<ul>\n<li>Autores: J. Luong, M. Bueno, U. Vi\u00f1uela, F. Ter\u00e1n and S. E. Paje<br \/>\nT\u00edtulo: Impact of the Use of High Viscosity Modified Binder on Tire\/Road Noise Generation<br \/>\nTipo de participaci\u00f3n: Conferencia<br \/>\nCongreso: FORUM ACUSTICUM 2011<br \/>\nPublicaci\u00f3n:<br \/>\nLugar celebraci\u00f3n: Aalborg Dinamarca<br \/>\nFecha: Junio 2011<\/li>\n<\/ul>\n<ul>\n<li>Autores: J. Luong, M. Bueno, F. Ter\u00e1n, U. Vi\u00f1uela and S. E. Paje<br \/>\nT\u00edtulo: Relationship between Road Surface Macrotexture Characteristics and CPX Noise of a Bituminous gap-graded Mixture<br \/>\nTipo de participaci\u00f3n: Conferencia<br \/>\nCongreso: FORUM ACUSTICUM 2011<br \/>\nPublicaci\u00f3n:<br \/>\nLugar celebraci\u00f3n: Aalborg Dinamarca<br \/>\nFecha: Junio 2011<\/li>\n<\/ul>\n<h2><strong>2. Conferencias y seminarios por invitaci\u00f3n<\/strong><\/h2>\n<ul>\n<li><em>Mezclas bituminosas sonorreductoras. Impacto ac\u00fastico: consecuencias econ\u00f3micas<\/em>. Jornada t\u00e9cnica \u201cAsfaltos verdes. Soluciones en tiempos de crisis\u201d. Universidad de Castilla-La Mancha, 2011.&nbsp;(<a style=\"color: #3366ff\" href=\"http:\/\/www.uclm.es\/profesorado\/sexposito\/otros\/boletinVerdes.pdf\">enlace al bolet\u00edn de inscripci\u00f3n<\/a>)<\/li>\n<\/ul>\n<ul>\n<li><em>M\u00e9todos de caracterizaci\u00f3n del ruido de rodadura<\/em>. Curso de especializaci\u00f3n \u201cNovedades tecnol\u00f3gicas en mezclas bituminosas\u201d. Jornada \u201cEvaluaci\u00f3n de las caracter\u00edsticas superficiales y durabilidad de las mezclas bituminosas\u201d. Universidad de Castilla-La Mancha, 2010. (<a style=\"color: #3366ff\" href=\"http:\/\/www.uclm.es\/profesorado\/sexposito\/otros\/caract.pdf\">enlace al programa de la Jornada<\/a>)<\/li>\n<\/ul>\n<ul>\n<li><em>Correlaci\u00f3n de los perfiles de la textura de la carretera y del ruido de rodadura<\/em>. Jornada \u201cEnsayos de caracterizaci\u00f3n de las mezclas bituminosas\u201d. Aasefma, 2011. (<a style=\"color: #3366ff\" href=\"http:\/\/www.uclm.es\/profesorado\/sexposito\/otros\/novedades_bituminosas.pdf\">enlace al programa de la Jornada<\/a>)<\/li>\n<\/ul>\n<ul>\n<li><em>Monograf\u00eda n\u00ba 3, sobre el ruido y las mezclas <\/em><em>bituminosas<\/em>. I Sal\u00f3n de m\u00e1quinas de carreteras. Aasefma, 2009. (<a style=\"color: #3366ff\" href=\"http:\/\/www.uclm.es\/profesorado\/sexposito\/otros\/I_salon_maq.pdf\">enlace al programa de la Jornada<\/a>)<\/li>\n<li><em>Medidas de ruido de pavimentos mediante el m\u00e9todo de absorci\u00f3n por la Universidad de Castilla-La Mancha. <\/em>Jornadas t\u00e9cnicas \u201cIncidencia de la capa de rodadura en la reducci\u00f3n del ruido del tr\u00e1fico en carreteras\u201d. Ministerio de fomento, Ministerio de medio ambiente y Cedex, 2006. (<a style=\"color: #3366ff\" href=\"http:\/\/www.uclm.es\/profesorado\/sexposito\/otros\/incidencia.pdf\">enlace al programa de la Jornada<\/a>)<\/li>\n<\/ul>\n","protected":false},"excerpt":{"rendered":"<p>Tipos 1. Contribuciones a Congresos Internacionales Autores: S.E. PAJE and J. LLOPIS T\u00edtulo: Luminescence of YSZ Cristals Tipo de participaci\u00f3n: Congreso: European ceramic Society Third conference, Madrid Publicaci\u00f3n: Third Euro-Ceramics, Engineering Ceamics Lugar celebraci\u00f3n: Madrid, Espa\u00f1a Fecha: 1993 Autores: S.E. PAJE and J. LLOPIS T\u00edtulo: Time-resolved Spectroscopy of the Luminescence in Magnesia-stabilized Zirconi single Crystals &hellip; <\/p>\n<p class=\"link-more\"><a href=\"https:\/\/blog.uclm.es\/santiagoexposito\/congresos-y-conferencias\/\" class=\"more-link\">Continuar leyendo<span class=\"screen-reader-text\"> \u00abCongresos y Conferencias\u00bb<\/span><\/a><\/p>\n","protected":false},"author":6,"featured_media":0,"parent":0,"menu_order":0,"comment_status":"closed","ping_status":"closed","template":"","meta":{"footnotes":""},"class_list":["post-102","page","type-page","status-publish","hentry"],"_links":{"self":[{"href":"https:\/\/blog.uclm.es\/santiagoexposito\/wp-json\/wp\/v2\/pages\/102","targetHints":{"allow":["GET"]}}],"collection":[{"href":"https:\/\/blog.uclm.es\/santiagoexposito\/wp-json\/wp\/v2\/pages"}],"about":[{"href":"https:\/\/blog.uclm.es\/santiagoexposito\/wp-json\/wp\/v2\/types\/page"}],"author":[{"embeddable":true,"href":"https:\/\/blog.uclm.es\/santiagoexposito\/wp-json\/wp\/v2\/users\/6"}],"replies":[{"embeddable":true,"href":"https:\/\/blog.uclm.es\/santiagoexposito\/wp-json\/wp\/v2\/comments?post=102"}],"version-history":[{"count":4,"href":"https:\/\/blog.uclm.es\/santiagoexposito\/wp-json\/wp\/v2\/pages\/102\/revisions"}],"predecessor-version":[{"id":582,"href":"https:\/\/blog.uclm.es\/santiagoexposito\/wp-json\/wp\/v2\/pages\/102\/revisions\/582"}],"wp:attachment":[{"href":"https:\/\/blog.uclm.es\/santiagoexposito\/wp-json\/wp\/v2\/media?parent=102"}],"curies":[{"name":"wp","href":"https:\/\/api.w.org\/{rel}","templated":true}]}}