{"id":79,"date":"2019-10-29T00:02:31","date_gmt":"2019-10-28T23:02:31","guid":{"rendered":"http:\/\/blog.uclm.es\/robertomlacoba\/?page_id=79"},"modified":"2023-09-19T11:24:19","modified_gmt":"2023-09-19T10:24:19","slug":"lecturas-recomendadas-2","status":"publish","type":"page","link":"https:\/\/blog.uclm.es\/robertomlacoba\/lecturas-recomendadas-2\/","title":{"rendered":"Lecturas recomendadas"},"content":{"rendered":"<p><span style=\"font-size: large\">En este apartado te recomiendo algunas lecturas que he considerado \u00fatiles y que me han podido ayudar a mejorar mi formaci\u00f3n acad\u00e9mica o mi comprensi\u00f3n de la sociedad (o, simplemente, me han gustado).<\/span><br \/>\n<span style=\"font-size: large\"><br \/>\n<b>Ensayo<\/b><br \/>\n<\/span><\/p>\n<ul>\n<li><i>Por una econom\u00eda po\u00e9tica, de Luis Boada<\/i><\/li>\n<li><i>La guerra no tiene rostro de mujer, Svetlana Aleksi\u00e9vich<\/i><\/li>\n<li><i>Breve historia de la euforia financiera, JK Galbraith<\/i><\/li>\n<li><i>El dinero, JK Galbraith<\/i><\/li>\n<li><i>La sociedad opulenta, JK Galbraith<\/i><\/li>\n<li><i>Las venas abiertas de Am\u00e9rica Latina, E. Galeano<\/i><\/li>\n<li><i>Breve historia del mundo, E.H. Gombrich<\/i><\/li>\n<li><i>Chavs: la demonizaci\u00f3n de la clase obrera, O. Jones<\/i><\/li>\n<li><i>Grecia en el aire, P. Olalla<\/i><\/li>\n<li><i>Libertad y necesidad: introducci\u00f3n al estudio de la sociedad, Joan Robinson<\/i><\/li>\n<li><i>El valor del tiempo: \u00bfcu\u00e1ntas horas te faltan al d\u00eda?, M.A. Dur\u00e1n<\/i><\/li>\n<li><i>Econom\u00eda y filosof\u00eda, M. Bunge<\/i><\/li>\n<li><i>La venganza de los siervos, J. Casanova<\/i><\/li>\n<li><i>El control de los medios de comunicaci\u00f3n, N. Chomsky<\/i><\/li>\n<li><i>El reloj, el gato y Madagascar, J.L. Sampedro<\/i><\/li>\n<li><em>La tiran\u00eda del m\u00e9rito, M. J. Sandel<\/em><\/li>\n<li><em>Lo que el dinero no puede comprar, M. J. Sandel<\/em><\/li>\n<\/ul>\n<p><span style=\"font-size: large\"><b>Novela y teatro<\/b><\/span><\/p>\n<ul>\n<li><i>La hoja roja, Miguel Delibes<\/i><\/li>\n<li><i>1984, G. Orwell<\/i><\/li>\n<li><i>Un mundo feliz, A. Huxley<\/i><\/li>\n<li><i>La buena suerte, Tr\u00edas de Bes y otros<\/i><\/li>\n<li><i>Retablo de la avaricia, la lujuria y la muerte, Valle Incl\u00e1n<\/i><\/li>\n<li><em>La boda de los peque\u00f1os burgueses, B. Brecht<\/em><\/li>\n<li><em>La muerte de un viajante, A. Miller\u00a0<\/em>(esta obra es una maravilla)<\/li>\n<\/ul>\n<p><span style=\"font-size: large\"><b>C\u00f3mic<\/b><\/span><\/p>\n<ul>\n<li><i>Palestina, J. Sacco<\/i><\/li>\n<li><i>Watchmen, Moore y Gibbons<\/i><\/li>\n<li><i>Maus, Spiegelman<\/i><\/li>\n<li><em>Arrugas, P. Roca<\/em><\/li>\n<\/ul>\n","protected":false},"excerpt":{"rendered":"<p>En este apartado te recomiendo algunas lecturas que he considerado \u00fatiles y que me han podido ayudar a mejorar mi formaci\u00f3n acad\u00e9mica o mi comprensi\u00f3n de la sociedad (o, simplemente, me han gustado). Ensayo Por una econom\u00eda po\u00e9tica, de Luis Boada La guerra no tiene rostro de mujer, Svetlana Aleksi\u00e9vich Breve historia de la euforia &hellip; <a href=\"https:\/\/blog.uclm.es\/robertomlacoba\/lecturas-recomendadas-2\/\" class=\"more-link\">Seguir leyendo <span class=\"screen-reader-text\">Lecturas recomendadas<\/span> <span class=\"meta-nav\">&rarr;<\/span><\/a><\/p>\n","protected":false},"author":121,"featured_media":0,"parent":0,"menu_order":0,"comment_status":"closed","ping_status":"closed","template":"","meta":{"footnotes":""},"class_list":["post-79","page","type-page","status-publish","hentry"],"_links":{"self":[{"href":"https:\/\/blog.uclm.es\/robertomlacoba\/wp-json\/wp\/v2\/pages\/79","targetHints":{"allow":["GET"]}}],"collection":[{"href":"https:\/\/blog.uclm.es\/robertomlacoba\/wp-json\/wp\/v2\/pages"}],"about":[{"href":"https:\/\/blog.uclm.es\/robertomlacoba\/wp-json\/wp\/v2\/types\/page"}],"author":[{"embeddable":true,"href":"https:\/\/blog.uclm.es\/robertomlacoba\/wp-json\/wp\/v2\/users\/121"}],"replies":[{"embeddable":true,"href":"https:\/\/blog.uclm.es\/robertomlacoba\/wp-json\/wp\/v2\/comments?post=79"}],"version-history":[{"count":5,"href":"https:\/\/blog.uclm.es\/robertomlacoba\/wp-json\/wp\/v2\/pages\/79\/revisions"}],"predecessor-version":[{"id":433,"href":"https:\/\/blog.uclm.es\/robertomlacoba\/wp-json\/wp\/v2\/pages\/79\/revisions\/433"}],"wp:attachment":[{"href":"https:\/\/blog.uclm.es\/robertomlacoba\/wp-json\/wp\/v2\/media?parent=79"}],"curies":[{"name":"wp","href":"https:\/\/api.w.org\/{rel}","templated":true}]}}