{"id":342,"date":"2018-11-23T11:42:25","date_gmt":"2018-11-23T11:42:25","guid":{"rendered":"http:\/\/blog.uclm.es\/robertomlacoba\/?page_id=2"},"modified":"2023-07-18T12:29:16","modified_gmt":"2023-07-18T11:29:16","slug":"pagina-ejemplo-2","status":"publish","type":"page","link":"https:\/\/blog.uclm.es\/robertomlacoba\/pagina-ejemplo-2\/","title":{"rendered":"Docencia"},"content":{"rendered":"<p><span style=\"font-size: large\">En la UCLM, he impartido docencia en asignaturas del \u00e1rea de Econom\u00eda Financiera y Contabilidad en los grado de ADE, ECO y Doble Grado ECO-Derecho y tambi\u00e9n en distintos m\u00e1steres, cursos y t\u00edtulos propios.\u00a0 Algunas de ellas:<\/span><\/p>\n<ul>\n<li>Matem\u00e1ticas de las Operaciones Financieras en 1\u00ba de ADE<\/li>\n<li>Inversi\u00f3n y Financiaci\u00f3n en la Empresa en 2\u00ba de ADE<\/li>\n<li>Direcci\u00f3n Financiera en 3\u00ba de ADE<\/li>\n<li>Modelos Matem\u00e1ticos para las Finanzas en 4\u00ba de ECO<\/li>\n<li>Direcci\u00f3n Financiera en 5\u00ba del Doble Grado ECO-Derecho<\/li>\n<li>Bases de Investigaci\u00f3n en Econom\u00eda de la Salud (M\u00e1ster en Investigaci\u00f3n Sociosanitaria)<\/li>\n<li>Evaluaci\u00f3n econ\u00f3mica de pol\u00edticas sociosanitarias (M\u00e1ster en Investigaci\u00f3n Sociosanitaria)<\/li>\n<li>Gesti\u00f3n y planificaci\u00f3n financiera en el \u00e1mbito sociosanitario y control de calidad (M\u00e1ster en Investigaci\u00f3n Sociosanitaria)<\/li>\n<li>Medios de pago y financiaci\u00f3n en el comercio internacional (M\u00e1ster en Comercio Internacional y sus t\u00e9cnicas)<\/li>\n<li>Coorganizaci\u00f3n del seminario de Teatro y Econom\u00eda (\u00a1an\u00edmate y participa!)<\/li>\n<\/ul>\n","protected":false},"excerpt":{"rendered":"<p>En la UCLM, he impartido docencia en asignaturas del \u00e1rea de Econom\u00eda Financiera y Contabilidad en los grado de ADE, ECO y Doble Grado ECO-Derecho y tambi\u00e9n en distintos m\u00e1steres, cursos y t\u00edtulos propios.\u00a0 Algunas de ellas: Matem\u00e1ticas de las Operaciones Financieras en 1\u00ba de ADE Inversi\u00f3n y Financiaci\u00f3n en la Empresa en 2\u00ba de &hellip; <a href=\"https:\/\/blog.uclm.es\/robertomlacoba\/pagina-ejemplo-2\/\" class=\"more-link\">Seguir leyendo <span class=\"screen-reader-text\">Docencia<\/span> <span class=\"meta-nav\">&rarr;<\/span><\/a><\/p>\n","protected":false},"author":121,"featured_media":0,"parent":0,"menu_order":0,"comment_status":"closed","ping_status":"open","template":"","meta":{"footnotes":""},"class_list":["post-342","page","type-page","status-publish","hentry"],"_links":{"self":[{"href":"https:\/\/blog.uclm.es\/robertomlacoba\/wp-json\/wp\/v2\/pages\/342","targetHints":{"allow":["GET"]}}],"collection":[{"href":"https:\/\/blog.uclm.es\/robertomlacoba\/wp-json\/wp\/v2\/pages"}],"about":[{"href":"https:\/\/blog.uclm.es\/robertomlacoba\/wp-json\/wp\/v2\/types\/page"}],"author":[{"embeddable":true,"href":"https:\/\/blog.uclm.es\/robertomlacoba\/wp-json\/wp\/v2\/users\/121"}],"replies":[{"embeddable":true,"href":"https:\/\/blog.uclm.es\/robertomlacoba\/wp-json\/wp\/v2\/comments?post=342"}],"version-history":[{"count":8,"href":"https:\/\/blog.uclm.es\/robertomlacoba\/wp-json\/wp\/v2\/pages\/342\/revisions"}],"predecessor-version":[{"id":428,"href":"https:\/\/blog.uclm.es\/robertomlacoba\/wp-json\/wp\/v2\/pages\/342\/revisions\/428"}],"wp:attachment":[{"href":"https:\/\/blog.uclm.es\/robertomlacoba\/wp-json\/wp\/v2\/media?parent=342"}],"curies":[{"name":"wp","href":"https:\/\/api.w.org\/{rel}","templated":true}]}}