{"id":121,"date":"2019-10-29T07:50:13","date_gmt":"2019-10-29T06:50:13","guid":{"rendered":"http:\/\/blog.uclm.es\/robertomlacoba\/?page_id=121"},"modified":"2025-11-20T11:17:35","modified_gmt":"2025-11-20T10:17:35","slug":"divulgativa","status":"publish","type":"page","link":"https:\/\/blog.uclm.es\/robertomlacoba\/divulgativa\/","title":{"rendered":"Divulgativa"},"content":{"rendered":"<p>Hasta la fecha, he sido autor o coautor, entre otros, de los siguientes art\u00edculos de divulgaci\u00f3n:<\/p>\n<ul>\n<li><em>El cine: caleidoscopio de las migraciones<\/em> (octubre de 2018), en <a href=\"https:\/\/www.researchgate.net\/publication\/332345137_El_cine_caleidoscopio_de_las_migraciones\">el n\u00famero 130 de la revista Tiempo de Paz <\/a>, que pertenece al <a href=\"http:\/\/www.mpdl.org\/contenido\/no-130-demografia-problemas-sociales\">Movimiento por la Paz<\/a>.<\/li>\n<li><em>Los beneficios de la dieta mediterr\u00e1nea y su principal amenaza <\/em>(noviembre de 2018), en <a href=\"https:\/\/cardioteca.com\/lipidos-diabetes-blog\/riesgo-cardiovascular\/3209-los-beneficios-de-la-dieta-mediterranea-y-su-principal-amenaza.html\">Cardioteca<\/a>.<\/li>\n<li><em>Hipoteca inversa: C\u00f3mo, por qu\u00e9 y para qu\u00e9 <\/em>(octubre de 2019), en <a href=\"https:\/\/theconversation.com\/hipoteca-inversa-como-por-que-y-para-que-125674\">The Conversation <\/a>y que, adem\u00e1s ha sido replicado en otros medios, como en el <a href=\"https:\/\/blogs.publico.es\/otrasmiradas\/24716\/hipoteca-inversa-como-por-que-y-para-que\/\">Diario P\u00fablico<\/a>.<\/li>\n<li><em>\u00bfQu\u00e9 comen las personas mayores? Radiograf\u00eda sobre los h\u00e1bitos alimentarios a trav\u00e9s de la Encuesta Nacional de Salud de 2017, en <a href=\"https:\/\/cenie.eu\/es\/blogs\/envelhecer-em-sociedade\/o-que-e-que-pessoas-mais-velhas-comem-raio-x-sobre-habitos-alimentares\">Envejecer en sociedad <\/a>(2020).<\/em><\/li>\n<li><em>Envejecimiento, ingresos y vivienda en Espa\u00f1a: una mirada desde la SHARE, en <a href=\"https:\/\/cenie.eu\/es\/envejecimiento-ingresos-y-vivienda-en-espana-una-mirada-desde-la-share\">Envejecer en sociedad <\/a>(2020).<\/em><\/li>\n<li><em>Envejecimiento y sistemas de cuidados, en <a href=\"https:\/\/cenie.eu\/es\/node\/11030\">Envejecer en sociedad <\/a>(2020).<\/em><\/li>\n<li><em>A prop\u00f3sito del coronavirus: una reflexi\u00f3n sobre la necesidad de la investigaci\u00f3n y el pensamiento multidisciplinar, en <a href=\"https:\/\/www.aes.es\/blog\/2020\/04\/16\/a-proposito-del-coronavirus-una-reflexion-sobre-la-necesidad-de-la-investigacion-y-el-pensamiento-multidisciplinar\/\">Econom\u00eda y salud. Bolet\u00edn informativo n\u00ba95 <\/a>(2020).<\/em><\/li>\n<li><em>Recortes y pandemia: una mezcla peligrosa para mayores y dependientes, en <a href=\"https:\/\/theconversation.com\/recortes-y-pandemia-una-mezcla-peligrosa-para-mayores-y-dependientes-136298\">The Conversation <\/a>(2020).<\/em><\/li>\n<li><em>Sobre el cuidatoriado de Mar\u00eda \u00c1ngeles Dur\u00e1n, en <a href=\"https:\/\/cenie.eu\/es\/blogs\/envejecer-en-sociedad\/sobre-el-cuidatoriado-de-maria-angeles-duran\">Envejecer en sociedad <\/a>(2020).<\/em><\/li>\n<li><em>Envejecimiento y creaci\u00f3n de empleo: una oportunidad, en <a href=\"https:\/\/cenie.eu\/es\/blogs\/envejecer-en-sociedad\/envejecimiento-y-creacion-de-empleo-una-oportunidad\">Envejecer en sociedad<\/a> (2020).<\/em><\/li>\n<li><em>Cine y vejez: una (peque\u00f1a) revisi\u00f3n<\/em>, en<em> <a href=\"https:\/\/cenie.eu\/es\/cine-y-vejez-una-pequena-revision\">Envejecer en sociedad<\/a> <\/em>(2021)<em><br \/><\/em><br \/>Os invito a su lectura y, si quer\u00e9is discutir o comentar alguno de los temas, solo ten\u00e9is que contactarme.<\/li>\n<\/ul>\n<p>\u00a0<\/p>\n\n\n<p><\/p>\n","protected":false},"excerpt":{"rendered":"<p>Hasta la fecha, he sido autor o coautor, entre otros, de los siguientes art\u00edculos de divulgaci\u00f3n: El cine: caleidoscopio de las migraciones (octubre de 2018), en el n\u00famero 130 de la revista Tiempo de Paz , que pertenece al Movimiento por la Paz. Los beneficios de la dieta mediterr\u00e1nea y su principal amenaza (noviembre de &hellip; <a href=\"https:\/\/blog.uclm.es\/robertomlacoba\/divulgativa\/\" class=\"more-link\">Seguir leyendo <span class=\"screen-reader-text\">Divulgativa<\/span> <span class=\"meta-nav\">&rarr;<\/span><\/a><\/p>\n","protected":false},"author":121,"featured_media":0,"parent":0,"menu_order":0,"comment_status":"closed","ping_status":"closed","template":"","meta":{"footnotes":""},"class_list":["post-121","page","type-page","status-publish","hentry"],"_links":{"self":[{"href":"https:\/\/blog.uclm.es\/robertomlacoba\/wp-json\/wp\/v2\/pages\/121","targetHints":{"allow":["GET"]}}],"collection":[{"href":"https:\/\/blog.uclm.es\/robertomlacoba\/wp-json\/wp\/v2\/pages"}],"about":[{"href":"https:\/\/blog.uclm.es\/robertomlacoba\/wp-json\/wp\/v2\/types\/page"}],"author":[{"embeddable":true,"href":"https:\/\/blog.uclm.es\/robertomlacoba\/wp-json\/wp\/v2\/users\/121"}],"replies":[{"embeddable":true,"href":"https:\/\/blog.uclm.es\/robertomlacoba\/wp-json\/wp\/v2\/comments?post=121"}],"version-history":[{"count":6,"href":"https:\/\/blog.uclm.es\/robertomlacoba\/wp-json\/wp\/v2\/pages\/121\/revisions"}],"predecessor-version":[{"id":434,"href":"https:\/\/blog.uclm.es\/robertomlacoba\/wp-json\/wp\/v2\/pages\/121\/revisions\/434"}],"wp:attachment":[{"href":"https:\/\/blog.uclm.es\/robertomlacoba\/wp-json\/wp\/v2\/media?parent=121"}],"curies":[{"name":"wp","href":"https:\/\/api.w.org\/{rel}","templated":true}]}}