{"id":114,"date":"2019-10-29T07:45:14","date_gmt":"2019-10-29T06:45:14","guid":{"rendered":"http:\/\/blog.uclm.es\/robertomlacoba\/?page_id=114"},"modified":"2022-11-25T11:53:43","modified_gmt":"2022-11-25T10:53:43","slug":"opinion-y-otros","status":"publish","type":"page","link":"https:\/\/blog.uclm.es\/robertomlacoba\/opinion-y-otros\/","title":{"rendered":"Otros sitios donde encontrarme"},"content":{"rendered":"<p><font size=\"4\">Mi blog personal lo puedes encontrar <a href=\"https:\/\/uncuriosodepueblo.blogspot.com\/\">aqu\u00ed<\/a>, aunque ver\u00e1s que hace mucho que no escribo.<\/font><br \/>\n<font size=\"4\">Actualmente tambi\u00e9n participo en el blog <a href=\"https:\/\/cenie.eu\/es\/blogs\/envejecer-en-sociedad\/\"> Envejecer en Sociedad del CENIE <\/a>.<\/font><\/p>\n","protected":false},"excerpt":{"rendered":"<p>Mi blog personal lo puedes encontrar aqu\u00ed, aunque ver\u00e1s que hace mucho que no escribo. Actualmente tambi\u00e9n participo en el blog Envejecer en Sociedad del CENIE .<\/p>\n","protected":false},"author":121,"featured_media":0,"parent":0,"menu_order":0,"comment_status":"closed","ping_status":"closed","template":"","meta":{"footnotes":""},"class_list":["post-114","page","type-page","status-publish","hentry"],"_links":{"self":[{"href":"https:\/\/blog.uclm.es\/robertomlacoba\/wp-json\/wp\/v2\/pages\/114","targetHints":{"allow":["GET"]}}],"collection":[{"href":"https:\/\/blog.uclm.es\/robertomlacoba\/wp-json\/wp\/v2\/pages"}],"about":[{"href":"https:\/\/blog.uclm.es\/robertomlacoba\/wp-json\/wp\/v2\/types\/page"}],"author":[{"embeddable":true,"href":"https:\/\/blog.uclm.es\/robertomlacoba\/wp-json\/wp\/v2\/users\/121"}],"replies":[{"embeddable":true,"href":"https:\/\/blog.uclm.es\/robertomlacoba\/wp-json\/wp\/v2\/comments?post=114"}],"version-history":[{"count":1,"href":"https:\/\/blog.uclm.es\/robertomlacoba\/wp-json\/wp\/v2\/pages\/114\/revisions"}],"predecessor-version":[{"id":378,"href":"https:\/\/blog.uclm.es\/robertomlacoba\/wp-json\/wp\/v2\/pages\/114\/revisions\/378"}],"wp:attachment":[{"href":"https:\/\/blog.uclm.es\/robertomlacoba\/wp-json\/wp\/v2\/media?parent=114"}],"curies":[{"name":"wp","href":"https:\/\/api.w.org\/{rel}","templated":true}]}}