{"id":93,"date":"2018-09-24T19:37:24","date_gmt":"2018-09-24T18:37:24","guid":{"rendered":"http:\/\/blog.uclm.es\/repmult\/?page_id=93"},"modified":"2023-02-10T09:24:37","modified_gmt":"2023-02-10T08:24:37","slug":"subproyectos-coordinados","status":"publish","type":"page","link":"https:\/\/blog.uclm.es\/repmult\/subproyectos-coordinados\/","title":{"rendered":"Subproyectos coordinados"},"content":{"rendered":"<h2 style=\"text-align: justify\">Subproyectos coordinados<\/h2>\n<p style=\"text-align: justify\"><span style=\"font-family: Roboto;font-weight: normal;font-size: medium\">El proyecto es fruto de un esfuerzo de cooperaci\u00f3n de m\u00e1s de 45 investigadores de distintas especialidades y de hasta 15 universidades espa\u00f1olas y extranjeras (UC3M, UCLM, UCM, USAL, UPF, UPV, UV, UBU, Paris X, Utrecht, Campania, PUCP, Univ. Piura, Univ. Chile, Univ. Centroamericana), as\u00ed como de expertos asesores de distintos organismos internacionales (OIT, EUROSOCIAL, SISCA\u2026) y de otros juristas latinoamericanos expertos en la investigaci\u00f3n de violaciones de derechos humanos.<\/span><\/p>\n<p style=\"text-align: justify\"><span style=\"font-family: Roboto;font-weight: normal;font-size: medium\">La necesidad de un equipo amplio y multidisciplinar se explica porque la tem\u00e1tica del proyecto de investigaci\u00f3n, pese a su importancia, no ha sido desarrollada en los pa\u00edses\u00a0de la UE, y ello supone enfrentarse con nuevos problemas de muy diversa naturaleza.\u00a0El criterio central de divisi\u00f3n de tareas entre los dos proyectos es el siguiente<\/span><\/p>\n<p style=\"text-align: justify\"><span style=\"font-family: Roboto;font-weight: normal;font-size: medium\">&#8211; el proyecto coordinador (UCLM) abordar\u00e1 las cuestiones m\u00e1s directamente relacionadas con las nuevas obligaciones empresariales y el <em>compliance<\/em> (cumplimiento normativo, estados no financieros, derecho internacional econ\u00f3mico, responsabilidad social empresarial), as\u00ed como con las nuevas formas de sanciones a empresas y la delincuencia medioambiental;<\/span><\/p>\n<p style=\"text-align: justify\"><span style=\"font-family: Roboto;font-weight: normal;font-size: medium\">&#8211; el proyecto UC3M se centrar\u00e1 en los problemas que cabr\u00eda llamar m\u00e1s cl\u00e1sicamente penales: individualizaci\u00f3n y atribuci\u00f3n de la responsabilidad, por una parte, a las propias empresas (responsabilizaci\u00f3n de la matriz por la conducta de filiales o contratistas etc) y, por otra, a sus administradores (delegaci\u00f3n internacional y deberes de supervisi\u00f3n y control del delegante); se tratar\u00e1n tambi\u00e9n los problemas procesales que suscitan este tipo de fen\u00f3menos y, desde el punto de vista de la parte especial, los nuevos deberes que deben afrontar las empresas en la lucha contra las nuevas formas de esclavitud y contra la corrupci\u00f3n transnacional;<\/span><\/p>\n<p style=\"text-align: justify\"><span style=\"font-family: Roboto;font-weight: normal;font-size: medium\">&#8211; las investigaciones sobre casos de violaciones empresariales de derechos humanos en Latinoam\u00e9rica se dividen en dos: M\u00e9xico, Centroam\u00e9rica, Per\u00fa y Colombia son estudiados por el proyecto UC3M, mientras que UCLM se encarga del resto de los pa\u00edses y de la perspectiva europea.<\/span><\/p>\n","protected":false},"excerpt":{"rendered":"<p>Subproyectos coordinados El proyecto es fruto de un esfuerzo de cooperaci\u00f3n de m\u00e1s de 45 investigadores de distintas especialidades y de hasta 15 universidades espa\u00f1olas y extranjeras (UC3M, UCLM, UCM, USAL, UPF, UPV, UV, UBU, Paris X, Utrecht, Campania, PUCP, Univ. Piura, Univ. Chile, Univ. Centroamericana), as\u00ed como de expertos asesores de distintos organismos internacionales [&hellip;]<\/p>\n","protected":false},"author":269,"featured_media":0,"parent":0,"menu_order":0,"comment_status":"closed","ping_status":"closed","template":"","meta":{"footnotes":""},"class_list":["post-93","page","type-page","status-publish","hentry"],"_links":{"self":[{"href":"https:\/\/blog.uclm.es\/repmult\/wp-json\/wp\/v2\/pages\/93","targetHints":{"allow":["GET"]}}],"collection":[{"href":"https:\/\/blog.uclm.es\/repmult\/wp-json\/wp\/v2\/pages"}],"about":[{"href":"https:\/\/blog.uclm.es\/repmult\/wp-json\/wp\/v2\/types\/page"}],"author":[{"embeddable":true,"href":"https:\/\/blog.uclm.es\/repmult\/wp-json\/wp\/v2\/users\/269"}],"replies":[{"embeddable":true,"href":"https:\/\/blog.uclm.es\/repmult\/wp-json\/wp\/v2\/comments?post=93"}],"version-history":[{"count":2,"href":"https:\/\/blog.uclm.es\/repmult\/wp-json\/wp\/v2\/pages\/93\/revisions"}],"predecessor-version":[{"id":1157,"href":"https:\/\/blog.uclm.es\/repmult\/wp-json\/wp\/v2\/pages\/93\/revisions\/1157"}],"wp:attachment":[{"href":"https:\/\/blog.uclm.es\/repmult\/wp-json\/wp\/v2\/media?parent=93"}],"curies":[{"name":"wp","href":"https:\/\/api.w.org\/{rel}","templated":true}]}}