{"id":26,"date":"2018-09-02T10:49:46","date_gmt":"2018-09-02T09:49:46","guid":{"rendered":"http:\/\/blog.uclm.es\/repmult\/?page_id=26"},"modified":"2023-02-10T10:18:59","modified_gmt":"2023-02-10T09:18:59","slug":"enlaces","status":"publish","type":"page","link":"https:\/\/blog.uclm.es\/repmult\/enlaces\/","title":{"rendered":"Enlaces"},"content":{"rendered":"<h2>Enlaces relacionados<\/h2>\n<ul>\n<li><strong><a href=\"https:\/\/www.ohchr.org\/documents\/publications\/guidingprinciplesbusinesshr_sp.pdf\">Principios Rectores sobre las empresas y los Derechos Humanos: Puesta en pr\u00e1ctica del marco de las Naciones Unidas para \u00abproteger, respetar y remediar\u00bb, Naciones Unidas, Nueva York y Ginebra, 2011<\/a><\/strong><\/li>\n<li><a href=\"https:\/\/www.oecd.org\/daf\/inv\/mne\/MNEguidelinesESPANOL.pdf\"><strong>OCDE (2013) L\u00edneas Directrices de la OCDE para Empresas Multinacionales<\/strong><\/a><\/li>\n<li><a href=\"https:\/\/mneguidelines.oecd.org\/Guia-de-la-OCDE-de-debida-diligencia-para-una-conducta-empresarial-responsable.pdf\"><strong>OCDE (2018), Gu\u00eda de la OCDE de Debida Diligencia para una Conducta Empresarial Responsable<\/strong><\/a><\/li>\n<li><a href=\"https:\/\/trade.ec.europa.eu\/doclib\/docs\/2018\/august\/tradoc_157249.pdf\"><strong>OECD (2013), Gu\u00eda de diligencia debida de la OCDE para la gesti\u00f3n responsable de las cadenas de suministro de minerales procedentes de zonas de conflicto y de alto riesgo<\/strong><\/a><\/li>\n<li><a href=\"http:\/\/mneguidelines.oecd.org\/OECD-Due-Diligence-Guidance-Garment-Footwear.pdf\"><strong>OECD (2017), OECD Due Diligence Guidance for Responsible Supply Chains in the Garment and Footwear Sector<\/strong><\/a><\/li>\n<li><a href=\"http:\/\/www.fao.org\/fileadmin\/templates\/est\/Investment\/Guia_OCDE_FAO_.pdf\"><strong>OCDE\/FAO (2017), Gu\u00eda OCDE-FAO para las cadenas de suministro responsable en el sector agr\u00edcola<\/strong><\/a><\/li>\n<li><a href=\"https:\/\/eur-lex.europa.eu\/legal-content\/ES\/TXT\/?uri=CELEX%3A32020R1998\"><strong>Reglamento (UE) 2020\/1998 del Consejo de 7 de diciembre de 2020 relativo a medidas restrictivas contra violaciones y abusos graves de los derechos humanos, <em>OJ L 410I , 7.12.2020, p. 1\u201312<\/em><\/strong><\/a><\/li>\n<li id=\"title\"><a href=\"https:\/\/eur-lex.europa.eu\/legal-content\/ES\/TXT\/?uri=CELEX%3A32020D1999\"><strong>Decisi\u00f3n (PESC) 2020\/1999 del Consejo de 7 de diciembre de 2020 relativa a medidas restrictivas contra violaciones y abusos graves de los derechos humanos, <em>OJ L 410I , 7.12.2020, p. 13\u201319<\/em><\/strong><\/a><\/li>\n<li><a href=\"https:\/\/op.europa.eu\/en\/publication-detail\/-\/publication\/8ba0a8fd-4c83-11ea-b8b7-01aa75ed71a1\"><strong>Comisi\u00f3n Europea, Study on due diligence requeriments through thr dupply chain. Final Report. Published: 2020-02-20<\/strong><\/a><\/li>\n<li><a href=\"https:\/\/blog.uclm.es\/repmult\/wp-content\/uploads\/sites\/189\/2021\/03\/A-9-2021-0018_ES.pdf\"><strong>INFORME con recomendaciones destinadas a la Comisi\u00f3n sobre diligencia debida de las empresas y responsabilidad corporativa (2020\/2129(INL))<\/strong><\/a><\/li>\n<li><strong><a href=\"https:\/\/blog.uclm.es\/repmult\/wp-content\/uploads\/sites\/189\/2021\/02\/TA-9-2021-0014_ES.pdf\">Resoluci\u00f3n del Parlamento Europeo, de 20 de enero de 2021, sobre los derechos humanos y la democracia en el mundo y la pol\u00edtica de la Uni\u00f3n Europea al respecto \u2013 Informe anual 2019 (2020\/2208(INI))<\/a><\/strong><\/li>\n<li><a href=\"https:\/\/blog.uclm.es\/repmult\/wp-content\/uploads\/sites\/189\/2021\/01\/EcocideGB-072016.pdf\"><strong>L. Neyret (supervision), \u00abFrom ecocrimes to ecocide: protectin the environment through criminal law\u00bb, Cambridge Centre for Environment, Energy and Natural Resource Governance, C-EENRG Reports 2017-2<\/strong><\/a><\/li>\n<li><strong><a href=\"https:\/\/blog.uclm.es\/repmult\/wp-content\/uploads\/sites\/189\/2021\/01\/PropositiondeloiEcocide.pdf\">PROPOSITION DE LOI portant reconnaissance du crime d\u2019\u00e9cocide. Enregistr\u00e9 \u00e0 la Pr\u00e9sidence de l\u2019Assembl\u00e9e nationale le 22 octobre 2019<\/a><\/strong><\/li>\n<\/ul>\n<p>Los abogados internacionales<a href=\"https:\/\/en.wikipedia.org\/wiki\/Philippe_Sands\"> Philippe Sands QC<\/a> y<a href=\"https:\/\/en.wikipedia.org\/wiki\/Dior_Fall_Sow\"> Dior Fall Sow<\/a>* co-presiden un panel de expertos que trabajar\u00e1 en la definici\u00f3n jur\u00eddica del \u00abecocidio\u00bb como un posible crimen internacional que co-existir\u00eda con los Cr\u00edmenes de Guerra, el Genocidio y los Cr\u00edmenes Contra la Humanidad. Convocado por la Fundaci\u00f3n Stop Ecocidio a petici\u00f3n de varios parlamentarios de los partidos que gobiernan en Suecia, el panel se inici\u00f3 con trabajos preparatorios en noviembre de 2020, y estar\u00e1 listo para redactar la definici\u00f3n en los primeros meses de 2021.<\/p>\n<p>A petici\u00f3n del gobierno sueco, la Fundaci\u00f3n Stop Ecocidio ha convocado un panel de juristas expertos de renombre internacional para que realicen una\u00a0definici\u00f3n legal del crimen de ecocidio en un contexto internacional que sea \u00fatil a los gobiernos que planteen la enmienda al Estatuto de Roma para incluir este crimen bajo la jurisdicci\u00f3n de la Corte Penal Internacional.<\/p>\n<p><a href=\"https:\/\/www.protectoresdelatierra.org\/\">https:\/\/www.protectoresdelatierra.org\/<\/a><\/p>\n<p>Informaci\u00f3n sobre la creaci\u00f3n del panel en<\/p>\n<p><a href=\"https:\/\/www.protectoresdelatierra.org\/el-panel-de-expertos\">https:\/\/www.protectoresdelatierra.org\/el-panel-de-expertos<\/a><\/p>\n<p>Se trata de rellenar un breve formulario con la finalidad de contar con la m\u00e1xima cantidad de opiniones. El formulario estar\u00e1 disponible en el siguiente enlace hasta el 18 de febrero:<\/p>\n<p><a href=\"https:\/\/www.protectoresdelatierra.org\/consulta-publica\">https:\/\/www.protectoresdelatierra.org\/consulta-publica<\/a><\/p>\n<p>Otros proyectos de investigaci\u00f3n:<\/p>\n<p style=\"text-align: justify\"><span style=\"font-family: Roboto;font-weight: normal;font-size: medium\">&#8211; Victims and Corporations. Implementation of Directive 2012\/29\/EU for victims of corporate crimes and corporate violence.\u00a0<a href=\"http:\/\/www.victimsandcorporations.eu\/\">http:\/\/www.victimsandcorporations.eu\/<\/a><\/span><\/p>\n<p style=\"text-align: justify\"><span style=\"font-size: medium;font-family: Roboto;font-weight: normal\">Entidades interesadas:<\/span><\/p>\n<p style=\"text-align: justify\"><span style=\"font-family: Roboto;font-weight: normal;font-size: medium\">&#8211; OIT (Organizaci\u00f3n Mundial del Trabajo):<\/span><\/p>\n<p style=\"text-align: justify\"><span style=\"font-family: Roboto;font-weight: normal;font-size: medium\">La OIT (agencia especializada de Naciones Unidas) ha mostrado su inter\u00e9s en este Proyecto a trav\u00e9s de su oficina en Espa\u00f1a. Su inter\u00e9s se centra principalmente en c\u00f3mo la prevenci\u00f3n penal de las violaciones de los derechos humanos de los trabajadores por parte de empresas transnacionales (explotaci\u00f3n laboral,\u00a0 discriminaci\u00f3n laboral de la mujer, condiciones peligrosas o indignas, etc.) puede ayudar a la consecuci\u00f3n del 8\u00ba Objetivo de Desarrollo Sostenible ONU (trabajo decente para todos).<\/span><\/p>\n<p style=\"text-align: justify\"><span style=\"font-family: Roboto;font-weight: normal;font-size: medium\">&#8211; GMIES &#8211; Grupo de Monitoreo Independiente de El Salvador<\/span><\/p>\n<p style=\"text-align: justify\"><span style=\"font-family: Roboto;font-weight: normal;font-size: medium\">El GMIES, nacido en 1996, constituye la primera experiencia independiente de monitorizaci\u00f3n externa de las condiciones laborales en la maquila textil, realizado por organizaciones sociales. Su inter\u00e9s en los resultados de esta investigaci\u00f3n se centra en c\u00f3mo corresponsabilizar a las empresas transnacionales en relaci\u00f3n con las condiciones laborales de sus subcontratistas en el extranjero; y c\u00f3mo ello puede redundar en una mejora de las condiciones laborales en la maquila textil en Centroam\u00e9rica.<\/span><\/p>\n<p style=\"text-align: justify\"><span style=\"font-family: Roboto;font-weight: normal;font-size: medium\">&#8211; Observatorio Centroamericano de Desarrollo Social de la Secretar\u00eda de Integraci\u00f3n Social Centroamericana.<\/span><\/p>\n<p style=\"text-align: justify\"><span style=\"font-family: Roboto;font-weight: normal;font-size: medium\">El Observatorio Centroamericano de Desarrollo Social de la Secretar\u00eda de Integraci\u00f3n Social Centroamericana ha mostrado su inter\u00e9s en el Proyecto en la medida en que las herramientas preventivas que se propone investigar este proyecto pueden redundar en una mayor protecci\u00f3n internacional de los derechos de los trabajadores y en un mejor cumplimiento del eje social de los Objetivos de Desarrollo Sostenible, uno de los cuales es el trabajo decente.<\/span><\/p>\n<p style=\"text-align: justify\"><span style=\"font-family: Roboto;font-weight: normal;font-size: medium\">&#8211; OXFAM INTERMON<\/span><\/p>\n<p style=\"text-align: justify\"><span style=\"font-family: Roboto;font-weight: normal;font-size: medium\">Oxfam Interm\u00f3n ha manifestado su inter\u00e9s en los resultados de este proyecto por la repercusi\u00f3n que puede tener sobre la protecci\u00f3n de los derechos humanos en los pa\u00edses pobres la corresponsabilizaci\u00f3n de las empresas de los pa\u00edses desarrollados.<\/span><\/p>\n","protected":false},"excerpt":{"rendered":"<p>Enlaces relacionados Principios Rectores sobre las empresas y los Derechos Humanos: Puesta en pr\u00e1ctica del marco de las Naciones Unidas para \u00abproteger, respetar y remediar\u00bb, Naciones Unidas, Nueva York y Ginebra, 2011 OCDE (2013) L\u00edneas Directrices de la OCDE para Empresas Multinacionales OCDE (2018), Gu\u00eda de la OCDE de Debida Diligencia para una Conducta Empresarial [&hellip;]<\/p>\n","protected":false},"author":269,"featured_media":0,"parent":0,"menu_order":0,"comment_status":"closed","ping_status":"closed","template":"","meta":{"footnotes":""},"class_list":["post-26","page","type-page","status-publish","hentry"],"_links":{"self":[{"href":"https:\/\/blog.uclm.es\/repmult\/wp-json\/wp\/v2\/pages\/26","targetHints":{"allow":["GET"]}}],"collection":[{"href":"https:\/\/blog.uclm.es\/repmult\/wp-json\/wp\/v2\/pages"}],"about":[{"href":"https:\/\/blog.uclm.es\/repmult\/wp-json\/wp\/v2\/types\/page"}],"author":[{"embeddable":true,"href":"https:\/\/blog.uclm.es\/repmult\/wp-json\/wp\/v2\/users\/269"}],"replies":[{"embeddable":true,"href":"https:\/\/blog.uclm.es\/repmult\/wp-json\/wp\/v2\/comments?post=26"}],"version-history":[{"count":2,"href":"https:\/\/blog.uclm.es\/repmult\/wp-json\/wp\/v2\/pages\/26\/revisions"}],"predecessor-version":[{"id":1166,"href":"https:\/\/blog.uclm.es\/repmult\/wp-json\/wp\/v2\/pages\/26\/revisions\/1166"}],"wp:attachment":[{"href":"https:\/\/blog.uclm.es\/repmult\/wp-json\/wp\/v2\/media?parent=26"}],"curies":[{"name":"wp","href":"https:\/\/api.w.org\/{rel}","templated":true}]}}