{"id":32,"date":"2020-02-14T11:13:33","date_gmt":"2020-02-14T10:13:33","guid":{"rendered":"http:\/\/blog.uclm.es\/rafaelcamarillo\/?page_id=32"},"modified":"2025-03-05T13:03:52","modified_gmt":"2025-03-05T11:03:52","slug":"rafael-camarillo","status":"publish","type":"page","link":"https:\/\/blog.uclm.es\/rafaelcamarillo\/rafael-camarillo\/","title":{"rendered":"Rafael Camarillo"},"content":{"rendered":"\n<div class=\"wp-block-media-text alignwide is-stacked-on-mobile is-vertically-aligned-top\" style=\"grid-template-columns:33% auto\"><figure class=\"wp-block-media-text__media\"><img loading=\"lazy\" decoding=\"async\" width=\"474\" height=\"548\" src=\"https:\/\/blog.uclm.es\/rafaelcamarillo\/wp-content\/uploads\/sites\/68\/2020\/02\/detalle-tesis.jpg\" alt=\"\" class=\"wp-image-10 size-full\" srcset=\"https:\/\/blog.uclm.es\/rafaelcamarillo\/wp-content\/uploads\/sites\/68\/2020\/02\/detalle-tesis.jpg 474w, https:\/\/blog.uclm.es\/rafaelcamarillo\/wp-content\/uploads\/sites\/68\/2020\/02\/detalle-tesis-259x300.jpg 259w\" sizes=\"auto, (max-width: 474px) 100vw, 474px\" \/><\/figure><div class=\"wp-block-media-text__content\">\n<ul class=\"wp-block-list\">\n<li>Nac\u00ed en Alc\u00e1zar de San Juan (Ciudad Real)<\/li>\n\n\n\n<li>Estudi\u00e9 Ingenier\u00eda Qu\u00edmica en la <a href=\"https:\/\/www.uclm.es\/ciudad-real\/quimicas\">Facultad de Ciencias Qu\u00edmicas<\/a> de la <a href=\"https:\/\/www.uclm.es\/\">Universidad de Castilla-La Mancha<\/a> y me gradu\u00e9 con Premio Extraordinario (2000)<\/li>\n\n\n\n<li>Me doctor\u00e9 en <a href=\"http:\/\/diq.uclm.es\/\">Ingenier\u00eda Qu\u00edmica<\/a> por la UCLM (2005)<\/li>\n\n\n\n<li>He sido investigador postdoctoral en el <a href=\"https:\/\/iem.umontpellier.fr\/en\/\">Instituto Europeo de Membranas<\/a> (Montpellier, Francia, 2005) y en la <a href=\"https:\/\/www.fct.unl.pt\/\">Universidade Nova de Lisboa<\/a> (Portugal, 2007)<\/li>\n\n\n\n<li>Fui Vicedecano (2012-16) y Secretario Acad\u00e9mico (2016-21) en la <a href=\"https:\/\/www.uclm.es\/toledo\/mambiente\">Facultad de Ciencias Ambientales y Bioqu\u00edmica<\/a> de la UCLM<\/li>\n\n\n\n<li>Fui presidente y tesorero de la <a href=\"https:\/\/acmiq.copiqclm.com\/\">Asociaci\u00f3n Castellano-Manchega de Ingenieros Qu\u00edmicos<\/a> (ACMIQ)<\/li>\n<\/ul>\n\n\n\n<p>e-mail: <a href=\"mailto:rafael.camarillo@uclm.es\">rafael.camarillo@uclm.es<\/a><br>X: <a href=\"https:\/\/twitter.com\/RafaCamarilloIQ\">@rafacamarilloiq<\/a><\/p>\n<\/div><\/div>\n\n\n\n<p><\/p>\n","protected":false},"excerpt":{"rendered":"","protected":false},"author":139,"featured_media":0,"parent":0,"menu_order":0,"comment_status":"closed","ping_status":"closed","template":"","meta":{"footnotes":""},"class_list":["post-32","page","type-page","status-publish","hentry"],"_links":{"self":[{"href":"https:\/\/blog.uclm.es\/rafaelcamarillo\/wp-json\/wp\/v2\/pages\/32","targetHints":{"allow":["GET"]}}],"collection":[{"href":"https:\/\/blog.uclm.es\/rafaelcamarillo\/wp-json\/wp\/v2\/pages"}],"about":[{"href":"https:\/\/blog.uclm.es\/rafaelcamarillo\/wp-json\/wp\/v2\/types\/page"}],"author":[{"embeddable":true,"href":"https:\/\/blog.uclm.es\/rafaelcamarillo\/wp-json\/wp\/v2\/users\/139"}],"replies":[{"embeddable":true,"href":"https:\/\/blog.uclm.es\/rafaelcamarillo\/wp-json\/wp\/v2\/comments?post=32"}],"version-history":[{"count":5,"href":"https:\/\/blog.uclm.es\/rafaelcamarillo\/wp-json\/wp\/v2\/pages\/32\/revisions"}],"predecessor-version":[{"id":194,"href":"https:\/\/blog.uclm.es\/rafaelcamarillo\/wp-json\/wp\/v2\/pages\/32\/revisions\/194"}],"wp:attachment":[{"href":"https:\/\/blog.uclm.es\/rafaelcamarillo\/wp-json\/wp\/v2\/media?parent=32"}],"curies":[{"name":"wp","href":"https:\/\/api.w.org\/{rel}","templated":true}]}}

<div class="wp-block-media-text alignwide is-stacked-on-mobile is-vertically-aligned-top" style="grid-template-columns:33% auto"><figure class="wp-block-media-text__media"><img loading="lazy" decoding="async" width="474" height="548" src="https://blog.uclm.es/rafaelcamarillo/wp-content/uploads/sites/68/2020/02/detalle-tesis.jpg" alt="" class="wp-image-10 size-full" srcset="https://blog.uclm.es/rafaelcamarillo/wp-content/uploads/sites/68/2020/02/detalle-tesis.jpg 474w, https://blog.uclm.es/rafaelcamarillo/wp-content/uploads/sites/68/2020/02/detalle-tesis-259x300.jpg 259w" sizes="auto, (max-width: 474px) 100vw, 474px" /></figure><div class="wp-block-media-text__content">
<ul class="wp-block-list">
<li>Nací en Alcázar de San Juan (Ciudad Real)</li>



<li>Estudié Ingeniería Química en la <a href="https://www.uclm.es/ciudad-real/quimicas">Facultad de Ciencias Químicas</a> de la <a href="https://www.uclm.es/">Universidad de Castilla-La Mancha</a> y me gradué con Premio Extraordinario (2000)</li>



<li>Me doctoré en <a href="http://diq.uclm.es/">Ingeniería Química</a> por la UCLM (2005)</li>



<li>He sido investigador postdoctoral en el <a href="https://iem.umontpellier.fr/en/">Instituto Europeo de Membranas</a> (Montpellier, Francia, 2005) y en la <a href="https://www.fct.unl.pt/">Universidade Nova de Lisboa</a> (Portugal, 2007)</li>



<li>Fui Vicedecano (2012-16) y Secretario Académico (2016-21) en la <a href="https://www.uclm.es/toledo/mambiente">Facultad de Ciencias Ambientales y Bioquímica</a> de la UCLM</li>



<li>Fui presidente y tesorero de la <a href="https://acmiq.copiqclm.com/">Asociación Castellano-Manchega de Ingenieros Químicos</a> (ACMIQ)</li>
</ul>



<p>e-mail: <a href="mailto:rafael.camarillo@uclm.es">rafael.camarillo@uclm.es</a><br>X: <a href="https://twitter.com/RafaCamarilloIQ">@rafacamarilloiq</a></p>
</div></div>



<p></p>
