{"id":58,"date":"2020-06-30T11:50:44","date_gmt":"2020-06-30T10:50:44","guid":{"rendered":"http:\/\/blog.uclm.es\/rafaelbecerra\/?page_id=58"},"modified":"2020-06-30T11:50:44","modified_gmt":"2020-06-30T10:50:44","slug":"galeria-de-volcanes","status":"publish","type":"page","link":"https:\/\/blog.uclm.es\/rafaelbecerra\/galeria-de-volcanes\/","title":{"rendered":"GALER\u00cdA DE VOLCANES"},"content":{"rendered":"<p>[vc_row][vc_column][vc_column_text]<\/p>\n<p align=\"center\"><b><i><span style=\"color: #cc6600;font-family: Arial Black;font-size: large\">LOS VOLCANES DE LA REGI\u00d3N VOLC\u00c1NICA<\/span><\/i><\/b><\/p>\n<p align=\"center\"><b><i><span style=\"color: #cc6600;font-family: Arial Black;font-size: large\">DEL CAMPO DE CALATRAVA<\/span><\/i><\/b><\/p>\n<p align=\"center\"><span style=\"color: #cc6600;font-family: Arial Black;font-size: small\">Caracter\u00edsticas morfol\u00f3gicas y morfom\u00e9tricas de los\u00a0<b><i>Conos de Piroclastos<\/i><\/b>\u00a0calatravos (<i>Cinder Cones<\/i>)<\/span><\/p>\n<p align=\"center\"><span style=\"color: #ffffff;font-family: Arial Black\">RAFAEL BECERRA RAM\u00cdREZ\u00a9<\/span><\/p>\n<p align=\"center\"><a href=\"http:\/\/www.uclm.es\/\"><img loading=\"lazy\" decoding=\"async\" src=\"https:\/\/blog.uclm.es\/rafaelbecerra\/wp-content\/uploads\/sites\/24\/2020\/06\/image002.jpg\" width=\"183\" height=\"41\" border=\"0\" \/><\/a><\/p>\n<p align=\"center\"><span style=\"color: #ff9900;font-family: Arial Black\"><b>GALER\u00cdA DE VOLCANES CALATRAVOS<\/b><\/span><\/p>\n<p align=\"center\"><a href=\"https:\/\/blog.uclm.es\/rafaelbecerra\/wp-content\/uploads\/sites\/24\/2020\/07\/fuentillejo.jpeg\"><img loading=\"lazy\" decoding=\"async\" src=\"https:\/\/blog.uclm.es\/rafaelbecerra\/wp-content\/uploads\/sites\/24\/2020\/07\/fuentillejo.jpeg\" alt=\"Maar de Fuentillejo-La Posadilla\" width=\"900\" height=\"240\" border=\"0\" \/><\/a><\/p>\n<p align=\"center\"><a href=\"https:\/\/blog.uclm.es\/rafaelbecerra\/wp-content\/uploads\/sites\/24\/2020\/07\/Cerro-Pelado-scaled-1.jpg\"><img decoding=\"async\" src=\"https:\/\/blog.uclm.es\/rafaelbecerra\/wp-content\/uploads\/sites\/24\/2020\/07\/Cerro-Pelado-scaled-1.jpg\" alt=\"Cerro Pelado Volcano. &quot;The Volcanoes of Calatrava Massif&quot; Natural Monument.\" width=\"34%\" height=\"47%\" border=\"0\" \/><\/a>\u00a0\u00a0<a href=\"https:\/\/blog.uclm.es\/rafaelbecerra\/wp-content\/uploads\/sites\/24\/2020\/07\/pano-acebuche4-scaled-1.jpeg\"><img loading=\"lazy\" decoding=\"async\" src=\"https:\/\/blog.uclm.es\/rafaelbecerra\/wp-content\/uploads\/sites\/24\/2020\/07\/pano-acebuche4-scaled-1.jpeg\" alt=\" El Acebuche Maar. &quot;The Volcanoes of Calatrava Massif&quot; Natural Monument.\" width=\"824\" height=\"292\" border=\"0\" \/><\/a><\/p>\n<p align=\"center\"><span style=\"font-family: Arial\">Esta secci\u00f3n pretende ser una introducci\u00f3n a los estudios realizados por el grupo de investigaci\u00f3n GEOVOL del Dpto. de Geograf\u00eda y Ordenaci\u00f3n del Territorio de la Universidad de Castilla-La Mancha. Adem\u00e1s pretende complementar la ya conocida p\u00e1gina web de\u00a0<i><b><a href=\"http:\/\/www.uclm.es\/profesorado\/egcardenas\/\"><span style=\"color: #ffcc00\">Los Volcanes del Campo de Calatrava<\/span><\/a><\/b><\/i>.<\/span><\/p>\n<p align=\"center\"><i><span style=\"color: #ff9900;font-family: Arial\">DOCUMENTAL SOBRE LOS ESTUDIOS EN LA REGI\u00d3N VOLC\u00c1NICA DEL CAMPO DE CALATRAVA<\/span><\/i><\/p>\n<p align=\"center\"><a href=\"http:\/\/www.youtube.com\/watch?v=BKWKiNdJhXo\"><img loading=\"lazy\" decoding=\"async\" src=\"https:\/\/blog.uclm.es\/rafaelbecerra\/wp-content\/uploads\/sites\/24\/2020\/07\/j0236447_volcan_erupcion.gif\" width=\"92\" height=\"92\" border=\"0\" \/><\/a><\/p>\n<p align=\"center\"><i><span style=\"color: #ff9900;font-family: Arial\">IV REUNI\u00d3N DE LA RED ESPA\u00d1OLA DE VOLCANOLOG\u00cdA (Almagro, 2008)<\/span><\/i><\/p>\n<p align=\"center\"><a href=\"http:\/\/www.youtube.com\/watch?v=QsJ1mCbVnVI\"><img loading=\"lazy\" decoding=\"async\" src=\"https:\/\/blog.uclm.es\/rafaelbecerra\/wp-content\/uploads\/sites\/24\/2020\/07\/j0236447_volcan_erupcion.gif\" width=\"92\" height=\"92\" border=\"0\" \/><\/a><\/p>\n<p align=\"center\"><span style=\"font-family: Arial\">&#8230;EN CONSTRUCCI\u00d3N&#8230;.<\/span><\/p>\n<p align=\"center\"><img loading=\"lazy\" decoding=\"async\" src=\"https:\/\/blog.uclm.es\/rafaelbecerra\/wp-content\/uploads\/sites\/24\/2020\/07\/j0282861_volcan_lava.gif\" width=\"144\" height=\"113\" border=\"0\" \/><\/p>\n<p align=\"center\">************************************************************<\/p>\n<p align=\"center\"><b>\u00a1\u00a1ATENCI\u00d3N!!<\/b>: Todas las im\u00e1genes y documentos contenidos en esta p\u00e1gina web son propiedad intelectual del autor de la misma, Rafael Becerra Ram\u00edrez, y de la Universidad de Castilla-La Mancha. Todo aquel material extra\u00eddo de esta p\u00e1gina, deber\u00e1 ser debidamente referenciado, y su utilizaci\u00f3n o reproducci\u00f3n total o parcial en cualquier otro medio, deber\u00e1 ser autorizada por el autor.<\/p>\n<p align=\"center\"><span style=\"font-family: Arial Black\"><a href=\"https:\/\/blog.uclm.es\/rafaelbecerra\"><span style=\"color: #cc6600\">INICIO\u00a0\u00a0<\/span><\/a><\/span><img loading=\"lazy\" decoding=\"async\" src=\"http:\/\/blog.uclm.es\/rafaelbecerra\/files\/2020\/07\/j0183328_autobus.gif\" width=\"61\" height=\"62\" border=\"0\" \/><\/p>\n<p>[\/vc_column_text][\/vc_column][\/vc_row]<\/p>\n","protected":false},"excerpt":{"rendered":"<p>[vc_row][vc_column][vc_column_text] LOS VOLCANES DE LA REGI\u00d3N VOLC\u00c1NICA DEL CAMPO DE CALATRAVA Caracter\u00edsticas morfol\u00f3gicas y morfom\u00e9tricas de los\u00a0Conos de Piroclastos\u00a0calatravos (Cinder Cones) RAFAEL BECERRA RAM\u00cdREZ\u00a9 GALER\u00cdA DE VOLCANES CALATRAVOS \u00a0\u00a0 Esta secci\u00f3n pretende ser una introducci\u00f3n a los estudios realizados por &hellip; <a href=\"https:\/\/blog.uclm.es\/rafaelbecerra\/galeria-de-volcanes\/\">Sigue leyendo <span class=\"meta-nav\">&rarr;<\/span><\/a><\/p>\n","protected":false},"author":38,"featured_media":0,"parent":0,"menu_order":0,"comment_status":"closed","ping_status":"closed","template":"","meta":{"footnotes":""},"class_list":["post-58","page","type-page","status-publish","hentry"],"_links":{"self":[{"href":"https:\/\/blog.uclm.es\/rafaelbecerra\/wp-json\/wp\/v2\/pages\/58","targetHints":{"allow":["GET"]}}],"collection":[{"href":"https:\/\/blog.uclm.es\/rafaelbecerra\/wp-json\/wp\/v2\/pages"}],"about":[{"href":"https:\/\/blog.uclm.es\/rafaelbecerra\/wp-json\/wp\/v2\/types\/page"}],"author":[{"embeddable":true,"href":"https:\/\/blog.uclm.es\/rafaelbecerra\/wp-json\/wp\/v2\/users\/38"}],"replies":[{"embeddable":true,"href":"https:\/\/blog.uclm.es\/rafaelbecerra\/wp-json\/wp\/v2\/comments?post=58"}],"version-history":[{"count":0,"href":"https:\/\/blog.uclm.es\/rafaelbecerra\/wp-json\/wp\/v2\/pages\/58\/revisions"}],"wp:attachment":[{"href":"https:\/\/blog.uclm.es\/rafaelbecerra\/wp-json\/wp\/v2\/media?parent=58"}],"curies":[{"name":"wp","href":"https:\/\/api.w.org\/{rel}","templated":true}]}}