{"id":391,"date":"2020-05-06T08:47:44","date_gmt":"2020-05-06T07:47:44","guid":{"rendered":"http:\/\/blog.uclm.es\/proyectospeculum\/?page_id=391"},"modified":"2020-05-06T08:47:44","modified_gmt":"2020-05-06T07:47:44","slug":"informes-y-analisis","status":"publish","type":"page","link":"https:\/\/blog.uclm.es\/proyectospeculum\/informes-y-analisis\/","title":{"rendered":"INFORMES Y AN\u00c1LISIS"},"content":{"rendered":"\n<p><strong><a href=\"http:\/\/blog.uclm.es\/proyectospeculum\/europeismo-y-ciencia\/\">Europe\u00edsmo y ciencia<\/a><\/strong> <strong><br \/><\/strong>Si indagamos en el origen de lo que en la actualidad conocemos como liderazgo, llegamos necesariamente a la Oratoria y la Ret\u00f3rica, dos disciplinas esencialmente pol\u00edticas y ligadas de forma natural a la democracia desde la Antig\u00fcedad cl\u00e1sica <a href=\"http:\/\/blog.uclm.es\/proyectospeculum\/europeismo-y-ciencia\/\">[seguir leyendo]<\/a>\u00a0     \u00a0  <\/p>\n","protected":false},"excerpt":{"rendered":"<p>Europe\u00edsmo y ciencia Si indagamos en el origen de lo que en la actualidad conocemos como liderazgo, llegamos necesariamente a la Oratoria y la Ret\u00f3rica, dos disciplinas esencialmente pol\u00edticas y ligadas de forma natural a la democracia desde la Antig\u00fcedad &hellip; <a href=\"https:\/\/blog.uclm.es\/proyectospeculum\/informes-y-analisis\/\">Sigue leyendo <span class=\"meta-nav\">&rarr;<\/span><\/a><\/p>\n","protected":false},"author":31,"featured_media":0,"parent":0,"menu_order":0,"comment_status":"closed","ping_status":"closed","template":"","meta":{"footnotes":""},"class_list":["post-391","page","type-page","status-publish","hentry"],"_links":{"self":[{"href":"https:\/\/blog.uclm.es\/proyectospeculum\/wp-json\/wp\/v2\/pages\/391","targetHints":{"allow":["GET"]}}],"collection":[{"href":"https:\/\/blog.uclm.es\/proyectospeculum\/wp-json\/wp\/v2\/pages"}],"about":[{"href":"https:\/\/blog.uclm.es\/proyectospeculum\/wp-json\/wp\/v2\/types\/page"}],"author":[{"embeddable":true,"href":"https:\/\/blog.uclm.es\/proyectospeculum\/wp-json\/wp\/v2\/users\/31"}],"replies":[{"embeddable":true,"href":"https:\/\/blog.uclm.es\/proyectospeculum\/wp-json\/wp\/v2\/comments?post=391"}],"version-history":[{"count":0,"href":"https:\/\/blog.uclm.es\/proyectospeculum\/wp-json\/wp\/v2\/pages\/391\/revisions"}],"wp:attachment":[{"href":"https:\/\/blog.uclm.es\/proyectospeculum\/wp-json\/wp\/v2\/media?parent=391"}],"curies":[{"name":"wp","href":"https:\/\/api.w.org\/{rel}","templated":true}]}}

INFORMES Y ANÁLISIS

<p><strong><a href="http://blog.uclm.es/proyectospeculum/europeismo-y-ciencia/">Europeísmo y ciencia</a></strong> <strong><br /></strong>Si indagamos en el origen de lo que en la actualidad conocemos como liderazgo, llegamos necesariamente a la Oratoria y la Retórica, dos disciplinas esencialmente políticas y ligadas de forma natural a la democracia desde la Antigüedad clásica <a href="http://blog.uclm.es/proyectospeculum/europeismo-y-ciencia/">[seguir leyendo]</a>         </p>

<p>Europeísmo y ciencia Si indagamos en el origen de lo que en la actualidad conocemos como liderazgo, llegamos necesariamente a la Oratoria y la Retórica, dos disciplinas esencialmente políticas y ligadas de forma natural a la democracia desde la Antigüedad &hellip; <a href="https://blog.uclm.es/proyectospeculum/informes-y-analisis/">Sigue leyendo <span class="meta-nav">&rarr;</span></a></p>
