{"id":9,"date":"2023-02-07T22:12:07","date_gmt":"2023-02-07T22:12:07","guid":{"rendered":"https:\/\/blog.uclm.es\/proyectoseteden2diesel\/?page_id=9"},"modified":"2023-02-08T06:02:04","modified_gmt":"2023-02-08T06:02:04","slug":"inicio","status":"publish","type":"page","link":"https:\/\/blog.uclm.es\/proyectoseteden2diesel\/","title":{"rendered":"Main page"},"content":{"rendered":"\n<p><strong>T\u00cdTULO DEL PROYECTO (<\/strong><strong>ACR\u00d3NIMO<\/strong><strong>): <\/strong>Adaptando la tecnolog\u00eda EDEN\u00ae a la reduci\u00f3n de la huella de carbono de motores diesel en el sector del transporte (SetEden2Diesel)<\/p>\n\n\n\n<p><strong><em>TITLE OF THE PROJECT (ACRONYM): <\/em><\/strong><strong>Set<\/strong>ting <strong>EDEN\u00ae<\/strong> technology <strong>to<\/strong> reduce the carbon footprint of <strong>diesel<\/strong> engines in the transport sector (SetEDEN2Diesel)<\/p>\n\n\n\n<p>TED2021-131630B-I00<\/p>\n\n\n\n<p><\/p>\n\n\n\n<figure class=\"wp-block-image size-full\"><img loading=\"lazy\" decoding=\"async\" width=\"692\" height=\"118\" src=\"https:\/\/blog.uclm.es\/proyectoseteden2diesel\/wp-content\/uploads\/sites\/243\/2023\/02\/logoministerio.jpg\" alt=\"\" class=\"wp-image-49\" srcset=\"https:\/\/blog.uclm.es\/proyectoseteden2diesel\/wp-content\/uploads\/sites\/243\/2023\/02\/logoministerio.jpg 692w, https:\/\/blog.uclm.es\/proyectoseteden2diesel\/wp-content\/uploads\/sites\/243\/2023\/02\/logoministerio-300x51.jpg 300w\" sizes=\"auto, (max-width: 692px) 100vw, 692px\" \/><\/figure>\n","protected":false},"excerpt":{"rendered":"<p>T\u00cdTULO DEL PROYECTO (ACR\u00d3NIMO): Adaptando la tecnolog\u00eda EDEN\u00ae a la reduci\u00f3n de la huella de carbono de motores diesel en el sector del transporte (SetEden2Diesel) TITLE OF THE PROJECT (ACRONYM): Setting EDEN\u00ae technology to reduce the carbon footprint of diesel engines in the transport sector (SetEDEN2Diesel) TED2021-131630B-I00<\/p>\n","protected":false},"author":213,"featured_media":0,"parent":0,"menu_order":0,"comment_status":"closed","ping_status":"closed","template":"","meta":{"footnotes":""},"class_list":["post-9","page","type-page","status-publish","hentry"],"_links":{"self":[{"href":"https:\/\/blog.uclm.es\/proyectoseteden2diesel\/wp-json\/wp\/v2\/pages\/9","targetHints":{"allow":["GET"]}}],"collection":[{"href":"https:\/\/blog.uclm.es\/proyectoseteden2diesel\/wp-json\/wp\/v2\/pages"}],"about":[{"href":"https:\/\/blog.uclm.es\/proyectoseteden2diesel\/wp-json\/wp\/v2\/types\/page"}],"author":[{"embeddable":true,"href":"https:\/\/blog.uclm.es\/proyectoseteden2diesel\/wp-json\/wp\/v2\/users\/213"}],"replies":[{"embeddable":true,"href":"https:\/\/blog.uclm.es\/proyectoseteden2diesel\/wp-json\/wp\/v2\/comments?post=9"}],"version-history":[{"count":4,"href":"https:\/\/blog.uclm.es\/proyectoseteden2diesel\/wp-json\/wp\/v2\/pages\/9\/revisions"}],"predecessor-version":[{"id":50,"href":"https:\/\/blog.uclm.es\/proyectoseteden2diesel\/wp-json\/wp\/v2\/pages\/9\/revisions\/50"}],"wp:attachment":[{"href":"https:\/\/blog.uclm.es\/proyectoseteden2diesel\/wp-json\/wp\/v2\/media?parent=9"}],"curies":[{"name":"wp","href":"https:\/\/api.w.org\/{rel}","templated":true}]}}