{"id":16,"date":"2023-02-07T22:19:08","date_gmt":"2023-02-07T22:19:08","guid":{"rendered":"https:\/\/blog.uclm.es\/proyectoseteden2diesel\/?page_id=16"},"modified":"2023-02-08T05:56:15","modified_gmt":"2023-02-08T05:56:15","slug":"equipo-de-investigacion","status":"publish","type":"page","link":"https:\/\/blog.uclm.es\/proyectoseteden2diesel\/equipo-de-investigacion\/","title":{"rendered":"Research Team"},"content":{"rendered":"\n<p><strong>Research Team Members<\/strong><\/p>\n\n\n\n<p>The <strong>six full-time research team (RTM) members<\/strong> are:<\/p>\n\n\n\n<p><strong>MAR:<\/strong> Manuel A. Rodrigo; <strong>JLB:<\/strong> Justo Lobato; <strong>PCC: <\/strong>Pablo Ca\u00f1izares; <strong>CSJ: <\/strong>Cristina S\u00e1ez; <strong>CMF:<\/strong> Carmen M. Fern\u00e1ndez; <strong>ELF: <\/strong>Engracia Lacasa) <\/p>\n\n\n\n<p><\/p>\n\n\n\n<p>This team is <strong>working togegher for a very long period and it has successfully faced many challenges in different projects<\/strong>. <\/p>\n\n\n\n<p><strong>Supporting Research Team<\/strong><\/p>\n\n\n\n<p>The Research team is completed with the very important contribution of a highly specialized Supporting Research Team (STM) consisting of \u00a0two professors of vocational training belonging to IES Maestre de Calatrava: the head of the Department of Transport and Maintenance of Vehicles (Miguel F\u00e9lix Molina, MFM) and the Director of the vocational training Center (M\u00aa del Mar C\u00e1mara Garc\u00eda, MCG), whose specialty is of a great help for WP4 in which a prototype of the EDEN technology is going to be manufactured and tested. It is important to state that the vocational skills center is one of the best professional centers of Castilla la Mancha in the specialty of maintenance of vehicles and transport and currently this center is offering training at all levels including longlife learning courses for professional in hybrid engines. As well, two Brazilian professors with a great tradition of collaboration with our group in the development of different electrochemical technologies (Carlos Alberto Martinez-Huitle, CAM) and in the powering of solar photovoltaic panels with electrolysers (Elisama Vieira Dos Santos, EVS) are going to participate in the project in WP3 and WP5. \u00a0<\/p>\n","protected":false},"excerpt":{"rendered":"<p>Research Team Members The six full-time research team (RTM) members are: MAR: Manuel A. Rodrigo; JLB: Justo Lobato; PCC: Pablo Ca\u00f1izares; CSJ: Cristina S\u00e1ez; CMF: Carmen M. Fern\u00e1ndez; ELF: Engracia Lacasa) This team is working togegher for a very long period and it has successfully faced many challenges in different projects. Supporting Research Team The &hellip; <\/p>\n<p class=\"link-more\"><a href=\"https:\/\/blog.uclm.es\/proyectoseteden2diesel\/equipo-de-investigacion\/\" class=\"more-link\">Continuar leyendo<span class=\"screen-reader-text\"> \u00abResearch Team\u00bb<\/span><\/a><\/p>\n","protected":false},"author":213,"featured_media":0,"parent":0,"menu_order":0,"comment_status":"closed","ping_status":"closed","template":"","meta":{"footnotes":""},"class_list":["post-16","page","type-page","status-publish","hentry"],"_links":{"self":[{"href":"https:\/\/blog.uclm.es\/proyectoseteden2diesel\/wp-json\/wp\/v2\/pages\/16","targetHints":{"allow":["GET"]}}],"collection":[{"href":"https:\/\/blog.uclm.es\/proyectoseteden2diesel\/wp-json\/wp\/v2\/pages"}],"about":[{"href":"https:\/\/blog.uclm.es\/proyectoseteden2diesel\/wp-json\/wp\/v2\/types\/page"}],"author":[{"embeddable":true,"href":"https:\/\/blog.uclm.es\/proyectoseteden2diesel\/wp-json\/wp\/v2\/users\/213"}],"replies":[{"embeddable":true,"href":"https:\/\/blog.uclm.es\/proyectoseteden2diesel\/wp-json\/wp\/v2\/comments?post=16"}],"version-history":[{"count":4,"href":"https:\/\/blog.uclm.es\/proyectoseteden2diesel\/wp-json\/wp\/v2\/pages\/16\/revisions"}],"predecessor-version":[{"id":43,"href":"https:\/\/blog.uclm.es\/proyectoseteden2diesel\/wp-json\/wp\/v2\/pages\/16\/revisions\/43"}],"wp:attachment":[{"href":"https:\/\/blog.uclm.es\/proyectoseteden2diesel\/wp-json\/wp\/v2\/media?parent=16"}],"curies":[{"name":"wp","href":"https:\/\/api.w.org\/{rel}","templated":true}]}}