{"id":12,"date":"2022-04-26T21:53:14","date_gmt":"2022-04-26T20:53:14","guid":{"rendered":"https:\/\/blog.uclm.es\/proyectoserpic\/?page_id=12"},"modified":"2022-04-26T21:53:14","modified_gmt":"2022-04-26T20:53:14","slug":"3-research-team","status":"publish","type":"page","link":"https:\/\/blog.uclm.es\/proyectoserpic\/3-research-team\/","title":{"rendered":"3. Research Team"},"content":{"rendered":"<p>UCLM Research Team<br \/>\nM.A. Rodrigo<br \/>\nP. Ca\u00f1izares<br \/>\nJ. Lobato<br \/>\nC. S\u00e1ez<br \/>\nC.M. Fern\u00e1ndez-Marchante<br \/>\nE. Lacasa<br \/>\nJ. Llanos<br \/>\nM.A. Montiel<br \/>\nI. Fern\u00e1ndez-Mena<br \/>\nM.P. Castro<\/p>\n","protected":false},"excerpt":{"rendered":"<p>UCLM Research Team M.A. Rodrigo P. Ca\u00f1izares J. Lobato C. S\u00e1ez C.M. Fern\u00e1ndez-Marchante E. Lacasa J. Llanos M.A. Montiel I. Fern\u00e1ndez-Mena M.P. Castro<\/p>\n","protected":false},"author":213,"featured_media":0,"parent":0,"menu_order":0,"comment_status":"closed","ping_status":"closed","template":"","meta":{"footnotes":""},"class_list":["post-12","page","type-page","status-publish","hentry"],"_links":{"self":[{"href":"https:\/\/blog.uclm.es\/proyectoserpic\/wp-json\/wp\/v2\/pages\/12","targetHints":{"allow":["GET"]}}],"collection":[{"href":"https:\/\/blog.uclm.es\/proyectoserpic\/wp-json\/wp\/v2\/pages"}],"about":[{"href":"https:\/\/blog.uclm.es\/proyectoserpic\/wp-json\/wp\/v2\/types\/page"}],"author":[{"embeddable":true,"href":"https:\/\/blog.uclm.es\/proyectoserpic\/wp-json\/wp\/v2\/users\/213"}],"replies":[{"embeddable":true,"href":"https:\/\/blog.uclm.es\/proyectoserpic\/wp-json\/wp\/v2\/comments?post=12"}],"version-history":[{"count":0,"href":"https:\/\/blog.uclm.es\/proyectoserpic\/wp-json\/wp\/v2\/pages\/12\/revisions"}],"wp:attachment":[{"href":"https:\/\/blog.uclm.es\/proyectoserpic\/wp-json\/wp\/v2\/media?parent=12"}],"curies":[{"name":"wp","href":"https:\/\/api.w.org\/{rel}","templated":true}]}}