{"id":14,"date":"2023-02-07T21:24:04","date_gmt":"2023-02-07T21:24:04","guid":{"rendered":"https:\/\/blog.uclm.es\/proyectoser4wine\/?page_id=14"},"modified":"2023-02-08T06:50:05","modified_gmt":"2023-02-08T06:50:05","slug":"inicio","status":"publish","type":"page","link":"https:\/\/blog.uclm.es\/proyectoser4wine\/","title":{"rendered":"P\u00e1gina principal"},"content":{"rendered":"\n<p><strong>T\u00cdTULO DEL PROYECTO: <\/strong><\/p>\n\n\n\n<p><a>Regulaci\u00f3n Energ\u00e9tica Sostenible para el Sector Vitivin\u00edcola <\/a>\/ Sustainable Energy Regulation for the WINE sector<\/p>\n\n\n\n<p><strong>ACR\u00d3NIMO: SER4WINE<\/strong><\/p>\n\n\n\n<p><\/p>\n\n\n\n<p><strong>SBPLY\/21\/180501\/000075<\/strong><\/p>\n\n\n\n<p><\/p>\n\n\n\n<p>FEDER. \/ Consejer\u00eda de Educaci\u00f3n y Ciencia. Junta de Comunidades de Castilla-La Mancha<\/p>\n\n\n\n<figure class=\"wp-block-image size-large\"><img loading=\"lazy\" decoding=\"async\" width=\"1024\" height=\"576\" src=\"https:\/\/blog.uclm.es\/proyectoser4wine\/wp-content\/uploads\/sites\/242\/2023\/02\/jccm-1024x576.jpg\" alt=\"\" class=\"wp-image-48\" srcset=\"https:\/\/blog.uclm.es\/proyectoser4wine\/wp-content\/uploads\/sites\/242\/2023\/02\/jccm-1024x576.jpg 1024w, https:\/\/blog.uclm.es\/proyectoser4wine\/wp-content\/uploads\/sites\/242\/2023\/02\/jccm-300x169.jpg 300w, https:\/\/blog.uclm.es\/proyectoser4wine\/wp-content\/uploads\/sites\/242\/2023\/02\/jccm-768x432.jpg 768w, https:\/\/blog.uclm.es\/proyectoser4wine\/wp-content\/uploads\/sites\/242\/2023\/02\/jccm.jpg 1280w\" sizes=\"auto, (max-width: 767px) 89vw, (max-width: 1000px) 54vw, (max-width: 1071px) 543px, 580px\" \/><\/figure>\n","protected":false},"excerpt":{"rendered":"<p>T\u00cdTULO DEL PROYECTO: Regulaci\u00f3n Energ\u00e9tica Sostenible para el Sector Vitivin\u00edcola \/ Sustainable Energy Regulation for the WINE sector ACR\u00d3NIMO: SER4WINE SBPLY\/21\/180501\/000075 FEDER. \/ Consejer\u00eda de Educaci\u00f3n y Ciencia. Junta de Comunidades de Castilla-La Mancha<\/p>\n","protected":false},"author":213,"featured_media":0,"parent":0,"menu_order":0,"comment_status":"closed","ping_status":"closed","template":"","meta":{"footnotes":""},"class_list":["post-14","page","type-page","status-publish","hentry"],"_links":{"self":[{"href":"https:\/\/blog.uclm.es\/proyectoser4wine\/wp-json\/wp\/v2\/pages\/14","targetHints":{"allow":["GET"]}}],"collection":[{"href":"https:\/\/blog.uclm.es\/proyectoser4wine\/wp-json\/wp\/v2\/pages"}],"about":[{"href":"https:\/\/blog.uclm.es\/proyectoser4wine\/wp-json\/wp\/v2\/types\/page"}],"author":[{"embeddable":true,"href":"https:\/\/blog.uclm.es\/proyectoser4wine\/wp-json\/wp\/v2\/users\/213"}],"replies":[{"embeddable":true,"href":"https:\/\/blog.uclm.es\/proyectoser4wine\/wp-json\/wp\/v2\/comments?post=14"}],"version-history":[{"count":5,"href":"https:\/\/blog.uclm.es\/proyectoser4wine\/wp-json\/wp\/v2\/pages\/14\/revisions"}],"predecessor-version":[{"id":49,"href":"https:\/\/blog.uclm.es\/proyectoser4wine\/wp-json\/wp\/v2\/pages\/14\/revisions\/49"}],"wp:attachment":[{"href":"https:\/\/blog.uclm.es\/proyectoser4wine\/wp-json\/wp\/v2\/media?parent=14"}],"curies":[{"name":"wp","href":"https:\/\/api.w.org\/{rel}","templated":true}]}}