{"id":708,"date":"2026-04-09T13:57:39","date_gmt":"2026-04-09T11:57:39","guid":{"rendered":"https:\/\/blog.uclm.es\/proyectoret\/?page_id=708"},"modified":"2026-04-17T12:01:58","modified_gmt":"2026-04-17T10:01:58","slug":"708-2","status":"publish","type":"page","link":"https:\/\/blog.uclm.es\/proyectoret\/actividades\/708-2\/","title":{"rendered":"El factor religioso en la Transici\u00f3n espa\u00f1ola (1968\u20131992)"},"content":{"rendered":"\n<p>Los pr\u00f3ximos 14 y 15 de abril de 2026 tendr\u00e1 lugar en la Facultad de Geograf\u00eda e Historia de la Universidad de Sevilla el seminario de investigaci\u00f3n titulado <em>El factor religioso en la Transici\u00f3n espa\u00f1ola (1968\u20131992).<\/em><br><br><\/p>\n\n\n\n<p>Dicho seminario es coordinado por Santiago Navarro de la Fuente (US).<\/p>\n\n\n\n<p>Las sesiones tendr\u00e1n lugar en el aula XXX de la Facultad de Geograf\u00eda e Historia.<\/p>\n\n\n\n<p>M\u00e1s informaci\u00f3n en el cartel:<\/p>\n\n\n\n<div data-wp-interactive=\"core\/file\" class=\"wp-block-file\"><object data-wp-bind--hidden=\"!state.hasPdfPreview\" hidden class=\"wp-block-file__embed\" data=\"https:\/\/blog.uclm.es\/proyectoret\/wp-content\/uploads\/sites\/282\/2026\/04\/CARTEL-VERTICAL.-Seminario-en-Sevilla-comprimido-comprimido.pdf\" type=\"application\/pdf\" style=\"width:100%;height:600px\" aria-label=\"Incrustado de CARTEL VERTICAL. Seminario en Sevilla-comprimido-comprimido.\"><\/object><a id=\"wp-block-file--media-859d42ad-71ae-4a7a-9af9-40216a01f86f\" href=\"https:\/\/blog.uclm.es\/proyectoret\/wp-content\/uploads\/sites\/282\/2026\/04\/CARTEL-VERTICAL.-Seminario-en-Sevilla-comprimido-comprimido.pdf\">CARTEL VERTICAL. Seminario en Sevilla-comprimido-comprimido<\/a><a href=\"https:\/\/blog.uclm.es\/proyectoret\/wp-content\/uploads\/sites\/282\/2026\/04\/CARTEL-VERTICAL.-Seminario-en-Sevilla-comprimido-comprimido.pdf\" class=\"wp-block-file__button wp-element-button\" download aria-describedby=\"wp-block-file--media-859d42ad-71ae-4a7a-9af9-40216a01f86f\">Descarga<\/a><\/div>\n\n\n\n<p><\/p>\n","protected":false},"excerpt":{"rendered":"<p>Los pr\u00f3ximos 14 y 15 de abril de 2026 tendr\u00e1 lugar en la Facultad de Geograf\u00eda e Historia de la Universidad de Sevilla el seminario de investigaci\u00f3n titulado El factor religioso en la Transici\u00f3n espa\u00f1ola (1968\u20131992). Dicho seminario es coordinado por Santiago Navarro de la Fuente (US). Las sesiones tendr\u00e1n lugar en el aula XXX &hellip; <\/p>\n<p class=\"link-more\"><a href=\"https:\/\/blog.uclm.es\/proyectoret\/actividades\/708-2\/\" class=\"more-link\">Continuar leyendo<span class=\"screen-reader-text\"> \u00abEl factor religioso en la Transici\u00f3n espa\u00f1ola (1968\u20131992)\u00bb<\/span><\/a><\/p>\n","protected":false},"author":468,"featured_media":0,"parent":30,"menu_order":0,"comment_status":"closed","ping_status":"closed","template":"","meta":{"footnotes":""},"class_list":["post-708","page","type-page","status-publish","hentry"],"_links":{"self":[{"href":"https:\/\/blog.uclm.es\/proyectoret\/wp-json\/wp\/v2\/pages\/708","targetHints":{"allow":["GET"]}}],"collection":[{"href":"https:\/\/blog.uclm.es\/proyectoret\/wp-json\/wp\/v2\/pages"}],"about":[{"href":"https:\/\/blog.uclm.es\/proyectoret\/wp-json\/wp\/v2\/types\/page"}],"author":[{"embeddable":true,"href":"https:\/\/blog.uclm.es\/proyectoret\/wp-json\/wp\/v2\/users\/468"}],"replies":[{"embeddable":true,"href":"https:\/\/blog.uclm.es\/proyectoret\/wp-json\/wp\/v2\/comments?post=708"}],"version-history":[{"count":5,"href":"https:\/\/blog.uclm.es\/proyectoret\/wp-json\/wp\/v2\/pages\/708\/revisions"}],"predecessor-version":[{"id":724,"href":"https:\/\/blog.uclm.es\/proyectoret\/wp-json\/wp\/v2\/pages\/708\/revisions\/724"}],"up":[{"embeddable":true,"href":"https:\/\/blog.uclm.es\/proyectoret\/wp-json\/wp\/v2\/pages\/30"}],"wp:attachment":[{"href":"https:\/\/blog.uclm.es\/proyectoret\/wp-json\/wp\/v2\/media?parent=708"}],"curies":[{"name":"wp","href":"https:\/\/api.w.org\/{rel}","templated":true}]}}