{"id":612,"date":"2024-10-25T09:21:17","date_gmt":"2024-10-25T07:21:17","guid":{"rendered":"https:\/\/blog.uclm.es\/proyectoret\/?page_id=612"},"modified":"2024-10-25T09:21:55","modified_gmt":"2024-10-25T07:21:55","slug":"convocatoria-xvii-congreso-de-la-asociacion-de-historia-contemporanea","status":"publish","type":"page","link":"https:\/\/blog.uclm.es\/proyectoret\/convocatoria-xvii-congreso-de-la-asociacion-de-historia-contemporanea\/","title":{"rendered":"Convocatoria XVII Congreso de la Asociaci\u00f3n de Historia Contempor\u00e1nea"},"content":{"rendered":"\n<p>En el marco del XVII Congreso de la Asociaci\u00f3n de Historia Contempor\u00e1nea, que se celebrar\u00e1 los d\u00edas 9, 10 y 11 de julio en la Universitat de Val\u00e8ncia, nuestras compa\u00f1eras <a href=\"https:\/\/blog.uclm.es\/proyectoret\/veronica-garcia-martin\/\">Ver\u00f3nica Garc\u00eda Mart\u00edn<\/a> (UCLM) y <a href=\"https:\/\/blog.uclm.es\/proyectoret\/santiago-navarro\/\">Santiago Navarro<\/a> (US), junto a \u00c1ngela P\u00e9rez Del Puerto (UAM) y Mar\u00eda Jos\u00e9 Esteban Zuriaga (Unizar), lanzan la convocatoria para participar en la mesa-taller que han propuesto para el congreso: <em>\u00abNuevas perspectivas en historia religiosa contempor\u00e1nea: identidades, g\u00e9nero y transiciones\u00bb<\/em>.<\/p>\n\n\n\n<p>Puedes encontrar m\u00e1s informaci\u00f3n en la <a href=\"https:\/\/esdeveniments.uv.es\/120195\/section\/53562\/xvii-congreso-de-la-asociacion-de-historia-contemporanea.html?private=d8d339cbd02f5c6c948d\">web del congreso<\/a> o en el siguiente pdf:<\/p>\n\n\n\n<div data-wp-interactive=\"core\/file\" class=\"wp-block-file\"><object data-wp-bind--hidden=\"!state.hasPdfPreview\" hidden class=\"wp-block-file__embed\" data=\"https:\/\/blog.uclm.es\/proyectoret\/wp-content\/uploads\/sites\/282\/2024\/10\/Taller-15.pdf\" type=\"application\/pdf\" style=\"width:100%;height:600px\" aria-label=\"Incrustado de Taller 15.\"><\/object><a id=\"wp-block-file--media-abb09ba8-46dc-4fd8-a0ce-806d4fdaa1d1\" href=\"https:\/\/blog.uclm.es\/proyectoret\/wp-content\/uploads\/sites\/282\/2024\/10\/Taller-15.pdf\">Taller 15<\/a><a href=\"https:\/\/blog.uclm.es\/proyectoret\/wp-content\/uploads\/sites\/282\/2024\/10\/Taller-15.pdf\" class=\"wp-block-file__button wp-element-button\" download aria-describedby=\"wp-block-file--media-abb09ba8-46dc-4fd8-a0ce-806d4fdaa1d1\">Descarga<\/a><\/div>\n\n\n\n<p><\/p>\n","protected":false},"excerpt":{"rendered":"<p>En el marco del XVII Congreso de la Asociaci\u00f3n de Historia Contempor\u00e1nea, que se celebrar\u00e1 los d\u00edas 9, 10 y 11 de julio en la Universitat de Val\u00e8ncia, nuestras compa\u00f1eras Ver\u00f3nica Garc\u00eda Mart\u00edn (UCLM) y Santiago Navarro (US), junto a \u00c1ngela P\u00e9rez Del Puerto (UAM) y Mar\u00eda Jos\u00e9 Esteban Zuriaga (Unizar), lanzan la convocatoria para &hellip; <\/p>\n<p class=\"link-more\"><a href=\"https:\/\/blog.uclm.es\/proyectoret\/convocatoria-xvii-congreso-de-la-asociacion-de-historia-contemporanea\/\" class=\"more-link\">Continuar leyendo<span class=\"screen-reader-text\"> \u00abConvocatoria XVII Congreso de la Asociaci\u00f3n de Historia Contempor\u00e1nea\u00bb<\/span><\/a><\/p>\n","protected":false},"author":468,"featured_media":0,"parent":0,"menu_order":0,"comment_status":"closed","ping_status":"closed","template":"","meta":{"footnotes":""},"class_list":["post-612","page","type-page","status-publish","hentry"],"_links":{"self":[{"href":"https:\/\/blog.uclm.es\/proyectoret\/wp-json\/wp\/v2\/pages\/612","targetHints":{"allow":["GET"]}}],"collection":[{"href":"https:\/\/blog.uclm.es\/proyectoret\/wp-json\/wp\/v2\/pages"}],"about":[{"href":"https:\/\/blog.uclm.es\/proyectoret\/wp-json\/wp\/v2\/types\/page"}],"author":[{"embeddable":true,"href":"https:\/\/blog.uclm.es\/proyectoret\/wp-json\/wp\/v2\/users\/468"}],"replies":[{"embeddable":true,"href":"https:\/\/blog.uclm.es\/proyectoret\/wp-json\/wp\/v2\/comments?post=612"}],"version-history":[{"count":2,"href":"https:\/\/blog.uclm.es\/proyectoret\/wp-json\/wp\/v2\/pages\/612\/revisions"}],"predecessor-version":[{"id":615,"href":"https:\/\/blog.uclm.es\/proyectoret\/wp-json\/wp\/v2\/pages\/612\/revisions\/615"}],"wp:attachment":[{"href":"https:\/\/blog.uclm.es\/proyectoret\/wp-json\/wp\/v2\/media?parent=612"}],"curies":[{"name":"wp","href":"https:\/\/api.w.org\/{rel}","templated":true}]}}