{"id":562,"date":"2024-06-17T15:08:58","date_gmt":"2024-06-17T13:08:58","guid":{"rendered":"https:\/\/blog.uclm.es\/proyectoret\/?page_id=562"},"modified":"2024-07-11T10:23:51","modified_gmt":"2024-07-11T08:23:51","slug":"la-fe-catolica-trinchera-politica","status":"publish","type":"page","link":"https:\/\/blog.uclm.es\/proyectoret\/la-fe-catolica-trinchera-politica\/","title":{"rendered":"La fe cat\u00f3lica, trinchera pol\u00edtica"},"content":{"rendered":"\n<h2 class=\"wp-block-heading\">La fe cat\u00f3lica, trinchera pol\u00edtica<br><a href=\"https:\/\/blog.uclm.es\/proyectoret\/alberto-gonzalez-gonzalez\/\" data-type=\"link\" data-id=\"https:\/\/blog.uclm.es\/proyectoret\/alberto-gonzalez-gonzalez\/\">Alberto Gonz\u00e1lez Gonz\u00e1lez<\/a><\/h2>\n\n\n\n<figure class=\"wp-block-image size-full is-resized\"><img loading=\"lazy\" decoding=\"async\" width=\"400\" height=\"612\" src=\"https:\/\/blog.uclm.es\/proyectoret\/wp-content\/uploads\/sites\/282\/2024\/06\/image-1.png\" alt=\"\" class=\"wp-image-566\" style=\"width:315px;height:auto\" srcset=\"https:\/\/blog.uclm.es\/proyectoret\/wp-content\/uploads\/sites\/282\/2024\/06\/image-1.png 400w, https:\/\/blog.uclm.es\/proyectoret\/wp-content\/uploads\/sites\/282\/2024\/06\/image-1-196x300.png 196w\" sizes=\"auto, (max-width: 400px) 100vw, 400px\" \/><\/figure>\n\n\n\n<p>RESUMEN<br>Secularizaci\u00f3n y recatolizaci\u00f3n, dos caras de la misma moneda que coincidieron en el tiempo en los a\u00f1os treinta del siglo xx en Espa\u00f1a. La proclamaci\u00f3n de la Segunda Rep\u00fablica el 14 de abril de 1931 trajo consigo la esperanza de modernizaci\u00f3n del pa\u00eds en todos sus aspectos, incluido el religioso. Se inici\u00f3 as\u00ed una pol\u00edtica encaminada a avanzar en la secularizaci\u00f3n de la sociedad, con la aprobaci\u00f3n de la ley de cementerios, de divorcio y matrimonio civil o la Ley de Confesiones y Congregaciones religiosas. Al mismo tiempo, desde los ayuntamientos tambi\u00e9n se realizaron pol\u00edticas en este sentido. En este contexto, la Iglesia cat\u00f3lica tuvo que adaptarse a las circunstancias, buscando c\u00f3mo sus fieles pod\u00edan cumplir con sus preceptos al tiempo que acataban la ley y pon\u00edan en pr\u00e1ctica nuevas formas de resistencia. En consecuencia, la fe cat\u00f3lica se convirti\u00f3 en elemento de conflicto en la pol\u00edtica espa\u00f1ola en todos sus niveles. Una pol\u00edtica de trincheras en la que, una vez iniciada la Guerra Civil, alcanz\u00f3 su grado m\u00e1ximo de expresi\u00f3n. As\u00ed nos encontramos la provincia de Toledo a lo largo de la guerra, como evoluci\u00f3n violenta de esta lucha en un doble proceso de secularizaci\u00f3n y recatolizaci\u00f3n.<\/p>\n\n\n\n<p>ISBN:&nbsp;9788418752742<\/p>\n\n\n\n<p>Editorial:&nbsp;<a href=\"https:\/\/www.silexediciones.com\/\">Silex Ediciones<\/a><\/p>\n\n\n\n<p>Autor:&nbsp;<a href=\"https:\/\/blog.uclm.es\/proyectoret\/alberto-gonzalez-gonzalez\/?preview_id=128&amp;preview_nonce=ebe7e7ca23&amp;preview=true\">Alberto Gonz\u00e1lez Gonz\u00e1lez<\/a>.<\/p>\n\n\n\n<p>Puedes adquirirlo&nbsp;en tu <a href=\"https:\/\/www.todostuslibros.com\/libros\/la-fe-catolica-trinchera-politica_978-84-19077-88-2\">librer\u00eda m\u00e1s cercana<\/a>.<\/p>\n\n\n\n<p>Rese\u00f1as:<\/p>\n\n\n\n<p>Actos p\u00fablicos<br><\/p>\n","protected":false},"excerpt":{"rendered":"<p>La fe cat\u00f3lica, trinchera pol\u00edticaAlberto Gonz\u00e1lez Gonz\u00e1lez RESUMENSecularizaci\u00f3n y recatolizaci\u00f3n, dos caras de la misma moneda que coincidieron en el tiempo en los a\u00f1os treinta del siglo xx en Espa\u00f1a. La proclamaci\u00f3n de la Segunda Rep\u00fablica el 14 de abril de 1931 trajo consigo la esperanza de modernizaci\u00f3n del pa\u00eds en todos sus aspectos, incluido &hellip; <\/p>\n<p class=\"link-more\"><a href=\"https:\/\/blog.uclm.es\/proyectoret\/la-fe-catolica-trinchera-politica\/\" class=\"more-link\">Continuar leyendo<span class=\"screen-reader-text\"> \u00abLa fe cat\u00f3lica, trinchera pol\u00edtica\u00bb<\/span><\/a><\/p>\n","protected":false},"author":468,"featured_media":0,"parent":0,"menu_order":0,"comment_status":"closed","ping_status":"closed","template":"","meta":{"footnotes":""},"class_list":["post-562","page","type-page","status-publish","hentry"],"_links":{"self":[{"href":"https:\/\/blog.uclm.es\/proyectoret\/wp-json\/wp\/v2\/pages\/562","targetHints":{"allow":["GET"]}}],"collection":[{"href":"https:\/\/blog.uclm.es\/proyectoret\/wp-json\/wp\/v2\/pages"}],"about":[{"href":"https:\/\/blog.uclm.es\/proyectoret\/wp-json\/wp\/v2\/types\/page"}],"author":[{"embeddable":true,"href":"https:\/\/blog.uclm.es\/proyectoret\/wp-json\/wp\/v2\/users\/468"}],"replies":[{"embeddable":true,"href":"https:\/\/blog.uclm.es\/proyectoret\/wp-json\/wp\/v2\/comments?post=562"}],"version-history":[{"count":6,"href":"https:\/\/blog.uclm.es\/proyectoret\/wp-json\/wp\/v2\/pages\/562\/revisions"}],"predecessor-version":[{"id":582,"href":"https:\/\/blog.uclm.es\/proyectoret\/wp-json\/wp\/v2\/pages\/562\/revisions\/582"}],"wp:attachment":[{"href":"https:\/\/blog.uclm.es\/proyectoret\/wp-json\/wp\/v2\/media?parent=562"}],"curies":[{"name":"wp","href":"https:\/\/api.w.org\/{rel}","templated":true}]}}