{"id":275,"date":"2024-04-03T21:51:35","date_gmt":"2024-04-03T19:51:35","guid":{"rendered":"https:\/\/blog.uclm.es\/proyectoret\/?page_id=275"},"modified":"2024-04-04T11:47:12","modified_gmt":"2024-04-04T09:47:12","slug":"enrique-berzal","status":"publish","type":"page","link":"https:\/\/blog.uclm.es\/proyectoret\/enrique-berzal\/","title":{"rendered":"Enrique Berzal de la Rosa"},"content":{"rendered":"\n<figure class=\"wp-block-image size-full is-resized is-style-default wp-duotone-rgb183689-rgb255255255-1\"><img loading=\"lazy\" decoding=\"async\" width=\"500\" height=\"500\" src=\"https:\/\/blog.uclm.es\/proyectoret\/wp-content\/uploads\/sites\/282\/2024\/04\/enrique.jpg\" alt=\"\" class=\"wp-image-357\" style=\"width:275px;height:auto\" srcset=\"https:\/\/blog.uclm.es\/proyectoret\/wp-content\/uploads\/sites\/282\/2024\/04\/enrique.jpg 500w, https:\/\/blog.uclm.es\/proyectoret\/wp-content\/uploads\/sites\/282\/2024\/04\/enrique-300x300.jpg 300w, https:\/\/blog.uclm.es\/proyectoret\/wp-content\/uploads\/sites\/282\/2024\/04\/enrique-150x150.jpg 150w, https:\/\/blog.uclm.es\/proyectoret\/wp-content\/uploads\/sites\/282\/2024\/04\/enrique-100x100.jpg 100w\" sizes=\"auto, (max-width: 500px) 100vw, 500px\" \/><\/figure>\n\n\n\n<p style=\"font-size:24px\"><strong>Enrique Berzal de la Rosa<\/strong><\/p>\n\n\n\n<p><strong>Profesor titular de Historia Contempor\u00e1nea en la Facultad de Ciencias Sociales, Jur\u00eddicas y de la Comunicaci\u00f3n de la Universidad de Valladolid<\/strong><\/p>\n\n\n\n<p><a href=\"mailto:profesor.aggonzalez@uclm.es\">enrique.berzal@uva.es<\/a><\/p>\n\n\n\n<p><strong>L\u00edneas de investigaci\u00f3n<\/strong>: Catolicismo, Franquismo, Transici\u00f3n, movimientos sociales, sindicalismo<\/p>\n\n\n\n<p><strong>Publicaciones destacadas<\/strong>:<\/p>\n\n\n\n<p>Berzal de la Rosa, Enrique. \u00abLa influencia de la extrema izquierda en HOAC-ZYX\u00bb. En <em>Un 68 cat\u00f3lico. Catolicismo e izquierda en los largos a\u00f1os sesenta<\/em>, Marcial Pons, Madrid: 293-324.<\/p>\n\n\n\n<p>Berzal de la Rosa, Enrique. <em>Sotanas rebeldes. Contribuci\u00f3n cristiana a la Transici\u00f3n democr\u00e1tica<\/em>. Diputaci\u00f3n Provincial. Valladolid, 2007. ISBN 978-84-7852-250-7<\/p>\n\n\n\n<p>Berzal de la Rosa, Enrique. \u00abIglesia y cuesti\u00f3n social en el primer franquismo. Entre el posibilismo y la ruptura\u00bb. <em>Historia Actual Online<\/em>, 43: 117-130.<\/p>\n\n\n\n<p>Berzal de la Rosa, Enrique. \u00abCat\u00f3licos en la lucha antifranquista. Militancia sindical y pol\u00edtica\u00bb. <em>Historia del Presente<\/em>, 10: 7-27.<\/p>\n\n\n\n<p>Berzal de la Rosa, Enrique. \u00abCristianos en el \u2018nuevo movimiento obrero\u2019 en Espa\u00f1a\u00bb. <em>Historia Social<\/em>, 54: 137-156.<\/p>\n\n\n\n<div class=\"wp-block-columns is-layout-flex wp-container-core-columns-is-layout-9d6595d7 wp-block-columns-is-layout-flex\">\n<div class=\"wp-block-column is-layout-flow wp-block-column-is-layout-flow\">\n<figure class=\"wp-block-image size-full is-resized\"><a href=\"https:\/\/orcid.org\/0000-0002-5716-8707\"><img loading=\"lazy\" decoding=\"async\" width=\"80\" height=\"80\" src=\"https:\/\/blog.uclm.es\/proyectoret\/wp-content\/uploads\/sites\/282\/2024\/04\/orcid80x80-4.png\" alt=\"\" class=\"wp-image-243\" style=\"width:57px;height:auto\" \/><\/a><\/figure>\n<\/div>\n\n\n\n<div class=\"wp-block-column is-vertically-aligned-center is-layout-flow wp-block-column-is-layout-flow\">\n<figure class=\"wp-block-image size-full is-resized\"><a href=\"https:\/\/scholar.google.es\/citations?user=V42yGVYAAAAJ&amp;hl=e\"><img loading=\"lazy\" decoding=\"async\" width=\"80\" height=\"80\" src=\"https:\/\/blog.uclm.es\/proyectoret\/wp-content\/uploads\/sites\/282\/2024\/04\/scholar80x80-1.png\" alt=\"\" class=\"wp-image-241\" style=\"width:58px;height:auto\" \/><\/a><\/figure>\n<\/div>\n\n\n\n<div class=\"wp-block-column is-layout-flow wp-block-column-is-layout-flow\">\n<figure class=\"wp-block-image size-full is-resized\"><a href=\"https:\/\/uva-es.academia.edu\/EnriqueBerzal\"><img loading=\"lazy\" decoding=\"async\" width=\"80\" height=\"80\" src=\"https:\/\/blog.uclm.es\/proyectoret\/wp-content\/uploads\/sites\/282\/2024\/04\/academia80x80-1.png\" alt=\"\" class=\"wp-image-242\" style=\"width:58px;height:auto\" \/><\/a><\/figure>\n<\/div>\n<\/div>\n\n\n\n<figure class=\"wp-block-image size-full is-resized\"><a href=\"https:\/\/researchgate.net\/profile\/Enrique-Berzal\"><img loading=\"lazy\" decoding=\"async\" width=\"80\" height=\"80\" src=\"https:\/\/blog.uclm.es\/proyectoret\/wp-content\/uploads\/sites\/282\/2024\/04\/researchgate80x80-1.png\" alt=\"\" class=\"wp-image-249\" style=\"width:58px;height:auto\" \/><\/a><\/figure>\n","protected":false},"excerpt":{"rendered":"<p>Enrique Berzal de la Rosa Profesor titular de Historia Contempor\u00e1nea en la Facultad de Ciencias Sociales, Jur\u00eddicas y de la Comunicaci\u00f3n de la Universidad de Valladolid enrique.berzal@uva.es L\u00edneas de investigaci\u00f3n: Catolicismo, Franquismo, Transici\u00f3n, movimientos sociales, sindicalismo Publicaciones destacadas: Berzal de la Rosa, Enrique. \u00abLa influencia de la extrema izquierda en HOAC-ZYX\u00bb. En Un 68 cat\u00f3lico. &hellip; <\/p>\n<p class=\"link-more\"><a href=\"https:\/\/blog.uclm.es\/proyectoret\/enrique-berzal\/\" class=\"more-link\">Continuar leyendo<span class=\"screen-reader-text\"> \u00abEnrique Berzal de la Rosa\u00bb<\/span><\/a><\/p>\n","protected":false},"author":474,"featured_media":0,"parent":0,"menu_order":0,"comment_status":"closed","ping_status":"closed","template":"","meta":{"footnotes":""},"class_list":["post-275","page","type-page","status-publish","hentry"],"_links":{"self":[{"href":"https:\/\/blog.uclm.es\/proyectoret\/wp-json\/wp\/v2\/pages\/275","targetHints":{"allow":["GET"]}}],"collection":[{"href":"https:\/\/blog.uclm.es\/proyectoret\/wp-json\/wp\/v2\/pages"}],"about":[{"href":"https:\/\/blog.uclm.es\/proyectoret\/wp-json\/wp\/v2\/types\/page"}],"author":[{"embeddable":true,"href":"https:\/\/blog.uclm.es\/proyectoret\/wp-json\/wp\/v2\/users\/474"}],"replies":[{"embeddable":true,"href":"https:\/\/blog.uclm.es\/proyectoret\/wp-json\/wp\/v2\/comments?post=275"}],"version-history":[{"count":4,"href":"https:\/\/blog.uclm.es\/proyectoret\/wp-json\/wp\/v2\/pages\/275\/revisions"}],"predecessor-version":[{"id":361,"href":"https:\/\/blog.uclm.es\/proyectoret\/wp-json\/wp\/v2\/pages\/275\/revisions\/361"}],"wp:attachment":[{"href":"https:\/\/blog.uclm.es\/proyectoret\/wp-json\/wp\/v2\/media?parent=275"}],"curies":[{"name":"wp","href":"https:\/\/api.w.org\/{rel}","templated":true}]}}