{"id":15,"date":"2024-01-25T10:22:38","date_gmt":"2024-01-25T09:22:38","guid":{"rendered":"https:\/\/blog.uclm.es\/proyectoret\/?page_id=15"},"modified":"2024-04-17T14:53:38","modified_gmt":"2024-04-17T12:53:38","slug":"publicaciones","status":"publish","type":"page","link":"https:\/\/blog.uclm.es\/proyectoret\/publicaciones\/","title":{"rendered":"Publicaciones"},"content":{"rendered":"\n<p><\/p>\n\n\n<ul class=\"wp-block-latest-posts__list wp-block-latest-posts\"><li><a class=\"wp-block-latest-posts__post-title\" href=\"https:\/\/blog.uclm.es\/proyectoret\/publicaciones\/catolicismo-e-izquierda-en-los-largos-anos-sesenta\/\">Catolicismo e izquierda en los largos a\u00f1os sesenta<\/a><div class=\"wp-block-latest-posts__post-excerpt\">ISBN:&nbsp;9788418752742 Editorial:&nbsp;Marcial Pons, Ediciones de Historia Editores:&nbsp;Julio de la Cueva,&nbsp;Joseba Louzao. Puedes adquirirlo&nbsp;aqu\u00ed, o en&nbsp;tu librer\u00eda m\u00e1s cercana. Rese\u00f1as: iremos dejando aqu\u00ed las rese\u00f1as que se publiquen sobre este libro Actos p\u00fablicosPresentaci\u00f3n librer\u00eda Marcial Pons.<\/div><\/li>\n<\/ul>","protected":false},"excerpt":{"rendered":"","protected":false},"author":450,"featured_media":0,"parent":0,"menu_order":0,"comment_status":"closed","ping_status":"closed","template":"","meta":{"footnotes":""},"class_list":["post-15","page","type-page","status-publish","hentry"],"_links":{"self":[{"href":"https:\/\/blog.uclm.es\/proyectoret\/wp-json\/wp\/v2\/pages\/15","targetHints":{"allow":["GET"]}}],"collection":[{"href":"https:\/\/blog.uclm.es\/proyectoret\/wp-json\/wp\/v2\/pages"}],"about":[{"href":"https:\/\/blog.uclm.es\/proyectoret\/wp-json\/wp\/v2\/types\/page"}],"author":[{"embeddable":true,"href":"https:\/\/blog.uclm.es\/proyectoret\/wp-json\/wp\/v2\/users\/450"}],"replies":[{"embeddable":true,"href":"https:\/\/blog.uclm.es\/proyectoret\/wp-json\/wp\/v2\/comments?post=15"}],"version-history":[{"count":28,"href":"https:\/\/blog.uclm.es\/proyectoret\/wp-json\/wp\/v2\/pages\/15\/revisions"}],"predecessor-version":[{"id":498,"href":"https:\/\/blog.uclm.es\/proyectoret\/wp-json\/wp\/v2\/pages\/15\/revisions\/498"}],"wp:attachment":[{"href":"https:\/\/blog.uclm.es\/proyectoret\/wp-json\/wp\/v2\/media?parent=15"}],"curies":[{"name":"wp","href":"https:\/\/api.w.org\/{rel}","templated":true}]}}