{"id":54,"date":"2018-08-21T08:55:29","date_gmt":"2018-08-21T07:55:29","guid":{"rendered":"http:\/\/blog.uclm.es\/proyectoomnut\/?page_id=54"},"modified":"2024-11-01T10:36:41","modified_gmt":"2024-11-01T10:36:41","slug":"enlaces","status":"publish","type":"page","link":"https:\/\/blog.uclm.es\/proyectoomnut\/materiales\/enlaces\/","title":{"rendered":"Enlaces"},"content":{"rendered":"<h4>Sociedades<\/h4>\n<p>The Society for Utopian Studies (<span style=\"color: #ff9900\"><a style=\"color: #ff9900\" href=\"https:\/\/utopian-studies.org\/\" target=\"_blank\" rel=\"noopener\">enlace<\/a><\/span>)<\/p>\n<p>Utopian Studies Society (<span style=\"color: #ff9900\"><a style=\"color: #ff9900\" href=\"http:\/\/utopian-studies-europe.org\/\" target=\"_blank\" rel=\"noopener\">enlace<\/a><\/span>)<\/p>\n<h4>Revistas<\/h4>\n<p>Utopia and Utopianism (<span style=\"color: #ff9900\"><a style=\"color: #ff9900\" href=\"http:\/\/www.utopiaandutopianism.com\/\" target=\"_blank\" rel=\"noopener\">enlace<\/a><\/span>)<\/p>\n<p>Utopian Studies (<a href=\"https:\/\/www.psupress.org\/journals\/jnls_utopian_studies.html?srsltid=AfmBOoolKAmM8y1dtmlvOqtjyuWrHmmwtq78dPvF4p-YVHmEsXNd6875\">enlace<\/a>)<\/p>\n<p>Morus. Utopia e Renascimento (<span style=\"color: #ff9900\"><a style=\"color: #ff9900\" href=\"http:\/\/www.revistamorus.com.br\/index.php\/morus\" target=\"_blank\" rel=\"noopener\">enlace<\/a><\/span>)<\/p>\n<p>Revista de Estudios Ut\u00f3picos (<a href=\"https:\/\/reutopia.revistas.csic.es\">enlace<\/a>).<\/p>\n<h4>Grupos de investigaci\u00f3n<\/h4>\n<p>UTOPIA: Red trasatl\u00e1ntica de estudio de las utop\u00edas (<span style=\"color: #ff9900\"><a style=\"color: #ff9900\" href=\"https:\/\/utopia.hypotheses.org\/\" target=\"_blank\" rel=\"noopener\">enlace<\/a><\/span>)<\/p>\n<p>Grupo Histopia (UAM) (<span style=\"color: #ff9900\"><a style=\"color: #ff9900\" href=\"https:\/\/utopia.hypotheses.org\/histopia\" target=\"_blank\" rel=\"noopener\">enlace<\/a><\/span>)<\/p>\n<p>Grupo U-TOPOS (UCampinas) (<span style=\"color: #ff9900\"><a style=\"color: #ff9900\" href=\"https:\/\/utopia.hypotheses.org\/grupo-u-topos\" target=\"_blank\" rel=\"noopener\">enlace<\/a><\/span>)<\/p>\n<h4>P\u00e1ginas web y blogs<\/h4>\n<p>La utop\u00eda en la Edad Moderna hisp\u00e1nica (<span style=\"color: #ff9900\"><a style=\"color: #ff9900\" href=\"https:\/\/blogs.ua.es\/utopiasmodernas\/\" target=\"_blank\" rel=\"noopener\">enlace<\/a><\/span>)<\/p>\n","protected":false},"excerpt":{"rendered":"<p>Sociedades The Society for Utopian Studies (enlace) Utopian Studies Society (enlace) Revistas Utopia and Utopianism (enlace) Utopian Studies (enlace) Morus. Utopia e Renascimento (enlace) Revista de Estudios Ut\u00f3picos (enlace). Grupos de investigaci\u00f3n UTOPIA: Red trasatl\u00e1ntica de estudio de las utop\u00edas (enlace) Grupo Histopia (UAM) (enlace) Grupo U-TOPOS (UCampinas) (enlace) P\u00e1ginas web y blogs La utop\u00eda &hellip; <a href=\"https:\/\/blog.uclm.es\/proyectoomnut\/materiales\/enlaces\/\" class=\"more-link\">Seguir leyendo <span class=\"screen-reader-text\">Enlaces<\/span> <span class=\"meta-nav\">&rarr;<\/span><\/a><\/p>\n","protected":false},"author":118,"featured_media":0,"parent":48,"menu_order":2,"comment_status":"closed","ping_status":"closed","template":"","meta":{"footnotes":""},"class_list":["post-54","page","type-page","status-publish","hentry"],"_links":{"self":[{"href":"https:\/\/blog.uclm.es\/proyectoomnut\/wp-json\/wp\/v2\/pages\/54","targetHints":{"allow":["GET"]}}],"collection":[{"href":"https:\/\/blog.uclm.es\/proyectoomnut\/wp-json\/wp\/v2\/pages"}],"about":[{"href":"https:\/\/blog.uclm.es\/proyectoomnut\/wp-json\/wp\/v2\/types\/page"}],"author":[{"embeddable":true,"href":"https:\/\/blog.uclm.es\/proyectoomnut\/wp-json\/wp\/v2\/users\/118"}],"replies":[{"embeddable":true,"href":"https:\/\/blog.uclm.es\/proyectoomnut\/wp-json\/wp\/v2\/comments?post=54"}],"version-history":[{"count":3,"href":"https:\/\/blog.uclm.es\/proyectoomnut\/wp-json\/wp\/v2\/pages\/54\/revisions"}],"predecessor-version":[{"id":507,"href":"https:\/\/blog.uclm.es\/proyectoomnut\/wp-json\/wp\/v2\/pages\/54\/revisions\/507"}],"up":[{"embeddable":true,"href":"https:\/\/blog.uclm.es\/proyectoomnut\/wp-json\/wp\/v2\/pages\/48"}],"wp:attachment":[{"href":"https:\/\/blog.uclm.es\/proyectoomnut\/wp-json\/wp\/v2\/media?parent=54"}],"curies":[{"name":"wp","href":"https:\/\/api.w.org\/{rel}","templated":true}]}}