{"id":44,"date":"2020-08-19T17:51:11","date_gmt":"2020-08-19T16:51:11","guid":{"rendered":"http:\/\/blog.uclm.es\/proyectoneat4sust\/?page_id=44"},"modified":"2020-08-19T17:51:11","modified_gmt":"2020-08-19T16:51:11","slug":"resultados","status":"publish","type":"page","link":"https:\/\/blog.uclm.es\/proyectoneat4sust\/resultados\/","title":{"rendered":"Resultados"},"content":{"rendered":"<p>Publicaciones derivadas<\/p>\n<p>WP3. DEVELOPMENT OF ATMOSPHERIC ELECTRO-ABSORBERS<\/p>\n<p>Casta\u00f1eda-Ju\u00e1rez, M., Mu\u00f1oz-Morales, M., Souza, F.L., S\u00e1ez, C., Ca\u00f1izares, P., Almaz\u00e1n-S\u00e1nchez, P.T., Linares-Hern\u00e1ndez, I., Rodrigo, M.A. Electro-absorbers: A comparison on their performance with jet-absorbers and absorption columns (2020) Catalysts, 10 (6), art. no. 653, pp. 1-14. DOI: 10.3390\/catal10060653<\/p>\n<p>Mu\u00f1oz-Morales, M., Casta\u00f1eda-Ju\u00e1rez, M., Souza, F.L., Saez, C., Ca\u00f1izares, P., Mart\u00ednez-Miranda, V., Linares-Hern\u00e1ndez, I., Rodrigo, M.A. Assessing the viability of electro-absorption and photoelectro-absorption for the treatment of gaseous perchloroethylene (2020) Environmental Science and Pollution Research, DOI: 10.1007\/s11356-020-10811-2<\/p>\n<p>de Mello, R., Rodrigo, M.A., Motheo, A.J. Electro-oxidation of tetracycline in methanol media on DSA\u00ae-Cl (2021) Chemosphere, 273, art. no. 129696. DOI: 10.1016\/j.chemosphere.2021.129696<\/p>\n<p>Goulart, L.A., Santos, G.O.S., Eguiluz, K.I.B., Salazar-Banda, G.R., Lanza, M.R.V., Saez, C., Rodrigo, M.A. Towards a higher photostability of ZnO photo-electrocatalysts in the degradation of organics by using MMO substrates (2021) Chemosphere, 271, art. no. 129451 DOI: 10.1016\/j.chemosphere.2020.129451<\/p>\n<p>Souza, F.L., S\u00e1ez, C., Ca\u00f1izares, P., Rodrigo, M.A. Improving the degradation of low concentration of microcystin-LR with PEM electrolyzers and photo-electrolyzers (2021) Separation and Purification Technology, 259, art. no. 118189. DOI: 10.1016\/j.seppur.2020.118189<\/p>\n<p>Escalona-Dur\u00e1n, F., Mu\u00f1oz-Morales, M., Souza, F.L., S\u00e1ez, C., Ca\u00f1izares, P., Mart\u00ednez-Huitle, C.A., Rodrigo, M.A. Promoting the formation of Co (III) electrocatalyst with diamond anodes (2021) Journal of Electroanalytical Chemistry, 882, art. no. 115007. DOI: 10.1016\/j.jelechem.2021.115007<\/p>\n<p>WP4. DEVELOPMENT OF PRESSURIZED ELECTRO-ABSORBERS<\/p>\n<p>WP5. DEVELOPMENT OF MIXED ELECTROABSORBERS<\/p>\n<p>Carvela, M., Raschitor, A., Rodrigo, M.A., Lobato, J. Recent progress in catalysts for hydrogen-chlorine regenerative fuel cells (2020) Catalysts, 10 (11), art. no. 1263, pp. 1-22. DOI: 10.3390\/catal10111263<\/p>\n<p>WP6. ASSESSMENT OF GAS PHASE ELECTROCHEMICAL PROCESSES<\/p>\n<p>WP7 ENERGY AND SUSTAINABILITY MANAGEMENT<br \/>\nFern\u00e1ndez-Marchante, C.M., Souza, F.L., Mill\u00e1n, M., Lobato, J., Rodrigo, M.A. Does intensification with UV light and US improve the sustainability of electrolytic waste treatment processes? (2021) Journal of Environmental Management, 279, art. no. 111597 DOI: 10.1016\/j.jenvman.2020.111597<\/p>\n<p>Fern\u00e1ndez-Marchante, C.M., Souza, F.L., Mill\u00e1n, M., Lobato, J., Rodrigo, M.A. Improving sustainability of electrolytic wastewater treatment processes by green powering (2021) Science of the Total Environment, 754, art. no. 142230. DOI: 10.1016\/j.scitotenv.2020.142230<\/p>\n<p>WP8 SCALE UP OF THE DEVELOPED TECHNOLOGIES<\/p>\n<p>Presentaciones en congresos<\/p>\n","protected":false},"excerpt":{"rendered":"<p>Publicaciones derivadas WP3. DEVELOPMENT OF ATMOSPHERIC ELECTRO-ABSORBERS Casta\u00f1eda-Ju\u00e1rez, M., Mu\u00f1oz-Morales, M., Souza, F.L., S\u00e1ez, C., Ca\u00f1izares, P., Almaz\u00e1n-S\u00e1nchez, P.T., Linares-Hern\u00e1ndez, I., Rodrigo, M.A. Electro-absorbers: A comparison on their performance with jet-absorbers and absorption columns (2020) Catalysts, 10 (6), art. no. 653, pp. 1-14. DOI: 10.3390\/catal10060653 Mu\u00f1oz-Morales, M., Casta\u00f1eda-Ju\u00e1rez, M., Souza, F.L., Saez, C., Ca\u00f1izares, P., [&hellip;]<\/p>\n","protected":false},"author":213,"featured_media":0,"parent":0,"menu_order":0,"comment_status":"closed","ping_status":"closed","template":"","meta":{"footnotes":""},"class_list":["post-44","page","type-page","status-publish","hentry"],"_links":{"self":[{"href":"https:\/\/blog.uclm.es\/proyectoneat4sust\/wp-json\/wp\/v2\/pages\/44","targetHints":{"allow":["GET"]}}],"collection":[{"href":"https:\/\/blog.uclm.es\/proyectoneat4sust\/wp-json\/wp\/v2\/pages"}],"about":[{"href":"https:\/\/blog.uclm.es\/proyectoneat4sust\/wp-json\/wp\/v2\/types\/page"}],"author":[{"embeddable":true,"href":"https:\/\/blog.uclm.es\/proyectoneat4sust\/wp-json\/wp\/v2\/users\/213"}],"replies":[{"embeddable":true,"href":"https:\/\/blog.uclm.es\/proyectoneat4sust\/wp-json\/wp\/v2\/comments?post=44"}],"version-history":[{"count":0,"href":"https:\/\/blog.uclm.es\/proyectoneat4sust\/wp-json\/wp\/v2\/pages\/44\/revisions"}],"wp:attachment":[{"href":"https:\/\/blog.uclm.es\/proyectoneat4sust\/wp-json\/wp\/v2\/media?parent=44"}],"curies":[{"name":"wp","href":"https:\/\/api.w.org\/{rel}","templated":true}]}}