{"id":10,"date":"2020-08-16T12:25:37","date_gmt":"2020-08-16T11:25:37","guid":{"rendered":"http:\/\/blog.uclm.es\/proyectoneat4sust\/?page_id=10"},"modified":"2020-08-16T12:25:37","modified_gmt":"2020-08-16T11:25:37","slug":"resumen","status":"publish","type":"page","link":"https:\/\/blog.uclm.es\/proyectoneat4sust\/resumen\/","title":{"rendered":"Resumen"},"content":{"rendered":"<p>New Electro-Absorption Technologies for more Sustainable environmental and energy applications<br \/>\nPID2019-107271RB-I00<\/p>\n<p>Este proyecto pionero tiene como objetivo evaluar el procesado de corrientes gaseosas con tecnolog\u00eda electroqu\u00edmica, desarrollando electro-absorbedores (EA) y aplicaciones en las que estos reactores puedan ser utilizados. El proyecto est\u00e1 basado en nuestra experiencia previa, obtenida en proyectos anteriores. El punto de partida es el desarrollo de celdas innovadoras, dise\u00f1adas para llevar a cabo reacciones electroqu\u00edmicas gas-l\u00edquido que impliquen un cambio en el estado de oxidaci\u00f3n de especies con inter\u00e9s ambiental o energ\u00e9tico. En este desarrollo, se aplicar\u00e1 el conocimiento reciente generado en el Laboratorio (electrodos de flujo, microburbujas y alta presi\u00f3n), as\u00ed como el conocimiento experto adquirido durante m\u00e1s de 20 a\u00f1os de trabajo en la tem\u00e1tica. En la b\u00fasqueda de una soluci\u00f3n m\u00e1s sostenible y econ\u00f3mica, se considerar\u00e1n diferentes estrategias para alimentar las tecnolog\u00edas electroqu\u00edmicas con energ\u00eda<br \/>\nrenovable, optimizando la misma mediante bater\u00edas de flujo redox y herramientas de modelado. La optimizaci\u00f3n de la ecoeficiencia con herramientas ACV (An\u00e1lisis Ciclo de Vida) tambi\u00e9n es un elemento importante de la propuesta. NEAT4SUST+ desarrollar\u00e1 tecnolog\u00eda de vanguardia para: 1) Eliminar COVs y olor mediante EAs atmosf\u00e9ricos; 2) producir oxidantes (H2O2, ClO2 y O3) basados en el uso de EAs presurizados; 3) almacenar m\u00e1s eficientemente la energ\u00eda mediante el uso de EAs reversibles con dos niveles de presi\u00f3n, que pueden funcionar en modo electrolizador o pila de combustible, lo que deber permitir la gesti\u00f3n optimizada de la energ\u00eda renovable, que se validar\u00e1 con los procesos Westinghouse y cloroalcalino.<br \/>\nNEAT4SUST+ tambi\u00e9n abordar\u00e1 el modelado de proceso y CFD para comprender los mecanismos de los procesos y aplicar\u00e1 este<br \/>\nconocimiento para un cambio de escala con el que alcanzar los TRLs necesarios para el inicio de la transferencia industrial. La participaci\u00f3n activa de 7 EPOs ayudar\u00e1 a la transferencia, para lo que los objetivos se han planteado bajo las premisas de aplicabilidad y sostenibilidad. Esta propuesta se ajusta bien a los Desaf\u00edos 3 y 5 del PEICTI y tambi\u00e9n a los planteados en RIS3 y en Horizonte Europa.<br \/>\nEl Equipo de Investigaci\u00f3n es multidisciplinar, activo, experimentado y lo suficientemente grande como para alcanzar todos los hitos propuestos. Tambi\u00e9n participa un importante Equipo de Trabajo, que incluye 10 investigadores internacionales, con los que se comparten programas activos de intercambio, siguiendo la exitosa tradici\u00f3n de proyectos anteriores, que impulsan fuertemente la internacionalizaci\u00f3n a trav\u00e9s de una relaci\u00f3n de mutuo beneficio. Como es habitual en nuestro grupo, los resultados se difundir\u00e1n en revistas de alto impacto y conferencias de relevancia.<br \/>\nEn cuanto a la gesti\u00f3n, se propone un \u00fanico proyecto compuesto por tres subproyectos, muy relacionados entre s\u00ed. Uno de ellos se centra en el desarrollo a TRL 4 de tres tipos de EAs, que se utilizar\u00e1n en novedosas aplicaciones. El segundo tratar\u00e1 el escalado a TRL 5, pensando en la futura transferencia de tecnolog\u00eda. Ambos desarrollos t\u00e9cnicos est\u00e1n coordinados por un tercer subproyecto centrado en la Sostenibilidad. La coordinaci\u00f3n del proyecto es s\u00f3lida, con dos paquetes dise\u00f1ados para favorecer la transferencia de resultados a la Sociedad. Se aborda muy cuidadosamente la formaci\u00f3n de nuevos investigadores, como un valor adicional importante de la propuesta.<\/p>\n","protected":false},"excerpt":{"rendered":"<p>New Electro-Absorption Technologies for more Sustainable environmental and energy applications PID2019-107271RB-I00 Este proyecto pionero tiene como objetivo evaluar el procesado de corrientes gaseosas con tecnolog\u00eda electroqu\u00edmica, desarrollando electro-absorbedores (EA) y aplicaciones en las que estos reactores puedan ser utilizados. El proyecto est\u00e1 basado en nuestra experiencia previa, obtenida en proyectos anteriores. El punto de partida [&hellip;]<\/p>\n","protected":false},"author":213,"featured_media":0,"parent":0,"menu_order":0,"comment_status":"closed","ping_status":"closed","template":"","meta":{"footnotes":""},"class_list":["post-10","page","type-page","status-publish","hentry"],"_links":{"self":[{"href":"https:\/\/blog.uclm.es\/proyectoneat4sust\/wp-json\/wp\/v2\/pages\/10","targetHints":{"allow":["GET"]}}],"collection":[{"href":"https:\/\/blog.uclm.es\/proyectoneat4sust\/wp-json\/wp\/v2\/pages"}],"about":[{"href":"https:\/\/blog.uclm.es\/proyectoneat4sust\/wp-json\/wp\/v2\/types\/page"}],"author":[{"embeddable":true,"href":"https:\/\/blog.uclm.es\/proyectoneat4sust\/wp-json\/wp\/v2\/users\/213"}],"replies":[{"embeddable":true,"href":"https:\/\/blog.uclm.es\/proyectoneat4sust\/wp-json\/wp\/v2\/comments?post=10"}],"version-history":[{"count":0,"href":"https:\/\/blog.uclm.es\/proyectoneat4sust\/wp-json\/wp\/v2\/pages\/10\/revisions"}],"wp:attachment":[{"href":"https:\/\/blog.uclm.es\/proyectoneat4sust\/wp-json\/wp\/v2\/media?parent=10"}],"curies":[{"name":"wp","href":"https:\/\/api.w.org\/{rel}","templated":true}]}}