{"id":461,"date":"2025-06-13T10:38:45","date_gmt":"2025-06-13T08:38:45","guid":{"rendered":"https:\/\/blog.uclm.es\/proyecton3nddhh\/?page_id=461"},"modified":"2025-07-15T11:38:14","modified_gmt":"2025-07-15T09:38:14","slug":"call-for-papers","status":"publish","type":"page","link":"https:\/\/blog.uclm.es\/proyecton3nddhh\/call-for-papers\/","title":{"rendered":"Call for Papers"},"content":{"rendered":"\n<div class=\"wp-block-group alignwide is-layout-flow wp-block-group-is-layout-flow\">\n<div class=\"wp-block-group alignwide is-layout-flow wp-block-group-is-layout-flow\">\n<p><\/p>\n\n\n\n<figure class=\"wp-block-image size-large\"><img loading=\"lazy\" decoding=\"async\" width=\"1024\" height=\"363\" src=\"https:\/\/blog.uclm.es\/proyecton3nddhh\/wp-content\/uploads\/sites\/297\/2025\/07\/Cabecera_DchoPenalHumano_2025-2-1024x363.jpg\" alt=\"\" class=\"wp-image-550\" srcset=\"https:\/\/blog.uclm.es\/proyecton3nddhh\/wp-content\/uploads\/sites\/297\/2025\/07\/Cabecera_DchoPenalHumano_2025-2-1024x363.jpg 1024w, https:\/\/blog.uclm.es\/proyecton3nddhh\/wp-content\/uploads\/sites\/297\/2025\/07\/Cabecera_DchoPenalHumano_2025-2-300x106.jpg 300w, https:\/\/blog.uclm.es\/proyecton3nddhh\/wp-content\/uploads\/sites\/297\/2025\/07\/Cabecera_DchoPenalHumano_2025-2-768x272.jpg 768w, https:\/\/blog.uclm.es\/proyecton3nddhh\/wp-content\/uploads\/sites\/297\/2025\/07\/Cabecera_DchoPenalHumano_2025-2.jpg 1168w\" sizes=\"auto, (max-width: 1024px) 100vw, 1024px\" \/><\/figure>\n\n\n\n<div class=\"wp-block-columns is-layout-flex wp-container-core-columns-is-layout-28f84493 wp-block-columns-is-layout-flex\">\n<div class=\"wp-block-column is-layout-flow wp-block-column-is-layout-flow\" style=\"flex-basis:100%\">\n<p class=\"has-text-align-center has-vivid-red-color has-text-color has-link-color has-source-serif-pro-font-family has-medium-font-size wp-elements-0c765050bca393f889e5d63de4bc0c20\" style=\"font-style:normal;font-weight:700\">\u00bfEST\u00c1S INVESTIGANDO SOBRE ALGUNA DE LAS SIGUIENTES CUESTIONES?<\/p>\n\n\n\n<p class=\"has-text-align-center has-primary-color has-text-color has-link-color has-source-serif-pro-font-family wp-elements-0886486ee5aa614ff57d5606b84a7d4e\">Interacci\u00f3n entre Neurociencias \u2013 Derecho Penal \u2013 Inteligencia Artificial&nbsp;<\/p>\n\n\n\n<p class=\"has-text-align-center has-primary-color has-text-color has-link-color has-source-serif-pro-font-family wp-elements-ed22f04cebca48dbac7516766036e56f\">Neuro\u00e9tica: marcos \u00e9ticos en la Neurotecnolog\u00eda y la Inteligencia Artificial<\/p>\n\n\n\n<p class=\"has-text-align-center has-primary-color has-text-color has-link-color has-source-serif-pro-font-family wp-elements-c674abaaec9a38ba339b28999b730330\">Fundamentos constitucionales y filos\u00f3ficos de los Neuroderechos<\/p>\n\n\n\n<p class=\"has-text-align-center has-primary-color has-text-color has-link-color has-source-serif-pro-font-family wp-elements-6af5281c2c9a1a05cd3ede4b63101a69\">Modelos regulatorios en Europa, Latinoam\u00e9rica y el orden internacional<\/p>\n\n\n\n<p class=\"has-text-align-center has-primary-color has-text-color has-link-color has-source-serif-pro-font-family wp-elements-37b628c889d45942fd5b7ce7865b8bef\">Propuestas nacionales e internacionales&nbsp;de constitucionalizaci\u00f3n de los Neuroderechos<\/p>\n\n\n\n<p class=\"has-text-align-center has-primary-color has-text-color has-link-color has-source-serif-pro-font-family wp-elements-56ba6ee85af831bec15cf1c4facc3b27\">Propuestas nacionales&nbsp;e internacionales de protecci\u00f3n penal de los Neuroderechos<\/p>\n\n\n\n<p class=\"has-text-align-center has-primary-color has-text-color has-link-color has-source-serif-pro-font-family wp-elements-50b58360938866c2eba77683c09df384\">La protecci\u00f3n de los Neuroderechos ante los tribunales<\/p>\n\n\n\n<p class=\"has-text-align-center has-vivid-red-color has-text-color has-link-color has-source-serif-pro-font-family has-medium-font-size wp-elements-e268649fa15e5e859314ece78495abce\" style=\"font-style:normal;font-weight:700\"><strong>\u00bfTIENES INTERES EN DEBATIR Y CONOCER OTROS PUNTOS DE VISTA? <\/strong><\/p>\n\n\n\n<p class=\"has-text-align-center has-vivid-red-color has-text-color has-link-color has-source-serif-pro-font-family has-medium-font-size wp-elements-415128117d14415df2340c325cfd57d5\" style=\"font-style:normal;font-weight:700\"><strong>\u00bfQUIERES CONVERTIRTE EN PONENTE Y OPTAR A UNA PUBLICACI\u00d3N<\/strong>?<\/p>\n\n\n\n<p class=\"has-primary-color has-text-color has-link-color wp-elements-f53d0f2000e7e509d3e7c91eff2b425b\"><\/p>\n<\/div>\n<\/div>\n<\/div>\n\n\n\n<div style=\"height:63px\" aria-hidden=\"true\" class=\"wp-block-spacer\"><\/div>\n\n\n\n<div class=\"wp-block-group alignwide is-layout-flow wp-block-group-is-layout-flow\">\n<p class=\"has-text-align-left has-vivid-red-color has-text-color has-link-color has-source-serif-pro-font-family has-medium-font-size wp-elements-36f075e44e3e36e793775c47e70da77c\" style=\"font-style:normal;font-weight:700\">PRESENTACI\u00d3N DE COMUNICACIONES <\/p>\n\n\n\n<div class=\"wp-block-columns is-layout-flex wp-container-core-columns-is-layout-28f84493 wp-block-columns-is-layout-flex\">\n<div class=\"wp-block-column is-layout-flow wp-block-column-is-layout-flow\" style=\"flex-basis:100%\">\n<p class=\"has-primary-color has-text-color has-link-color wp-elements-e06801c8f90b9b4375675fc3a1148c98\">El texto del resumen de las comunicaciones tendr\u00e1 la siguiente estructura:<\/p>\n\n\n\n<ul class=\"wp-block-list\">\n<li class=\"has-primary-color has-text-color has-link-color has-source-serif-pro-font-family wp-elements-a152c4b5a6ccd5a89289c591e4392305\">T\u00edtulo:&nbsp; En espa\u00f1ol y en ingl\u00e9s<\/li>\n\n\n\n<li class=\"has-primary-color has-text-color has-link-color has-source-serif-pro-font-family wp-elements-045e5b3b79c9f7d6d96983c07ac41e9e\">Autor\/a: Nombre y apellidos; cargo\/posici\u00f3n; universidad de referencia<\/li>\n\n\n\n<li class=\"has-primary-color has-text-color has-link-color has-source-serif-pro-font-family wp-elements-d69cb9ecf32cedc0fe0a25eef1c5e05e\">Palabras clave\/ <em>Keywords: <\/em>Entre tres y cinco palabras clave en ingl\u00e9s y castellano<\/li>\n\n\n\n<li class=\"has-primary-color has-text-color has-link-color has-source-serif-pro-font-family wp-elements-686d30a213ba54f73e077a92717a9a68\">Texto: M\u00e1ximo 5000 caracteres (aproximadamente 2 hojas)<\/li>\n\n\n\n<li class=\"has-primary-color has-text-color has-link-color has-source-serif-pro-font-family wp-elements-958a1401f2f850bd380b87a8dffa5100\">Lista de bibliograf\u00eda: M\u00e1ximo una p\u00e1gina<\/li>\n<\/ul>\n\n\n\n<p class=\"has-primary-color has-text-color has-link-color wp-elements-56689f4128a889fd14fd7e77ba0a867d\">Deber\u00e1 seguirse el siguiente formato: <strong>Aptos 12; alineaci\u00f3n justiciada, interlineado sencillo<\/strong><\/p>\n<\/div>\n<\/div>\n<\/div>\n\n\n\n<hr class=\"wp-block-separator has-text-color has-foreground-color has-alpha-channel-opacity has-foreground-background-color has-background is-style-wide\" \/>\n\n\n\n<div style=\"height:27px\" aria-hidden=\"true\" class=\"wp-block-spacer\"><\/div>\n\n\n\n<div class=\"wp-block-group alignwide is-layout-flow wp-block-group-is-layout-flow\">\n<p class=\"has-text-align-left has-vivid-red-color has-text-color has-link-color has-source-serif-pro-font-family has-medium-font-size wp-elements-c195aa466af7c9e499307d7409ac5c83\" style=\"font-style:normal;font-weight:700\">ENV\u00cdO DE COMUNICACIONES <\/p>\n\n\n\n<div class=\"wp-block-columns is-layout-flex wp-container-core-columns-is-layout-28f84493 wp-block-columns-is-layout-flex\">\n<div class=\"wp-block-column is-layout-flow wp-block-column-is-layout-flow\" style=\"flex-basis:100%\">\n<p class=\"has-primary-color has-text-color has-link-color wp-elements-e06801c8f90b9b4375675fc3a1148c98\">El texto del resumen de las comunicaciones tendr\u00e1 la siguiente estructura:<\/p>\n\n\n\n<ul class=\"wp-block-list\">\n<li class=\"has-primary-color has-text-color has-link-color has-source-serif-pro-font-family wp-elements-9682838f53e5c4293b1a2feb84172d2f\"><strong>El plazo m\u00e1ximo de presentaci\u00f3n de las comunicaciones escritas es el d\u00eda 15 de agosto del 2025<\/strong><\/li>\n\n\n\n<li class=\"has-primary-color has-text-color has-link-color has-source-serif-pro-font-family wp-elements-974bfbfe1e9446af47d4b156e3e5cf06\">Las comunicaciones deber\u00e1n mandarse en formato pdf y por correo electr\u00f3nico a la siguiente direcci\u00f3n:&nbsp; <a href=\"https:\/\/pruebasaluuclm-my.sharepoint.com\/personal\/faustino_garciatorre_uclm_es\/Documents\/escritorio\/neuroderechosyderechopenaln3@gmail.com\">neuroderechosyderechopenaln3@gmail.com<\/a><\/li>\n\n\n\n<li class=\"has-primary-color has-text-color has-link-color has-source-serif-pro-font-family wp-elements-2705e21572360e458b70027a131cbfad\">En el asunto del correo electr\u00f3nico se indicar\u00e1n los apellidos del\/la autor\/a y, seguido de un guion bajo, el t\u00edtulo de la comunicaci\u00f3n<\/li>\n\n\n\n<li class=\"has-primary-color has-text-color has-link-color has-source-serif-pro-font-family wp-elements-3e4dabe38be77886a7cbda9a64596a69\">No se admitir\u00e1n las comunicaciones que no cumplan con los criterios formales indicados en este documento<\/li>\n\n\n\n<li class=\"has-primary-color has-text-color has-link-color has-source-serif-pro-font-family wp-elements-d82f469aa206d01403f38bbd92510c03\">Junto con el texto de la comunicaci\u00f3n deber\u00e1 remitirse el justificante de pago de la inscripci\u00f3n al congreso. En caso de no enviarse, se pedir\u00e1 a los comunicantes que subsanen este requisito de pago, y si ello contin\u00faa sin realizarse, la comunicaci\u00f3n quedar\u00e1 excluida del <em>Call for Papers<\/em><\/li>\n<\/ul>\n<\/div>\n<\/div>\n<\/div>\n\n\n\n<hr class=\"wp-block-separator has-text-color has-foreground-color has-alpha-channel-opacity has-foreground-background-color has-background is-style-wide\" \/>\n\n\n\n<div style=\"height:27px\" aria-hidden=\"true\" class=\"wp-block-spacer\"><\/div>\n\n\n\n<div class=\"wp-block-group alignwide is-layout-flow wp-block-group-is-layout-flow\">\n<p class=\"has-text-align-left has-vivid-red-color has-text-color has-link-color has-source-serif-pro-font-family has-medium-font-size wp-elements-58c557ebc822fb8c7f6d48ab23065409\" style=\"font-style:normal;font-weight:700\">SELECCI\u00d3N DE COMUNICACIONES <\/p>\n\n\n\n<div class=\"wp-block-columns is-layout-flex wp-container-core-columns-is-layout-28f84493 wp-block-columns-is-layout-flex\">\n<div class=\"wp-block-column is-layout-flow wp-block-column-is-layout-flow\" style=\"flex-basis:100%\">\n<p class=\"has-primary-color has-text-color has-link-color wp-elements-4aea99d571561dfc3cf65c20e5331d51\">De la selecci\u00f3n de las comunicaciones se ocupar\u00e1 el Comit\u00e9 cient\u00edfico del proyecto de investigaci\u00f3n, bas\u00e1ndose en la calidad cient\u00edfica de la comunicaci\u00f3n<\/p>\n\n\n\n<p class=\"has-primary-color has-text-color has-link-color wp-elements-5a8a9fc2b980d53b2700632d0278c5ae\">La resoluci\u00f3n con las comunicaciones aceptadas y las fechas de presentaci\u00f3n ser\u00e1 comunicada por correo electr\u00f3nico entre los d\u00edas 5 y 8 de septiembre del 2025<\/p>\n\n\n\n<p class=\"has-primary-color has-text-color has-link-color wp-elements-968db0bf9124f6d616fc44cc2b1646ab\">La certificaci\u00f3n de las comunicaciones aceptadas se expedir\u00e1 a condici\u00f3n de que los\/las comunicantes las presenten oralmente en el congreso, conforme a las bases anteriores<\/p>\n\n\n\n<p class=\"has-primary-color has-text-color has-link-color wp-elements-65995715a0ff6fe74c5dd55443971289\">De todas las comunicaciones, el comit\u00e9 cient\u00edfico escoger\u00e1 aquellas que revistan una especial calidad cient\u00edfica a fin de ser publicadas<\/p>\n<\/div>\n<\/div>\n<\/div>\n\n\n\n<div style=\"height:27px\" aria-hidden=\"true\" class=\"wp-block-spacer\"><\/div>\n\n\n\n<hr class=\"wp-block-separator has-text-color has-foreground-color has-alpha-channel-opacity has-foreground-background-color has-background is-style-wide\" \/>\n\n\n\n<div class=\"wp-block-group alignwide is-layout-flow wp-block-group-is-layout-flow\">\n<p class=\"has-text-align-left has-vivid-red-color has-text-color has-link-color has-source-serif-pro-font-family has-medium-font-size wp-elements-50e20a0227b650f830c000520a3415aa\" style=\"font-style:normal;font-weight:700\">DEFENSA DE COMUNICACIONES <\/p>\n\n\n\n<div class=\"wp-block-columns is-layout-flex wp-container-core-columns-is-layout-28f84493 wp-block-columns-is-layout-flex\">\n<div class=\"wp-block-column is-layout-flow wp-block-column-is-layout-flow\" style=\"flex-basis:100%\">\n<p class=\"has-primary-color has-text-color has-link-color wp-elements-3414308e0fb7d55aab91ec42fbb8db41\">Podr\u00e1 participar cualquier persona investigadora con inter\u00e9s en las tem\u00e1ticas del congreso internacional, si bien, para ello es necesario el abono de la cuota de inscripci\u00f3n conforme a las siguientes que constan en la web de inscripci\u00f3n: <a href=\"https:\/\/eventos.uclm.es\/136681\/tickets\/cerebros-y-codigos-neuroderechos-en-el-derecho-penal-del-siglo-xxi.html\">Cerebros y C\u00f3digos: Neuroderechos en el Derecho Penal del Siglo XXI<\/a><\/p>\n\n\n\n<figure class=\"wp-block-table\"><table class=\"has-primary-color has-text-color has-link-color has-fixed-layout\"><tbody><tr><td>&nbsp;<\/td><td><strong>Inscripci\u00f3n y call for papers<\/strong><\/td><td><strong>Inscripci\u00f3n sin call for papers<\/strong><\/td><\/tr><tr><td>Sin asistencia a cena d\u00eda 11\/09<\/td><td>60 \u20ac<\/td><td>60 \u20ac<\/td><\/tr><tr><td>Con asistencia a cena d\u00eda 11\/09<\/td><td>110 \u20ac<\/td><td>110 \u20ac<\/td><\/tr><tr><td>Plazo<\/td><td>Hasta el 15\/08\/2025<\/td><td>Hasta el 05\/09\/2025<\/td><\/tr><\/tbody><\/table><\/figure>\n\n\n\n<p class=\"has-primary-color has-text-color has-link-color wp-elements-37277a15830c12e5adcf8484de3482e1\">El abono de la cuota genera el derecho a presentar una propuesta de comunicaci\u00f3n que se regir\u00e1 por las normas que figuran a continuaci\u00f3n. Cada comunicaci\u00f3n puede tener hasta un m\u00e1ximo de dos firmantes. No obstante, ambos firmantes han de abonar la cuota de inscripci\u00f3n.<\/p>\n\n\n\n<p class=\"has-primary-color has-text-color has-link-color wp-elements-682972082ab137aad3c680de7f52e68b\">Es importante mencionar que el abono de la cuota de participaci\u00f3n en calidad de comunicante no implica, autom\u00e1ticamente, el derecho a su defensa p\u00fablica y\/o publicaci\u00f3n, sino que la misma se realizar\u00e1 en el caso de que resulte admitida por el comit\u00e9 cient\u00edfico<\/p>\n\n\n\n<p class=\"has-primary-color has-text-color has-link-color wp-elements-f5ec06c5a5fad5b9a7e8561dc28cf098\">La cuota de inscripci\u00f3n incluye el certificado de asistencia y, en su caso, el certificado de exposici\u00f3n oral y\/o publicaci\u00f3n del trabajo<\/p>\n\n\n\n<p class=\"has-primary-color has-text-color has-link-color has-source-serif-pro-font-family wp-elements-4eb2b3cb715c4809119b638e139c4ed7\"><\/p>\n<\/div>\n<\/div>\n<\/div>\n\n\n\n<div style=\"height:39px\" aria-hidden=\"true\" class=\"wp-block-spacer\"><\/div>\n<\/div>\n\n\n\n<p><\/p>\n","protected":false},"excerpt":{"rendered":"<p>\u00bfEST\u00c1S INVESTIGANDO SOBRE ALGUNA DE LAS SIGUIENTES CUESTIONES? Interacci\u00f3n entre Neurociencias \u2013 Derecho Penal \u2013 Inteligencia Artificial&nbsp; Neuro\u00e9tica: marcos \u00e9ticos en la Neurotecnolog\u00eda y la Inteligencia Artificial Fundamentos constitucionales y filos\u00f3ficos de los Neuroderechos Modelos regulatorios en Europa, Latinoam\u00e9rica y el orden internacional Propuestas nacionales e internacionales&nbsp;de constitucionalizaci\u00f3n de los Neuroderechos Propuestas nacionales&nbsp;e internacionales de [&hellip;]<\/p>\n","protected":false},"author":132,"featured_media":0,"parent":0,"menu_order":0,"comment_status":"closed","ping_status":"closed","template":"","meta":{"footnotes":""},"class_list":["post-461","page","type-page","status-publish","hentry"],"_links":{"self":[{"href":"https:\/\/blog.uclm.es\/proyecton3nddhh\/wp-json\/wp\/v2\/pages\/461","targetHints":{"allow":["GET"]}}],"collection":[{"href":"https:\/\/blog.uclm.es\/proyecton3nddhh\/wp-json\/wp\/v2\/pages"}],"about":[{"href":"https:\/\/blog.uclm.es\/proyecton3nddhh\/wp-json\/wp\/v2\/types\/page"}],"author":[{"embeddable":true,"href":"https:\/\/blog.uclm.es\/proyecton3nddhh\/wp-json\/wp\/v2\/users\/132"}],"replies":[{"embeddable":true,"href":"https:\/\/blog.uclm.es\/proyecton3nddhh\/wp-json\/wp\/v2\/comments?post=461"}],"version-history":[{"count":12,"href":"https:\/\/blog.uclm.es\/proyecton3nddhh\/wp-json\/wp\/v2\/pages\/461\/revisions"}],"predecessor-version":[{"id":559,"href":"https:\/\/blog.uclm.es\/proyecton3nddhh\/wp-json\/wp\/v2\/pages\/461\/revisions\/559"}],"wp:attachment":[{"href":"https:\/\/blog.uclm.es\/proyecton3nddhh\/wp-json\/wp\/v2\/media?parent=461"}],"curies":[{"name":"wp","href":"https:\/\/api.w.org\/{rel}","templated":true}]}}