{"id":434,"date":"2018-12-13T20:06:31","date_gmt":"2018-12-13T18:06:31","guid":{"rendered":"http:\/\/35.176.149.187\/?page_id=434"},"modified":"2023-01-23T13:46:26","modified_gmt":"2023-01-23T13:46:26","slug":"resultados","status":"publish","type":"page","link":"https:\/\/blog.uclm.es\/proyectoluceviroms\/resultados\/","title":{"rendered":""},"content":{"rendered":"\n<div class=\"wp-block-group has-light-gray-background-color has-background\"><div class=\"wp-block-group__inner-container is-layout-constrained wp-block-group-is-layout-constrained\">\n<h2 class=\"has-medium-gray-color has-text-color wp-block-heading\" style=\"text-decoration:underline\">Publicaciones<\/h2>\n\n\n\n<p>Mar\u00eda Gonz\u00e1lez Hern\u00e1ndez; Rosa Ballester A\u00f1\u00f3n; Mar\u00eda Isabel Porras Gallo; Mar\u00eda Jos\u00e9 B\u00e1guena Cervellera. Ayuda t\u00e9cnica en tiempos de crisis: la brucelosis en los programas pa\u00eds para Espa\u00f1a de la organizaci\u00f3n mundial de la salud (1951-1972). Rev. Esp. Salud P\u00fablica.2018;92:17 de octubre e201810058.<\/p>\n\n\n\n<hr class=\"wp-block-separator has-alpha-channel-opacity\" \/>\n\n\n\n<p>Esteban Rodr\u00edguez-Oca\u00f1a. La sanidad franquista vista desde la Organizaci\u00f3n Mundial de la Salud: el Informe Brockington (1967). Gaceta Sanitaria, 2018; 32(6): 582-583 <a href=\"https:\/\/doi.org\/10.1016\/j.gaceta.2018.03.004\" target=\"_blank\" rel=\"noreferrer noopener\">https:\/\/doi.org\/10.1016\/j.gaceta.2018.03.004<\/a><\/p>\n\n\n\n<hr class=\"wp-block-separator has-alpha-channel-opacity\" \/>\n\n\n\n<p>Esteban Rodr\u00edguez-Oca\u00f1a. Ocaso de la medicina social en Espa\u00f1a: El caso de la leptospirosis. Asclepio 69 (2): p199. <a href=\"http:\/\/dx.doi.org\/10.3989\/asclepio.2017.22\" target=\"_blank\" rel=\"noreferrer noopener\">http:\/\/dx.doi.org\/10.3989\/asclepio.2017.22<\/a><\/p>\n\n\n\n<hr class=\"wp-block-separator has-alpha-channel-opacity\" \/>\n\n\n\n<p>B\u00e1guena Cervellera, Mar\u00eda Jos\u00e9 (2017). La consolidaci\u00f3n de la virolog\u00eda y su influencia en la lucha contra la rubeola en Espa\u00f1a (1964-1975). En: Zarzoso, A.; Arrizabalaga, J. (eds.). Al servicio de la salud humana: La historia de la medicina ante los retos del siglo XXI. San Feliu de Gu\u00edxols, SEHM, Museu d\u2019Hist\u00f2ria de la Medicina de Catalunya, Museu d\u2019Hist\u00f2ria de Sant Feliu de Gu\u00edxols, Instituci\u00f3 Mil\u00e0 i Fontanals, pp. 77-82. ISBN978-84-697-3617-3<\/p>\n\n\n\n<hr class=\"wp-block-separator has-alpha-channel-opacity\" \/>\n\n\n\n<p>B\u00e1guena Cervellera, Mar\u00eda Jos\u00e9; Mari\u00f1o Guti\u00e9rrez, Lourdes (2017). La participaci\u00f3n espa\u00f1ola en los programas de la OMS para el control de la rabia (1952-1975). En: Zarzoso, A.; Arrizabalaga, J. (eds.). Al servicio de la salud humana: La historia de la medicina ante los retos del siglo XXI. San Feliu de Gu\u00edxols, SEHM, Museu d\u2019Hist\u00f2ria de la Medicina de Catalunya, Museu d\u2019Hist\u00f2ria de Sant Feliu de Gu\u00edxols, Instituci\u00f3 Mil\u00e0 i Fontanals, pp. 117-122. ISBN978-84-697-3617-3<\/p>\n\n\n\n<hr class=\"wp-block-separator has-alpha-channel-opacity\" \/>\n\n\n\n<p>Caballero, Mar\u00eda Victoria.; Mart\u00edn Espinosa, Noelia Mar\u00eda; Porras, Mar\u00eda Isabel. El discurso m\u00e9dico sobre las enfermedades v\u00edricas en la prensa tras la incorporaci\u00f3n de Espa\u00f1a a la Organizaci\u00f3n Mundial de la Salud (1951-1975), EN: Zarzoso, Alfons; Arrizabalaga, Jon (eds.), Al Servicio de la salud humana: La Historia de la medicina ante los retos del siglo XXI. Ciudad Real, SEHM-QR5, pp. 129-136. 2017. ISBN 978-84-697-3617-3<\/p>\n\n\n\n<hr class=\"wp-block-separator has-alpha-channel-opacity\" \/>\n\n\n\n<p>Porras Gallo, Mar\u00eda Isabel; Ram\u00edrez, Mercedes (2017). La lucha contra la gripe en Espa\u00f1a a trav\u00e9s de las relaciones con la OMS (1951-1971). En: Zarzoso, A.; Arrizabalaga, J. (eds.). Al servicio de la salud humana: La historia de la medicina ante los retos del siglo XXI. San Feliu de Gu\u00edxols, SEHM, Museu d\u2019Hist\u00f2ria de la Medicina de Catalunya, Museu d\u2019Hist\u00f2ria de Sant Feliu de Gu\u00edxols, Instituci\u00f3 Mil\u00e0 i Fontanals, pp. 109-115. ISBN978-84-697-3617-3<\/p>\n\n\n\n<hr class=\"wp-block-separator has-alpha-channel-opacity\" \/>\n\n\n\n<p>Esteban Rodr\u00edguez-Oca\u00f1a y Mar\u00eda Isabel Porras Gallo. Contactos internacionales de la Espa\u00f1a de Franco en Medicina y Salud P\u00fablica como v\u00eda de normalizaci\u00f3n intelectual y cient\u00edfica. Presentaci\u00f3n. En: Alfons Zarzoso y Jon Arrizabalaga, editores. Al servicio de la salud humana: la Historia de la Medicina ante los retos del siglo XXI.&nbsp; Sant Feli\u00fa de Guixols: SEHM, Museu d\u2019Hist\u00f2ria de la Medicina de Catalunya, Museu d\u2019Hist\u00f2ria de Sant Feliu de Gu\u00edxols, Instituci\u00f3 Mil\u00e0 i Fontanals (CSIC); 2017, p. 89-93. ISBN978-84-697-3617-3<\/p>\n\n\n\n<hr class=\"wp-block-separator has-alpha-channel-opacity\" \/>\n\n\n\n<p>Ram\u00f3n Castej\u00f3n Bolea y Esteban Rodr\u00edguez-Oca\u00f1a. El control de las enfermedades ven\u00e9reas en Espa\u00f1a durante la d\u00e9cada de 1950: los inicios del Proyecto Espa\u00f1a 8 de la OMS. En: Alfons Zarzoso y Jon Arrizabalaga, editores. Al servicio de la salud humana: la Historia de la Medicina ante los retos del siglo XXI.&nbsp; Museu d\u2019Hist\u00f2ria de la Medicina de Catalunya, Museu d\u2019Hist\u00f2ria de Sant Feliu de Gu\u00edxols, Instituci\u00f3 Mil\u00e0 i Fontanals (CSIC); 2017, p.101-108. ISBN978-84-697-3617-3<\/p>\n<\/div><\/div>\n\n\n\n<hr class=\"wp-block-separator has-alpha-channel-opacity is-style-wide\" \/>\n\n\n\n<div class=\"wp-block-group has-white-color has-medium-gray-background-color has-text-color has-background\"><div class=\"wp-block-group__inner-container is-layout-constrained wp-block-group-is-layout-constrained\">\n<h2 class=\"has-white-color has-text-color wp-block-heading\" style=\"text-decoration:underline\">Ponencias y Comunicaciones<\/h2>\n\n\n\n<p>Esteban Rodr\u00edguez-Oca\u00f1a. &nbsp;Global health in the making: Health Demonstration Zones within the WHO-European Region Office. Workshop: A Discussion and a Dialog on Global Health History. The Meaning of Global Public Health: scholarly and policy implications. [Marcos Cueto, Davide Rodogno and Nicole Bourbonnais, organisers]. Geneva, [Fondation Brocher, Hermance], 28-30 Nov. 2018.<\/p>\n\n\n\n<hr class=\"wp-block-separator has-alpha-channel-opacity\" \/>\n\n\n\n<p>Mar\u00eda Isabel Porras Gallo. The role played by the World Health Organisation (WHO) country programmes in the development of virology in Spain. Workshop: A Discussion and a Dialog on Global Health History. The Meaning of Global Public Health: scholarly and policy implications. [Marcos Cueto, Davide Rodogno and Nicole Bourbonnais, organisers]. Geneva, [Fondation Brocher, Hermance], 28-30 Nov. 2018.<\/p>\n\n\n\n<hr class=\"wp-block-separator has-alpha-channel-opacity\" \/>\n\n\n\n<p>Mar\u00eda Isabel Porras Gallo. La pandemia de gripe de 1918 como revulsivo cient\u00edfico y sociosanitario. Jornada \u2018La mal anomenada grip espa\u00f1ola 100 anys despr\u00e9s. Organizada por el Instituto M\u00e9dico Valenciano y la Universidad de Valencia. Valencia. 14 de noviembre de 2018.<\/p>\n\n\n\n<hr class=\"wp-block-separator has-alpha-channel-opacity\" \/>\n\n\n\n<p>Mar\u00eda Isabel Porras Gallo; Mercedes Ram\u00edrez Ortega. Los efectos de la pandemia de 1918-19 en la lucha contra la gripe en Espa\u00f1a: el papel de los cambios de percepci\u00f3n del riesgo y de la entrada de Espa\u00f1a en la OMS en 1951. VIII Taller de Historia Social de la Salud y la Enfermedad en Argentina y Am\u00e9rica Latina. Procesos de salud, enfermedad y pr\u00e1cticas de curar: miradas interdisciplinarias en la construcci\u00f3n del conocimiento. C\u00f3rdoba, Argentina, 10-12 de octubre de 2018<\/p>\n\n\n\n<hr class=\"wp-block-separator has-alpha-channel-opacity\" \/>\n\n\n\n<p>Mar\u00eda Isabel Porras Gallo, Mercedes Ram\u00edrez Ortega y Mariano Ayarzag\u00fcena. Los efectos de la pandemia de 1918-19 en la lucha contra la gripe en Espa\u00f1a: el papel de los cambios de percepci\u00f3n del riesgo y la posterior creaci\u00f3n de la OMS. Jornadas de Popula\u00e7\u00f5es e Sa\u00fade \u2013 \u201cA Gripe Espanhola de 1918\u201d. Guimaraes (Portugal), 25-26 de octubre de 2018<\/p>\n\n\n\n<hr class=\"wp-block-separator has-alpha-channel-opacity\" \/>\n\n\n\n<p>Mar\u00eda Isabel Porras; Mercedes Ram\u00edrez. El impacto de la pandemia de 1918-19 en la organizaci\u00f3n de la lucha contra la gripe en Espa\u00f1a tras la creaci\u00f3n de la OMS. 56 Congreso de Americanistas. Salamanca, 15-20 de julio de 2018.<\/p>\n\n\n\n<hr class=\"wp-block-separator has-alpha-channel-opacity\" \/>\n\n\n\n<p>Teresa Ortiz. Relaciones transnacionales del movimiento espa\u00f1ol de planificaci\u00f3n familiar (1960-1980). XII Congreso Iberoamericano Ciencia Tecnolog\u00eda y G\u00e9nero. Bilbao 20 julio 2018.<\/p>\n\n\n\n<hr class=\"wp-block-separator has-alpha-channel-opacity\" \/>\n\n\n\n<p>B\u00e1guena, Mar\u00eda Jos\u00e9; Porras, Mar\u00eda Isabel. El papel de los programas\u2013pa\u00eds de la OMS en el desarrollo de la virolog\u00eda en Espa\u00f1a. Simposio \u201cSALUD, ENFERMEDAD Y FRANQUISMO\u201d. Ciudad Real, 27-28 junio 2018<\/p>\n\n\n\n<hr class=\"wp-block-separator has-alpha-channel-opacity\" \/>\n\n\n\n<p>Lourdes Mari\u00f1o Guti\u00e9rrez; Victoria Caballero Mart\u00ednez y Noelia M Mart\u00edn Espinosa. Actividades sanitarias llevadas a cabo por organizaciones filantr\u00f3picas espa\u00f1olas relacionadas con el control de las enfermedades transmisibles durante el per\u00edodo franquista. Simposio \u201cSALUD, ENFERMEDAD Y FRANQUISMO\u201d. Ciudad Real, 27-28 junio 2018<\/p>\n\n\n\n<hr class=\"wp-block-separator has-alpha-channel-opacity\" \/>\n\n\n\n<p>Mar\u00eda Isabel Porras; Mercedes Ram\u00edrez. El efecto de los programas pa\u00eds de la OMS con Espa\u00f1a en el desarrollo de la investigaci\u00f3n contra la gripe (1951-1971). Simposio \u201cSALUD, ENFERMEDAD Y FRANQUISMO\u201d. Ciudad Real, 27-28 junio 2018<\/p>\n\n\n\n<hr class=\"wp-block-separator has-alpha-channel-opacity\" \/>\n\n\n\n<p>Esteban Rodr\u00edguez-Oca\u00f1a y Juan Atenza Fern\u00e1ndez. El Proyecto E30 OMS-Espa\u00f1a para el establecimiento de una Zona de Demostraci\u00f3n sanitaria en Talavera de la Reina, 1965-1976. Simposio \u201cSALUD, ENFERMEDAD Y FRANQUISMO\u201d. Ciudad Real, 27-28 junio 2018.<\/p>\n\n\n\n<hr class=\"wp-block-separator has-alpha-channel-opacity\" \/>\n\n\n\n<p>Esteban Rodr\u00edguez-Oca\u00f1a y Rosa Ballester. El Informe Brockington sobre la organizaci\u00f3n de los servicios sanitarios en Espa\u00f1a (1967). Simposio \u201cSALUD, ENFERMEDAD Y FRANQUISMO\u201d. Ciudad Real, 27-28 junio 2018<\/p>\n\n\n\n<hr class=\"wp-block-separator has-alpha-channel-opacity\" \/>\n\n\n\n<p>Rosa Ballester y Esteban Rodr\u00edguez-Oca\u00f1a. \u201cNacidos demasiado pronto\u201d.&nbsp; La prematuridad en la agenda&nbsp; de la Salud Materno-Infantil&nbsp; de la OMS y el Plan de Operaciones para Espa\u00f1a (1948-1970). Simposio \u201cSALUD, ENFERMEDAD Y FRANQUISMO\u201d. Ciudad Real, 27-28 junio 2018<\/p>\n\n\n\n<hr class=\"wp-block-separator has-alpha-channel-opacity\" \/>\n\n\n\n<p>Rosa Ballester y Esteban Rodr\u00edguez-Oca\u00f1a. Prematurity: Joint activities WHO-UNICEF in the field of child health services (1949-1962): a case study. 12TH EUROPEAN SOCIAL SCIENCE HISTORY CONFERENCE. Belfast, 4-7 abril 2018<\/p>\n\n\n\n<hr class=\"wp-block-separator has-alpha-channel-opacity\" \/>\n\n\n\n<p>B\u00e1guena, Mar\u00eda Jos\u00e9; Porras, Mar\u00eda Isabel. The impact of the World Health Organisation (WHO) country-programme E-25 in the development of the virology in Spain. Comunicaci\u00f3n aceptada para la European Social Science History Conference 2018 (Belfast, 4-7 abril, 2018)<\/p>\n\n\n\n<hr class=\"wp-block-separator has-alpha-channel-opacity\" \/>\n\n\n\n<p>Noelia M Mart\u00edn Espinosa; Lourdes Mari\u00f1o Guti\u00e9rrez; Victoria Caballero Mart\u00ednez. The role of Spanish philanthropic organisations in the control of contagious diseases in the Franco era. Comunicaci\u00f3n aceptada para la European Social Science History Conference 2018 (Belfast, 4-7 abril, 2018)<\/p>\n\n\n\n<hr class=\"wp-block-separator has-alpha-channel-opacity\" \/>\n\n\n\n<p>Porras, Mar\u00eda Isabel; B\u00e1guena, Mar\u00eda Jos\u00e9. Risk perception and reactions to viral infectious and vaccines in Spain (1950s-2009). Comunicaci\u00f3n aceptada para el Workshop \u00abVaccines: Values, present and past\u00bb (Uppsala, Suecia, 23-24 Nov 2017).<\/p>\n\n\n\n<hr class=\"wp-block-separator has-alpha-channel-opacity\" \/>\n\n\n\n<p>Mar\u00eda Jos\u00e9 B\u00e1guena; Mar\u00eda Isabel Porras; Rosa Ballester. Ayuda t\u00e9cnica en tiempos de cambio: los programas-pa\u00eds de la OMS sobre enfermedades infecciosas (1951-1975). Jornada LA APERTURA INTERNACIONAL DEL R\u00c9GIMEN FRANQUISTA: \u00bfOBLIGACI\u00d3N, OPORTUNIDAD PARA LA MODERNIZACI\u00d3N DEL PA\u00cdS?, Ciudad Real, 15 noviembre 2017.<\/p>\n\n\n\n<hr class=\"wp-block-separator has-alpha-channel-opacity\" \/>\n\n\n\n<p>Esteban Rodr\u00edguez-Oca\u00f1a. Espa\u00f1a y la Organizaci\u00f3n Mundial de la Salud en tiempos de Palanca: una evaluaci\u00f3n provisional. Jornada LA APERTURA INTERNACIONAL DEL R\u00c9GIMEN FRANQUISTA: \u00bfOBLIGACI\u00d3N, OPORTUNIDAD PARA LA MODERNIZACI\u00d3N DEL PA\u00cdS?, Ciudad Real, 15 noviembre 2017.<\/p>\n\n\n\n<hr class=\"wp-block-separator has-alpha-channel-opacity\" \/>\n\n\n\n<p>Jos\u00e9 Victente Toledo; Rosa Ballester; Mar\u00eda Isabel Porras Gallo; Mar\u00eda Jos\u00e9 B\u00e1guena Cervellera. Espacios hospitalarios y discapacidad. La puesta en marcha de los Servicios de Rehabilitaci\u00f3n en Espa\u00f1a (1957-1975). De las recomendaciones de los organismos internacionales a la realidad de la pr\u00e1ctica en contextos locales. Estudios de caso (1): la Comunidad Valenciana XII Congreso de la Asociaci\u00f3n Espa\u00f1ola de Historia Econ\u00f3mica. Salamanca, 6-9 de septiembre de 2017.<\/p>\n\n\n\n<hr class=\"wp-block-separator has-alpha-channel-opacity\" \/>\n\n\n\n<p>Mar\u00eda Isabel Porras Gallo; Mar\u00eda Jos\u00e9 B\u00e1guena Cervellera; Jos\u00e9 Victente Toledo; Rosa Ballester. Espacios hospitalarios y discapacidad. La puesta en marcha de los Servicios de Rehabilitaci\u00f3n en Espa\u00f1a (1957-1975). De las recomendaciones de los organismos internacionales a la realidad de la pr\u00e1ctica en contextos locales. Estudios de caso (2): Madrid y Barcelona. XII Congreso de la Asociaci\u00f3n Espa\u00f1ola de Historia Econ\u00f3mica. Salamanca, 6-9 de septiembre de 2017.<\/p>\n\n\n\n<hr class=\"wp-block-separator has-alpha-channel-opacity\" \/>\n\n\n\n<p>B\u00e1guena, Mar\u00eda Jos\u00e9. Clinical and laboratory research on the introduction of rubella vaccine in Spain. Comunicaci\u00f3n presentada en la Biennial Conference of the European Association for the History of Medicine and Health (EAHMH), BUCAREST, RUMANIA, 30 Agosto &#8211; 2 Septiembre 2017<\/p>\n\n\n\n<hr class=\"wp-block-separator has-alpha-channel-opacity\" \/>\n\n\n\n<p>Porras, Mar\u00eda Isabel; B\u00e1guena, Mar\u00eda Jos\u00e9. The role played by doctors, the government and the WHO in the implementation of the poliomyelitis and rubella serological surveys in Spain (1958-1979). Comunicaci\u00f3n presentada en la Biennial Conference of the European Association for the History of Medicine and Health (EAHMH), BUCAREST, RUMANIA, 30 Agosto &#8211; 2 Septiembre 2017<\/p>\n\n\n\n<hr class=\"wp-block-separator has-alpha-channel-opacity\" \/>\n\n\n\n<p>Mart\u00edn, Noelia M.; Caballero, Mar\u00eda Victoria; Mari\u00f1o, Lourdes. Vaccination campaigns against virus diseases in Spain during the XX Century through the national newspapers. Comunicaci\u00f3n presentada en la Biennial Conference of the European Association for the History of Medicine and Health (EAHMH), BUCAREST, RUMANIA, 30 Agosto &#8211; 2 Septiembre 2017<\/p>\n\n\n\n<hr class=\"wp-block-separator has-alpha-channel-opacity\" \/>\n\n\n\n<p>B\u00e1guena Cervellera, Mar\u00eda Jos\u00e9; Mari\u00f1o Guti\u00e9rrez, Lourdes. La participaci\u00f3n espa\u00f1ola en los programas de la OMS para el control de la rabia (1952-1975). Comunicaci\u00f3n presentada en el XVII Congreso de la Sociedad Espa\u00f1ola de Historia de la Medicina. (San Feliu de Gu\u00edxols, 15-17 junio 2017)<\/p>\n\n\n\n<hr class=\"wp-block-separator has-alpha-channel-opacity\" \/>\n\n\n\n<p>Porras Gallo, Mar\u00eda Isabel; Ram\u00edrez, Mercedes. La lucha contra la gripe en Espa\u00f1a a trav\u00e9s de las relaciones con la OMS (1951-1971). Comunicaci\u00f3n presentada en el XVII Congreso de la Sociedad Espa\u00f1ola de Historia de la Medicina. (San Feliu de Gu\u00edxols, 15-17 junio 2017)<\/p>\n\n\n\n<hr class=\"wp-block-separator has-alpha-channel-opacity\" \/>\n\n\n\n<p>Caballero, Mar\u00eda Victoria; Mart\u00edn, Noelia M.; Porras, Mar\u00eda Isabel (2017). El discurso m\u00e9dico sobre las enfermedades v\u00edricas en la prensa tras la incorporaci\u00f3n de Espa\u00f1a a la Organizaci\u00f3n Mundial de la Salud (1951-1975). Comunicaci\u00f3n presentada en el XVII Congreso de la Sociedad Espa\u00f1ola de Historia de la Medicina. (San Feliu de Gu\u00edxols, 15-17 junio 2017)<\/p>\n\n\n\n<hr class=\"wp-block-separator has-alpha-channel-opacity\" \/>\n\n\n\n<p>Porras, Mar\u00eda Isabel; B\u00e1guena, Mar\u00eda Jos\u00e9; Ballester, Rosa. El papel de los Programas-pa\u00eds de la OMS en la investigaci\u00f3n hist\u00f3rico-m\u00e9dica: la lucha contra las enfermedades infecciosas v\u00edricas en Espa\u00f1a (1951-1975). P\u00f3ster presentado en el XX Simposio de la Sociedad Espa\u00f1ola de Historia de la Medicina (Granada, noviembre, 2016)<\/p>\n\n\n\n<hr class=\"wp-block-separator has-alpha-channel-opacity\" \/>\n\n\n\n<p>Esteban Rodr\u00edguez-Oca\u00f1a et al. Hacia la salud global. Espa\u00f1a y la Organizaci\u00f3n Mundial de la Salud. Proyecto HAR2015-70688-C2 (MINECO-Fondos Feder). [P\u00f3ster]. XX SIMPOSIO DE LA SOCIEDAD ESPA\u00d1OLA DE HISTORIA DE LA MEDICINA, 10-11 noviembre 2016.<\/p>\n\n\n\n<hr class=\"wp-block-separator has-alpha-channel-opacity\" \/>\n\n\n\n<p>Porras, Mar\u00eda Isabel; B\u00e1guena, Mar\u00eda Jos\u00e9; Ballester, Rosa (2016). La lucha contra las enfermedades v\u00edricas en Espa\u00f1a a trav\u00e9s de los Programas-Pa\u00eds de la OMS (1951-1986). Ponencia presentada en el VII Congreso de la Asociaci\u00f3n Latinoamericana de Poblaci\u00f3n (Foz de Iguaz\u00fa, Brasil, Octubre, 2016)<\/p>\n\n\n\n<hr class=\"wp-block-separator has-alpha-channel-opacity\" \/>\n\n\n\n<p>Porras, Mar\u00eda Isabel; B\u00e1guena, Mar\u00eda Jos\u00e9; Ballester, Rosa (2016). Los Programas-pa\u00eds de la OMS con Espa\u00f1a para la lucha contra las enfermedades infecciosas (1951-1975). P\u00f3ster presentado en el VII Congreso de la Asociaci\u00f3n Latinoamericana de Poblaci\u00f3n (Foz de Iguaz\u00fa, Brasil, octubre, 2016)<\/p>\n\n\n\n<hr class=\"wp-block-separator has-alpha-channel-opacity\" \/>\n\n\n\n<p>B\u00e1guena, Mar\u00eda Jos\u00e9; Mari\u00f1o, Lourdes. El reto de la erradicaci\u00f3n del sarampi\u00f3n en Espa\u00f1a: las campa\u00f1as de vacunaci\u00f3n. Comunicaci\u00f3n presentada en la XIV Trobada d\u2019Hist\u00f2ria de la Ci\u00e8ncia i de la T\u00e8cnica (Castell\u00f3n, octubre, 2016)<\/p>\n\n\n\n<hr class=\"wp-block-separator has-alpha-channel-opacity\" \/>\n\n\n\n<p>Mart\u00edn, Noelia; Caballero, Victoria. Campa\u00f1as de vacunaci\u00f3n contra la parotiditis, el sarampi\u00f3n y la rubeola en Espa\u00f1a durante el siglo XX: una visi\u00f3n desde la prensa. Comunicaci\u00f3n presentada en la XIV Trobada d\u2019Hist\u00f2ria de la Ci\u00e8ncia i de la T\u00e8cnica (Castell\u00f3n, octubre, 2016)<\/p>\n\n\n\n<hr class=\"wp-block-separator has-alpha-channel-opacity\" \/>\n\n\n\n<p>Porras, Mar\u00eda Isabel; Ram\u00edrez, Mercedes. Los programas de la OMS contra la gripe y su impacto en Espa\u00f1a. Comunicaci\u00f3n presentada en la XIV Trobada d\u2019Hist\u00f2ria de la Ci\u00e8ncia i de la T\u00e8cnica (Castell\u00f3n, octubre, 2016)<\/p>\n\n\n\n<hr class=\"wp-block-separator has-alpha-channel-opacity\" \/>\n\n\n\n<p>B\u00e1guena, Mar\u00eda Jos\u00e9. La prevenci\u00f3n del sarampi\u00f3n en Espa\u00f1a: la introducci\u00f3n de la vacuna antisarampionosa (1961-1968). Ponencia presentada en el XI Congreso de la Asociaci\u00f3n de Demograf\u00eda Hist\u00f3rica (C\u00e1diz, junio, 2016)<\/p>\n<\/div><\/div>\n\n\n\n<hr class=\"wp-block-separator has-alpha-channel-opacity is-style-wide\" \/>\n\n\n\n<div class=\"wp-block-group has-light-gray-background-color has-background\"><div class=\"wp-block-group__inner-container is-layout-constrained wp-block-group-is-layout-constrained\">\n<h2 class=\"has-medium-gray-color has-text-color wp-block-heading\" style=\"text-decoration:underline\">Organizaci\u00f3n de reuniones y sesiones cient\u00edficas<\/h2>\n\n\n\n<p>Mar\u00eda Isabel Porras Gallo; Isabel Serio; Mariano Ayarzag\u00fcena, organizadores del Simposio \u201cSALUD, ENFERMEDAD Y FRANQUISMO\u201d. Ciudad Real, 27-28 junio 2018.<\/p>\n\n\n\n<hr class=\"wp-block-separator has-alpha-channel-opacity\" \/>\n\n\n\n<p>Mar\u00eda Isabel Porras Gallo y Mar\u00eda Jos\u00e9 B\u00e1guena Cervellera. Sesi\u00f3n organizada en la European Social Science History Conference 2018 (Belfast, 4-7 abril, 2018): Non-governmental organisations, scientific associations, international health agencies and governments, and international health cooperation during the 20th century.<\/p>\n\n\n\n<hr class=\"wp-block-separator has-alpha-channel-opacity\" \/>\n\n\n\n<p>Mar\u00eda Isabel Porras; Isabel Serio. Jornada LA APERTURA INTERNACIONAL DEL R\u00c9GIMEN FRANQUISTA: \u00bfOBLIGACI\u00d3N, OPORTUNIDAD PARA LA MODERNIZACI\u00d3N DEL PA\u00cdS?, Ciudad Real, 15 noviembre 2017.<\/p>\n\n\n\n<hr class=\"wp-block-separator has-alpha-channel-opacity\" \/>\n\n\n\n<p>Mar\u00eda Isabel Porras Gallo y Esteban Rodr\u00edguez Oca\u00f1a. Sesi\u00f3n organizada en the Biennial Conference of the European Association for the History of Medicine and Health (EAHMH), BUCAREST, RUMANIA, 30 Agosto &#8211; 2 Septiembre 2017: States, international agencies, medical profession and civil society in the development of vaccines and vaccination programmes in Spain and Netherlands.<\/p>\n\n\n\n<hr class=\"wp-block-separator has-alpha-channel-opacity\" \/>\n\n\n\n<p>Esteban Rodr\u00edguez Oca\u00f1a&nbsp; y Mar\u00eda Isabel Porras Gallo.Sesi\u00f3n organizada en el XVII Congreso de la Sociedad Espa\u00f1ola de Historia de la Medicina. (San Feliu de Gu\u00edxols, 15-17 junio 2017): Contactos internacionales de la Espa\u00f1a de Franco en Medicina y Salud P\u00fablica como v\u00eda de normalizaci\u00f3n intelectual y cient\u00edfica.<\/p>\n\n\n\n<hr class=\"wp-block-separator has-alpha-channel-opacity\" \/>\n\n\n\n<p>Mar\u00eda Jos\u00e9 B\u00e1guena Cervellera&nbsp; y Mar\u00eda Isabel Porras Gallo. Sesi\u00f3n organizada en la XIV Trobada d\u2019Hist\u00f2ria de la Ci\u00e8ncia i de la T\u00e8cnica (Castell\u00f3n, octubre, 2016): Pol\u00edticas de salud y enfermedades infecciosas.<\/p>\n<\/div><\/div>\n\n\n\n<hr class=\"wp-block-separator has-alpha-channel-opacity is-style-wide\" \/>\n","protected":false},"excerpt":{"rendered":"<p>Publicaciones Mar\u00eda Gonz\u00e1lez Hern\u00e1ndez; Rosa Ballester A\u00f1\u00f3n; Mar\u00eda Isabel Porras Gallo; Mar\u00eda Jos\u00e9 B\u00e1guena Cervellera. Ayuda t\u00e9cnica en tiempos de crisis: la brucelosis en los programas pa\u00eds para Espa\u00f1a de la organizaci\u00f3n mundial de la salud (1951-1972). Rev. Esp. Salud P\u00fablica.2018;92:17 de octubre e201810058. Esteban Rodr\u00edguez-Oca\u00f1a. La sanidad franquista vista desde la Organizaci\u00f3n Mundial de &hellip; <a href=\"https:\/\/blog.uclm.es\/proyectoluceviroms\/resultados\/\" class=\"more-link\">Continuar leyendo<span class=\"screen-reader-text\"> \u00ab\u00bb<\/span><\/a><\/p>\n","protected":false},"author":178,"featured_media":0,"parent":0,"menu_order":0,"comment_status":"closed","ping_status":"closed","template":"","meta":{"footnotes":""},"class_list":["post-434","page","type-page","status-publish","hentry"],"_links":{"self":[{"href":"https:\/\/blog.uclm.es\/proyectoluceviroms\/wp-json\/wp\/v2\/pages\/434","targetHints":{"allow":["GET"]}}],"collection":[{"href":"https:\/\/blog.uclm.es\/proyectoluceviroms\/wp-json\/wp\/v2\/pages"}],"about":[{"href":"https:\/\/blog.uclm.es\/proyectoluceviroms\/wp-json\/wp\/v2\/types\/page"}],"author":[{"embeddable":true,"href":"https:\/\/blog.uclm.es\/proyectoluceviroms\/wp-json\/wp\/v2\/users\/178"}],"replies":[{"embeddable":true,"href":"https:\/\/blog.uclm.es\/proyectoluceviroms\/wp-json\/wp\/v2\/comments?post=434"}],"version-history":[{"count":5,"href":"https:\/\/blog.uclm.es\/proyectoluceviroms\/wp-json\/wp\/v2\/pages\/434\/revisions"}],"predecessor-version":[{"id":967,"href":"https:\/\/blog.uclm.es\/proyectoluceviroms\/wp-json\/wp\/v2\/pages\/434\/revisions\/967"}],"wp:attachment":[{"href":"https:\/\/blog.uclm.es\/proyectoluceviroms\/wp-json\/wp\/v2\/media?parent=434"}],"curies":[{"name":"wp","href":"https:\/\/api.w.org\/{rel}","templated":true}]}}