{"id":24,"date":"2022-04-26T21:33:45","date_gmt":"2022-04-26T20:33:45","guid":{"rendered":"https:\/\/blog.uclm.es\/proyectogotsustertech\/?page_id=24"},"modified":"2023-01-25T07:16:39","modified_gmt":"2023-01-25T07:16:39","slug":"5-project-progress","status":"publish","type":"page","link":"https:\/\/blog.uclm.es\/proyectogotsustertech\/5-project-progress\/","title":{"rendered":"5. Project progress"},"content":{"rendered":"\n<p> <\/p>\n\n\n\n<p><strong>Principales resultados del proyecto<\/strong> <strong>en indicadores AEI<\/strong><\/p>\n\n\n\n<figure class=\"wp-block-table\"><table><tbody><tr><td><strong>Publicaciones que deriven directamente de la actividad cient\u00edfica desarrollada.<\/strong><\/td><td><strong>4 (+2 enviados + 4 en preparaci\u00f3n) <\/strong><strong>(3 open Access)<\/strong><\/td><\/tr><tr><td>Conferencias nacionales\/internacionales en jornadas t\u00e9cnicas especializadas (indicando cu\u00e1ntas por invitaci\u00f3n).<\/td><td>2 (+2 en preparaci\u00f3n)<\/td><\/tr><tr><td>Contactos con potenciales usuarios finales: empresas u otros agentes sociales, organizaciones culturales, etc.<\/td><td>2 (Emgrisa y Gobierno Arag\u00f3n) Empresas suministradoras de componentes<\/td><\/tr><tr><td>Actividades de formaci\u00f3n y mentor\u00eda o asesor\u00eda.<\/td><td>0<\/td><\/tr><tr><td>Prototipos, demostraci\u00f3n a escala piloto, pruebas con usuarios finales.<\/td><td>1 (en construcci\u00f3n)<\/td><\/tr><\/tbody><\/table><\/figure>\n\n\n\n<p><strong>Publicaciones Derivadas del proyecto (enero 2023)<\/strong><\/p>\n\n\n\n<p>\u2022Electrochimica Acta:&nbsp; <a href=\"https:\/\/doi.org\/10.1016\/j.electacta.2022.141189\">https:\/\/doi.org\/10.1016\/j.electacta.2022.141189<\/a>.<\/p>\n\n\n\n<p>\u2022ChemistryOpen: <a href=\"https:\/\/doi.org\/10.1002\/open.202200022\">https:\/\/doi.org\/10.1002\/open.202200022<\/a>. This is an open access article under the terms of the Creative Commons Attribution Non-Commercial NoDerivs License.<\/p>\n\n\n\n<p>\u2022Journal of Applied Electrochemistry: <a href=\"https:\/\/doi.org\/10.1007\/s10800-022-01715-9\">https:\/\/doi.org\/10.1007\/s10800-022-01715-9<\/a>. Open Access This article is licensed under a Creative Commons Attribution 4.0 International License.<\/p>\n\n\n\n<p>\u2022Chemosphere: <a href=\"https:\/\/doi.org\/10.1016\/j.chemosphere.2022.134052\">https:\/\/doi.org\/10.1016\/j.chemosphere.2022.134052<\/a>. This is an open access article under the CC BY-NC-ND.<\/p>\n\n\n\n<p><strong>Progreso del proyecto en base a objetivos TRL<\/strong><\/p>\n\n\n\n<p><strong><em>Elevar el TRL 4-5 de Sustertech4ch al TRL 6 mediante la adaptaci\u00f3n de nuestra tecnolog\u00eda SUSTERTECH4CH a las condiciones de la balsa de lixiviados de las Sardas.<\/em><\/strong><\/p>\n\n\n\n<p><em>Lo conseguido hasta el momento:<\/em><\/p>\n\n\n\n<ul class=\"wp-block-list\">\n<li>Caracterizaci\u00f3n&nbsp; de la movilidad del agua y de los contaminantes en lodos reales de balsas bajo la acci\u00f3n de campos el\u00e9ctricos<\/li>\n<\/ul>\n\n\n\n<ul class=\"wp-block-list\">\n<li>Caracterizaci\u00f3n de la movilidad de la movilidad de contaminantes a fase gas provenientes de sistemas reales<\/li>\n<\/ul>\n\n\n\n<ul class=\"wp-block-list\">\n<li>Caracterizaci\u00f3n de la reactividad inducida por frentes \u00e1cidos y alcalino<\/li>\n<\/ul>\n\n\n\n<ul class=\"wp-block-list\">\n<li>Caracterizaci\u00f3n de la tratabilidad tratamiento de l\u00edquidos obtenidos en el tratamiento de lodos reales por EAOP incluyendo electrofenton<\/li>\n<\/ul>\n\n\n\n<ul class=\"wp-block-list\">\n<li>Obtenci\u00f3n de par\u00e1metros para dise\u00f1o de procesos electrocin\u00e9ticos por modelado<\/li>\n<\/ul>\n\n\n\n<p><em>Lo que estamos trabajando:<\/em><\/p>\n\n\n\n<ul class=\"wp-block-list\">\n<li>Mejora del sistema de extracci\u00f3n y tratamiento de gases<\/li>\n<\/ul>\n\n\n\n<ul class=\"wp-block-list\">\n<li>Caracterizaci\u00f3n de la estabilizaci\u00f3n del lodo<\/li>\n<\/ul>\n\n\n\n<p><strong><em>Dise\u00f1ar e implementar la remediaci\u00f3n de dos parcelas de la balsa (7&#215;7 m2) alimentadas con energ\u00eda verde (panel solar) de acuerdo con los desarrollos m\u00e1s sostenibles llevados a cabo en Sustertech4ch, elevando el TRL hasta 7<\/em><\/strong><\/p>\n\n\n\n<p><em>Lo conseguido hasta el momento <\/em><\/p>\n\n\n\n<ul class=\"wp-block-list\">\n<li>Dise\u00f1o de la instalaci\u00f3n de tratamiento hol\u00edstico suelo-l\u00edquido-gas<\/li>\n<\/ul>\n\n\n\n<ul class=\"wp-block-list\">\n<li>Localizaci\u00f3n de suministradores de componentes<\/li>\n<\/ul>\n\n\n\n<ul class=\"wp-block-list\">\n<li>adquisici\u00f3n de componentes uso industrial y procedimiento de instalaci\u00f3n\/construcci\u00f3n<\/li>\n<\/ul>\n\n\n\n<ul class=\"wp-block-list\">\n<li>Evaluaci\u00f3n de la operativa y de condicionamientos de seguridad industrial y medioambiental<\/li>\n<\/ul>\n\n\n\n<p><em>Lo que estamos trabajando:<\/em><\/p>\n\n\n\n<ul class=\"wp-block-list\">\n<li>Finalizaci\u00f3n adquisici\u00f3n de componentes<\/li>\n<\/ul>\n\n\n\n<ul class=\"wp-block-list\">\n<li>Finalizaci\u00f3n de la construcci\u00f3n e instalaci\u00f3n<\/li>\n<\/ul>\n\n\n\n<ul class=\"wp-block-list\">\n<li>Operaci\u00f3n de la planta de tratamiento en dos casu\u00edsticas diferenciadas<\/li>\n<\/ul>\n\n\n\n<p><strong><em>Desarrollar toda la cadena de valor para aplicar esta tecnolog\u00eda donde sea necesario en una acci\u00f3n TRL 8 ya sea licenciando o haciendo una empresa spin-off<\/em><\/strong><\/p>\n\n\n\n<p><em>Lo que hemos conseguido:<\/em><\/p>\n\n\n\n<ul class=\"wp-block-list\">\n<li>Generar know-how de procedimientos de dise\u00f1o de instalaciones<\/li>\n<\/ul>\n\n\n\n<ul class=\"wp-block-list\">\n<li>Generar know-how de procedimientos de operaci\u00f3n (incluyendo seguridad ambiental e industrial) de instalaciones<\/li>\n<\/ul>\n\n\n\n<ul class=\"wp-block-list\">\n<li>Generar procedimientos de trabajo a lo largo de la cadena de valor con suministradores de todos los componentes industriales necesarios para aplicar la tecnolog\u00eda<\/li>\n<\/ul>\n\n\n\n<p><em>Lo que estamos trabajando:<\/em><\/p>\n\n\n\n<ul class=\"wp-block-list\">\n<li>Determinar la forma de aplicar la tecnolog\u00eda a la remediaci\u00f3n completa de la balsa en la que se est\u00e1 realizando el estudio y encontrar el modo de completarla<\/li>\n<\/ul>\n\n\n\n<ul class=\"wp-block-list\">\n<li>Generar la mejor forma de explotaci\u00f3n de los resultados para devolver a sociedad la inversi\u00f3n<\/li>\n<\/ul>\n\n\n\n<p><strong>Progreso del proyecto en base a desarrollo de objetivos comprometidos<\/strong><\/p>\n\n\n\n<figure class=\"wp-block-table\"><table><tbody><tr><td><strong>Obj<\/strong><\/td><td><strong>Tema<\/strong><\/td><td><strong>Logros (esperado, conseguido)<\/strong><\/td><td><strong>Imprevistos positivos negativos<\/strong><\/td><\/tr><tr><td>1 (tec)<\/td><td>Movilidad en lodos de contaminantes con campos el\u00e9ctricos<\/td><td>Caracterizaci\u00f3n movilidad suelo (100%, 100%) Importancia movilidad gases (0%, 100%) Parametrizaci\u00f3n modelo (0%, 100%) Reactividad contaminantes inducida electroqu\u00edmicamente (0%, 100%)<\/td><td>Dificultades en desplazamiento de personal contratado hasta Sabi\u00f1a\u00f1igo por encima de un mes para lo que hubo que pedir permiso especial. Se han conseguido logros por encima de lo esperado<\/td><\/tr><tr><td>2 (tec)<\/td><td>Cambio escala<\/td><td>Dise\u00f1o planta real 8X8X1.5 m3 (100,100%) Adquisici\u00f3n materiales (100,80%) Instalaci\u00f3n materiales (50, 50%)<\/td><td>Dificultades gesti\u00f3n econ\u00f3mica dada la magnitud de las instalaciones. En particular en la contrataci\u00f3n de servicios y desplazamientos de personal propio.<\/td><\/tr><tr><td>3 (Tec)<\/td><td>Estrategia descontaminaci\u00f3n<\/td><td>Planificaci\u00f3n operativa funcionamiento (100%) An\u00e1lisis de riesgos (0%, 80%) HAZOP operaci\u00f3n (0%, 80%) Realizaci\u00f3n de dos tests (0%, 0%)<\/td><td>Dificultades de trabajo en entorno industrial, especialmente en cuanto a necesidad de cumplir con todos los requerimientos de seguridad industrial y medioambiental (no inicialmente considerados pero necesarios dada magnitud) Retraso por necesidad de adecuaci\u00f3n a condiciones clim\u00e1ticas.&nbsp; <strong>Conveniencia de prorroga para buena ejecuci\u00f3n<\/strong><\/td><\/tr><tr><td>4 (Tec)<\/td><td>Tratamiento l\u00edquidos<\/td><td>Evaluaci\u00f3n electrofenton (100% ,100%) Evaluaci\u00f3n otras EAOPs (0%, 100 %)<\/td><td>Menor concentraci\u00f3n de contaminantes de la esperada en aguas&nbsp; pero no ha afectado a los resultados Se han conseguido logros por encima de lo esperado<\/td><\/tr><tr><td>5 (Tec)<\/td><td>Tratamiento gases<\/td><td>Caracterizaci\u00f3n producci\u00f3n gases (100, 100%) Evaluaci\u00f3n arrastre (0%, 100 %) Tratamiento gases (100, 40%)<\/td><td>Resultado inesperado por movilidad lastrada por condensaci\u00f3n. Necesidad de adecuaci\u00f3n de la tecnolog\u00eda para que el carb\u00f3n activo sea eficiente. En curso mejoras. Se ha generado retraso con respecto a lo esperado<\/td><\/tr><tr><td>6 (Tec)<\/td><td>Acondicionamiento lodos<\/td><td>Deshidrataci\u00f3n exitosa (100%, 100%) En realizaci\u00f3n&nbsp; test de estabilizaci\u00f3n por flujo de aire (100%, 50%) En realizaci\u00f3n tests de cementaci\u00f3n (100%, 0%)<\/td><td>Retraso en algunas actividades laterales por sobre actuaciones en actividades no previstas<\/td><\/tr><tr><td>7 (ges)<\/td><td>Planificaci\u00f3n desmantelamiento completo balsa<\/td><td>Proyecto inicial planteado pero se tiene que concretar a partir de resultados de trabajo en planta real (10%, 10%)<\/td><td>Actividad para \u00faltimos meses ejecuci\u00f3n<\/td><\/tr><tr><td>8 (ges)<\/td><td>Gesti\u00f3n del conocimiento experto<\/td><td>Se est\u00e1 realizando en estos momentos con la adquisici\u00f3n de componentes y la construcci\u00f3n de la instalaci\u00f3n (20%, 20%)<\/td><td>Actividad para \u00faltimos meses ejecuci\u00f3n<\/td><\/tr><tr><td>9 (ges)<\/td><td>Consolidar cadena valor<\/td><td>A realizar una vez acabados los test de campo (0%, 0%)<\/td><td>Actividad para \u00faltimos meses ejecuci\u00f3n<\/td><\/tr><\/tbody><\/table><figcaption class=\"wp-element-caption\">Progreso Proyecto en base a desarrollo de objetivos<\/figcaption><\/figure>\n","protected":false},"excerpt":{"rendered":"<p>Principales resultados del proyecto en indicadores AEI Publicaciones que deriven directamente de la actividad cient\u00edfica desarrollada. 4 (+2 enviados + 4 en preparaci\u00f3n) (3 open Access) Conferencias nacionales\/internacionales en jornadas t\u00e9cnicas especializadas (indicando cu\u00e1ntas por invitaci\u00f3n). 2 (+2 en preparaci\u00f3n) Contactos con potenciales usuarios finales: empresas u otros agentes sociales, organizaciones culturales, etc. 2 (Emgrisa &hellip; <a href=\"https:\/\/blog.uclm.es\/proyectogotsustertech\/5-project-progress\/\" class=\"more-link\">Seguir leyendo <span class=\"screen-reader-text\">5. Project progress<\/span> <span class=\"meta-nav\">&rarr;<\/span><\/a><\/p>\n","protected":false},"author":213,"featured_media":0,"parent":0,"menu_order":0,"comment_status":"closed","ping_status":"closed","template":"","meta":{"footnotes":""},"class_list":["post-24","page","type-page","status-publish","hentry"],"_links":{"self":[{"href":"https:\/\/blog.uclm.es\/proyectogotsustertech\/wp-json\/wp\/v2\/pages\/24","targetHints":{"allow":["GET"]}}],"collection":[{"href":"https:\/\/blog.uclm.es\/proyectogotsustertech\/wp-json\/wp\/v2\/pages"}],"about":[{"href":"https:\/\/blog.uclm.es\/proyectogotsustertech\/wp-json\/wp\/v2\/types\/page"}],"author":[{"embeddable":true,"href":"https:\/\/blog.uclm.es\/proyectogotsustertech\/wp-json\/wp\/v2\/users\/213"}],"replies":[{"embeddable":true,"href":"https:\/\/blog.uclm.es\/proyectogotsustertech\/wp-json\/wp\/v2\/comments?post=24"}],"version-history":[{"count":4,"href":"https:\/\/blog.uclm.es\/proyectogotsustertech\/wp-json\/wp\/v2\/pages\/24\/revisions"}],"predecessor-version":[{"id":56,"href":"https:\/\/blog.uclm.es\/proyectogotsustertech\/wp-json\/wp\/v2\/pages\/24\/revisions\/56"}],"wp:attachment":[{"href":"https:\/\/blog.uclm.es\/proyectogotsustertech\/wp-json\/wp\/v2\/media?parent=24"}],"curies":[{"name":"wp","href":"https:\/\/api.w.org\/{rel}","templated":true}]}}