{"id":18,"date":"2022-04-26T21:27:59","date_gmt":"2022-04-26T20:27:59","guid":{"rendered":"https:\/\/blog.uclm.es\/proyectogotsustertech\/?page_id=18"},"modified":"2022-04-26T21:27:59","modified_gmt":"2022-04-26T20:27:59","slug":"3-researchers","status":"publish","type":"page","link":"https:\/\/blog.uclm.es\/proyectogotsustertech\/3-researchers\/","title":{"rendered":"3. Researchers"},"content":{"rendered":"<p>Research Team<br \/>\nM.A. Rodrigo<br \/>\nP. Ca\u00f1izares<br \/>\nJ. Lobato<br \/>\nC. S\u00e1ez<br \/>\nC.M. Fern\u00e1ndez-Marchante<br \/>\nE. Lacasa<\/p>\n<p>Supporting Research Team<br \/>\nJes\u00fas Fern\u00e1ndez<br \/>\nJoaqu\u00edn Guada\u00f1o<br \/>\nRa\u00fal L\u00f3pez Marquez<\/p>\n","protected":false},"excerpt":{"rendered":"<p>Research Team M.A. Rodrigo P. Ca\u00f1izares J. Lobato C. S\u00e1ez C.M. Fern\u00e1ndez-Marchante E. Lacasa Supporting Research Team Jes\u00fas Fern\u00e1ndez Joaqu\u00edn Guada\u00f1o Ra\u00fal L\u00f3pez Marquez<\/p>\n","protected":false},"author":213,"featured_media":0,"parent":0,"menu_order":0,"comment_status":"closed","ping_status":"closed","template":"","meta":{"footnotes":""},"class_list":["post-18","page","type-page","status-publish","hentry"],"_links":{"self":[{"href":"https:\/\/blog.uclm.es\/proyectogotsustertech\/wp-json\/wp\/v2\/pages\/18","targetHints":{"allow":["GET"]}}],"collection":[{"href":"https:\/\/blog.uclm.es\/proyectogotsustertech\/wp-json\/wp\/v2\/pages"}],"about":[{"href":"https:\/\/blog.uclm.es\/proyectogotsustertech\/wp-json\/wp\/v2\/types\/page"}],"author":[{"embeddable":true,"href":"https:\/\/blog.uclm.es\/proyectogotsustertech\/wp-json\/wp\/v2\/users\/213"}],"replies":[{"embeddable":true,"href":"https:\/\/blog.uclm.es\/proyectogotsustertech\/wp-json\/wp\/v2\/comments?post=18"}],"version-history":[{"count":0,"href":"https:\/\/blog.uclm.es\/proyectogotsustertech\/wp-json\/wp\/v2\/pages\/18\/revisions"}],"wp:attachment":[{"href":"https:\/\/blog.uclm.es\/proyectogotsustertech\/wp-json\/wp\/v2\/media?parent=18"}],"curies":[{"name":"wp","href":"https:\/\/api.w.org\/{rel}","templated":true}]}}