{"id":72,"date":"2023-03-22T09:44:59","date_gmt":"2023-03-22T09:44:59","guid":{"rendered":"https:\/\/blog.uclm.es\/proyectofyp\/?page_id=72"},"modified":"2025-03-05T08:09:00","modified_gmt":"2025-03-05T08:09:00","slug":"pornografia-y-juventud-educacion-afectivo-sexual","status":"publish","type":"page","link":"https:\/\/blog.uclm.es\/proyectofyp\/pornografia-y-juventud-educacion-afectivo-sexual\/","title":{"rendered":"Pornograf\u00eda y juventud \/ Educaci\u00f3n afectivo-sexual"},"content":{"rendered":"\n<figure class=\"wp-block-image alignfull size-large has-custom-border\"><img loading=\"lazy\" decoding=\"async\" width=\"1024\" height=\"296\" src=\"https:\/\/blog.uclm.es\/proyectofyp\/wp-content\/uploads\/sites\/255\/2023\/04\/22-1024x296.png\" alt=\"\" class=\"wp-image-768\" style=\"border-style:none;border-width:0px\" srcset=\"https:\/\/blog.uclm.es\/proyectofyp\/wp-content\/uploads\/sites\/255\/2023\/04\/22-1024x296.png 1024w, https:\/\/blog.uclm.es\/proyectofyp\/wp-content\/uploads\/sites\/255\/2023\/04\/22-300x87.png 300w, https:\/\/blog.uclm.es\/proyectofyp\/wp-content\/uploads\/sites\/255\/2023\/04\/22-768x222.png 768w, https:\/\/blog.uclm.es\/proyectofyp\/wp-content\/uploads\/sites\/255\/2023\/04\/22-1536x444.png 1536w, https:\/\/blog.uclm.es\/proyectofyp\/wp-content\/uploads\/sites\/255\/2023\/04\/22-2048x593.png 2048w\" sizes=\"auto, (max-width: 1024px) 100vw, 1024px\" \/><\/figure>\n\n\n\n<h2 class=\"wp-block-heading alignwide has-text-align-center\" style=\"font-size:55px\"><strong>Pornograf\u00eda y juventud \/ Educaci\u00f3n afectivo sexual<\/strong><\/h2>\n\n\n\n<p class=\"has-tertiary-background-color has-background\">La l\u00ednea de investigaci\u00f3n \u201cPornograf\u00eda, juventud y educaci\u00f3n\u201d, dentro del proyecto \u201cLa pornograf\u00eda como asunto constitucional\u201d, parte de un complejo contexto en el que muchos menores, sin haber recibido ninguna formaci\u00f3n sexual adecuada, se adentran muy tempranamente en la pornograf\u00eda sin tener preparaci\u00f3n para ello, y con consecuencias muy lesivas para ellos y eventualmente para terceras personas. En este contexto se abordar\u00e1:<\/p>\n\n\n\n<ol start=\"1\" style=\"list-style-type:lower-alpha\" class=\"wp-block-list has-tertiary-background-color has-background\">\n<li>La posible relaci\u00f3n entre aumento del consumo de pornograf\u00eda por ni\u00f1os y adolescentes e incremento de los delitos de agresiones sexuales, y en su caso, las posibles medidas para afrontar esa relaci\u00f3n.&nbsp;<\/li>\n\n\n\n<li>El an\u00e1lisis de las medidas adecuadas para impedir el acceso de los menores a la pornograf\u00eda, restringirlo o conseguir que se haga con la preparaci\u00f3n adecuada, seg\u00fan la edad, y haciendo compatible tales medidas con la dimensi\u00f3n de libertad.<\/li>\n\n\n\n<li>En relaci\u00f3n con lo anterior, el debate sobre la conveniencia de la prohibici\u00f3n absoluta o la regulaci\u00f3n y la preparaci\u00f3n m\u00e1s adecuada para el acceso de los menores a la pornograf\u00eda.<\/li>\n\n\n\n<li>La necesidad de una formaci\u00f3n afectivo-sexual para los menores, y los par\u00e1metros b\u00e1sicos que esta deber\u00eda seguir, as\u00ed como la eventual inclusi\u00f3n de esta formaci\u00f3n en el \u00e1mbito de la educaci\u00f3n en valores derivada del art\u00edculo 13 del Pacto Internacional de Derechos Econ\u00f3micos, Sociales y Culturales y del art. 27.2 de la Constituci\u00f3n espa\u00f1ola.<\/li>\n\n\n\n<li>La situaci\u00f3n espec\u00edfica de las personas con discapacidad, desde la perspectiva de su propia formaci\u00f3n afectivo-sexual, as\u00ed como en su relaci\u00f3n con la pornograf\u00eda y el papel que esta puede jugar y, en su caso, las medidas que convendr\u00eda adoptar en este \u00e1mbito.<\/li>\n\n\n\n<li>Los par\u00e1metros para la armonizaci\u00f3n de la ense\u00f1anza afectivo-sexual con los derechos educativos de los padres y de los propios menores<\/li>\n\n\n\n<li>El an\u00e1lisis de las materias espec\u00edficas que, en Espa\u00f1a o en otros pa\u00edses, incluyen actualmente contenidos relacionados con la educaci\u00f3n afectivo-sexual, o en su caso el an\u00e1lisis de las carencias formativas en este \u00e1mbito, con la realizaci\u00f3n de propuestas concretas de reforma para la implantaci\u00f3n de formaci\u00f3n adecuada en esta l\u00ednea.<\/li>\n<\/ol>\n\n\n\n<div class=\"wp-block-group alignfull has-foreground-color has-tertiary-background-color has-text-color has-background has-link-color has-medium-font-size wp-elements-7fc35c3d20c406446b4b9ddfc9e760cd is-layout-constrained wp-block-group-is-layout-constrained\" style=\"padding-top:6rem;padding-bottom:6rem\">\n<div class=\"wp-block-group alignwide is-layout-flow wp-block-group-is-layout-flow\">\n<figure class=\"wp-block-image size-full is-resized\"><img decoding=\"async\" src=\"https:\/\/blog.uclm.es\/proyectofyp\/wp-content\/themes\/twentytwentytwo\/assets\/images\/icon-binoculars.png\" alt=\"Un icono representando unos binoculares.\" style=\"width:83px;height:39px\" \/><\/figure>\n<\/div>\n\n\n\n<div class=\"wp-block-group alignwide is-layout-flow wp-block-group-is-layout-flow\">\n<h3 class=\"wp-block-heading\">Investigadoras e investigadores <\/h3>\n\n\n\n<ul class=\"wp-block-list\">\n<li>Javier D\u00edaz Revorio, Universidad de Castilla- La Mancha<\/li>\n\n\n\n<li>Tom\u00e1s Vidal, Universidad de Castilla- La Mancha<\/li>\n\n\n\n<li>Mar\u00eda Mart\u00edn S\u00e1nchez, Universidad de Castilla-La Mancha<\/li>\n\n\n\n<li>Silvia Romboli, Universidad Ramon Llull ESADE.<\/li>\n\n\n\n<li>Adriana Trav\u00e9 Valls, Universidad de Castilla-La Mancha<\/li>\n<\/ul>\n\n\n\n<div class=\"wp-block-buttons is-layout-flex wp-block-buttons-is-layout-flex\">\n<div class=\"wp-block-button\"><a class=\"wp-block-button__link has-background-color has-text-color has-background wp-element-button\" style=\"background-color:#cfc9c7\">Leer m\u00e1s<\/a><\/div>\n<\/div>\n<\/div>\n<\/div>\n\n\n\n<figure class=\"wp-block-image size-large\"><img loading=\"lazy\" decoding=\"async\" width=\"1024\" height=\"63\" src=\"https:\/\/blog.uclm.es\/proyectofyp\/wp-content\/uploads\/sites\/255\/2024\/04\/unnamed-1024x63.png\" alt=\"\" class=\"wp-image-937\" srcset=\"https:\/\/blog.uclm.es\/proyectofyp\/wp-content\/uploads\/sites\/255\/2024\/04\/unnamed-1024x63.png 1024w, https:\/\/blog.uclm.es\/proyectofyp\/wp-content\/uploads\/sites\/255\/2024\/04\/unnamed-300x19.png 300w, https:\/\/blog.uclm.es\/proyectofyp\/wp-content\/uploads\/sites\/255\/2024\/04\/unnamed-768x48.png 768w, https:\/\/blog.uclm.es\/proyectofyp\/wp-content\/uploads\/sites\/255\/2024\/04\/unnamed-1536x95.png 1536w, https:\/\/blog.uclm.es\/proyectofyp\/wp-content\/uploads\/sites\/255\/2024\/04\/unnamed-2048x127.png 2048w\" sizes=\"auto, (max-width: 1024px) 100vw, 1024px\" \/><\/figure>\n\n\n\n<div class=\"wp-block-columns is-layout-flex wp-container-core-columns-is-layout-28f84493 wp-block-columns-is-layout-flex\">\n<div class=\"wp-block-column is-layout-flow wp-block-column-is-layout-flow\">\n<figure class=\"wp-block-image alignright size-large is-resized\"><img loading=\"lazy\" decoding=\"async\" width=\"1024\" height=\"640\" src=\"https:\/\/blog.uclm.es\/proyectofyp\/wp-content\/uploads\/sites\/255\/2025\/01\/logo-uclm-1024x640.jpg\" alt=\"\" class=\"wp-image-976\" style=\"width:56px;height:auto\" srcset=\"https:\/\/blog.uclm.es\/proyectofyp\/wp-content\/uploads\/sites\/255\/2025\/01\/logo-uclm-1024x640.jpg 1024w, https:\/\/blog.uclm.es\/proyectofyp\/wp-content\/uploads\/sites\/255\/2025\/01\/logo-uclm-300x187.jpg 300w, https:\/\/blog.uclm.es\/proyectofyp\/wp-content\/uploads\/sites\/255\/2025\/01\/logo-uclm-768x480.jpg 768w, https:\/\/blog.uclm.es\/proyectofyp\/wp-content\/uploads\/sites\/255\/2025\/01\/logo-uclm.jpg 1132w\" sizes=\"auto, (max-width: 1024px) 100vw, 1024px\" \/><\/figure>\n<\/div>\n\n\n\n<div class=\"wp-block-column is-layout-flow wp-block-column-is-layout-flow\">\n<figure class=\"wp-block-image size-full is-resized\"><img loading=\"lazy\" decoding=\"async\" width=\"200\" height=\"148\" src=\"https:\/\/blog.uclm.es\/proyectofyp\/wp-content\/uploads\/sites\/255\/2025\/01\/educacion_y_formacion-e1737104760433.png\" alt=\"\" class=\"wp-image-975\" style=\"width:51px;height:auto\" \/><\/figure>\n<\/div>\n<\/div>\n","protected":false},"excerpt":{"rendered":"<p>Pornograf\u00eda y juventud \/ Educaci\u00f3n afectivo sexual La l\u00ednea de investigaci\u00f3n \u201cPornograf\u00eda, juventud y educaci\u00f3n\u201d, dentro del proyecto \u201cLa pornograf\u00eda como asunto constitucional\u201d, parte de un complejo contexto en el que muchos menores, sin haber recibido ninguna formaci\u00f3n sexual adecuada, se adentran muy tempranamente en la pornograf\u00eda sin tener preparaci\u00f3n para ello, y con consecuencias [&hellip;]<\/p>\n","protected":false},"author":415,"featured_media":0,"parent":0,"menu_order":0,"comment_status":"closed","ping_status":"closed","template":"","meta":{"footnotes":""},"class_list":["post-72","page","type-page","status-publish","hentry"],"_links":{"self":[{"href":"https:\/\/blog.uclm.es\/proyectofyp\/wp-json\/wp\/v2\/pages\/72","targetHints":{"allow":["GET"]}}],"collection":[{"href":"https:\/\/blog.uclm.es\/proyectofyp\/wp-json\/wp\/v2\/pages"}],"about":[{"href":"https:\/\/blog.uclm.es\/proyectofyp\/wp-json\/wp\/v2\/types\/page"}],"author":[{"embeddable":true,"href":"https:\/\/blog.uclm.es\/proyectofyp\/wp-json\/wp\/v2\/users\/415"}],"replies":[{"embeddable":true,"href":"https:\/\/blog.uclm.es\/proyectofyp\/wp-json\/wp\/v2\/comments?post=72"}],"version-history":[{"count":26,"href":"https:\/\/blog.uclm.es\/proyectofyp\/wp-json\/wp\/v2\/pages\/72\/revisions"}],"predecessor-version":[{"id":1057,"href":"https:\/\/blog.uclm.es\/proyectofyp\/wp-json\/wp\/v2\/pages\/72\/revisions\/1057"}],"wp:attachment":[{"href":"https:\/\/blog.uclm.es\/proyectofyp\/wp-json\/wp\/v2\/media?parent=72"}],"curies":[{"name":"wp","href":"https:\/\/api.w.org\/{rel}","templated":true}]}}

Pornografía y juventud / Educación afectivo-sexual

<figure class="wp-block-image alignfull size-large has-custom-border"><img loading="lazy" decoding="async" width="1024" height="296" src="https://blog.uclm.es/proyectofyp/wp-content/uploads/sites/255/2023/04/22-1024x296.png" alt="" class="wp-image-768" style="border-style:none;border-width:0px" srcset="https://blog.uclm.es/proyectofyp/wp-content/uploads/sites/255/2023/04/22-1024x296.png 1024w, https://blog.uclm.es/proyectofyp/wp-content/uploads/sites/255/2023/04/22-300x87.png 300w, https://blog.uclm.es/proyectofyp/wp-content/uploads/sites/255/2023/04/22-768x222.png 768w, https://blog.uclm.es/proyectofyp/wp-content/uploads/sites/255/2023/04/22-1536x444.png 1536w, https://blog.uclm.es/proyectofyp/wp-content/uploads/sites/255/2023/04/22-2048x593.png 2048w" sizes="auto, (max-width: 1024px) 100vw, 1024px" /></figure>



<h2 class="wp-block-heading alignwide has-text-align-center" style="font-size:55px"><strong>Pornografía y juventud / Educación afectivo sexual</strong></h2>



<p class="has-tertiary-background-color has-background">La línea de investigación “Pornografía, juventud y educación”, dentro del proyecto “La pornografía como asunto constitucional”, parte de un complejo contexto en el que muchos menores, sin haber recibido ninguna formación sexual adecuada, se adentran muy tempranamente en la pornografía sin tener preparación para ello, y con consecuencias muy lesivas para ellos y eventualmente para terceras personas. En este contexto se abordará:</p>



<ol start="1" style="list-style-type:lower-alpha" class="wp-block-list has-tertiary-background-color has-background">
<li>La posible relación entre aumento del consumo de pornografía por niños y adolescentes e incremento de los delitos de agresiones sexuales, y en su caso, las posibles medidas para afrontar esa relación.&nbsp;</li>



<li>El análisis de las medidas adecuadas para impedir el acceso de los menores a la pornografía, restringirlo o conseguir que se haga con la preparación adecuada, según la edad, y haciendo compatible tales medidas con la dimensión de libertad.</li>



<li>En relación con lo anterior, el debate sobre la conveniencia de la prohibición absoluta o la regulación y la preparación más adecuada para el acceso de los menores a la pornografía.</li>



<li>La necesidad de una formación afectivo-sexual para los menores, y los parámetros básicos que esta debería seguir, así como la eventual inclusión de esta formación en el ámbito de la educación en valores derivada del artículo 13 del Pacto Internacional de Derechos Económicos, Sociales y Culturales y del art. 27.2 de la Constitución española.</li>



<li>La situación específica de las personas con discapacidad, desde la perspectiva de su propia formación afectivo-sexual, así como en su relación con la pornografía y el papel que esta puede jugar y, en su caso, las medidas que convendría adoptar en este ámbito.</li>



<li>Los parámetros para la armonización de la enseñanza afectivo-sexual con los derechos educativos de los padres y de los propios menores</li>



<li>El análisis de las materias específicas que, en España o en otros países, incluyen actualmente contenidos relacionados con la educación afectivo-sexual, o en su caso el análisis de las carencias formativas en este ámbito, con la realización de propuestas concretas de reforma para la implantación de formación adecuada en esta línea.</li>
</ol>



<div class="wp-block-group alignfull has-foreground-color has-tertiary-background-color has-text-color has-background has-link-color has-medium-font-size wp-elements-7fc35c3d20c406446b4b9ddfc9e760cd is-layout-constrained wp-block-group-is-layout-constrained" style="padding-top:6rem;padding-bottom:6rem">
<div class="wp-block-group alignwide is-layout-flow wp-block-group-is-layout-flow">
<figure class="wp-block-image size-full is-resized"><img decoding="async" src="https://blog.uclm.es/proyectofyp/wp-content/themes/twentytwentytwo/assets/images/icon-binoculars.png" alt="Un icono representando unos binoculares." style="width:83px;height:39px" /></figure>
</div>



<div class="wp-block-group alignwide is-layout-flow wp-block-group-is-layout-flow">
<h3 class="wp-block-heading">Investigadoras e investigadores </h3>



<ul class="wp-block-list">
<li>Javier Díaz Revorio, Universidad de Castilla- La Mancha</li>



<li>Tomás Vidal, Universidad de Castilla- La Mancha</li>



<li>María Martín Sánchez, Universidad de Castilla-La Mancha</li>



<li>Silvia Romboli, Universidad Ramon Llull ESADE.</li>



<li>Adriana Travé Valls, Universidad de Castilla-La Mancha</li>
</ul>



<div class="wp-block-buttons is-layout-flex wp-block-buttons-is-layout-flex">
<div class="wp-block-button"><a class="wp-block-button__link has-background-color has-text-color has-background wp-element-button" style="background-color:#cfc9c7">Leer más</a></div>
</div>
</div>
</div>



<figure class="wp-block-image size-large"><img loading="lazy" decoding="async" width="1024" height="63" src="https://blog.uclm.es/proyectofyp/wp-content/uploads/sites/255/2024/04/unnamed-1024x63.png" alt="" class="wp-image-937" srcset="https://blog.uclm.es/proyectofyp/wp-content/uploads/sites/255/2024/04/unnamed-1024x63.png 1024w, https://blog.uclm.es/proyectofyp/wp-content/uploads/sites/255/2024/04/unnamed-300x19.png 300w, https://blog.uclm.es/proyectofyp/wp-content/uploads/sites/255/2024/04/unnamed-768x48.png 768w, https://blog.uclm.es/proyectofyp/wp-content/uploads/sites/255/2024/04/unnamed-1536x95.png 1536w, https://blog.uclm.es/proyectofyp/wp-content/uploads/sites/255/2024/04/unnamed-2048x127.png 2048w" sizes="auto, (max-width: 1024px) 100vw, 1024px" /></figure>



<div class="wp-block-columns is-layout-flex wp-container-core-columns-is-layout-28f84493 wp-block-columns-is-layout-flex">
<div class="wp-block-column is-layout-flow wp-block-column-is-layout-flow">
<figure class="wp-block-image alignright size-large is-resized"><img loading="lazy" decoding="async" width="1024" height="640" src="https://blog.uclm.es/proyectofyp/wp-content/uploads/sites/255/2025/01/logo-uclm-1024x640.jpg" alt="" class="wp-image-976" style="width:56px;height:auto" srcset="https://blog.uclm.es/proyectofyp/wp-content/uploads/sites/255/2025/01/logo-uclm-1024x640.jpg 1024w, https://blog.uclm.es/proyectofyp/wp-content/uploads/sites/255/2025/01/logo-uclm-300x187.jpg 300w, https://blog.uclm.es/proyectofyp/wp-content/uploads/sites/255/2025/01/logo-uclm-768x480.jpg 768w, https://blog.uclm.es/proyectofyp/wp-content/uploads/sites/255/2025/01/logo-uclm.jpg 1132w" sizes="auto, (max-width: 1024px) 100vw, 1024px" /></figure>
</div>



<div class="wp-block-column is-layout-flow wp-block-column-is-layout-flow">
<figure class="wp-block-image size-full is-resized"><img loading="lazy" decoding="async" width="200" height="148" src="https://blog.uclm.es/proyectofyp/wp-content/uploads/sites/255/2025/01/educacion_y_formacion-e1737104760433.png" alt="" class="wp-image-975" style="width:51px;height:auto" /></figure>
</div>
</div>

<p>Pornografía y juventud / Educación afectivo sexual La línea de investigación “Pornografía, juventud y educación”, dentro del proyecto “La pornografía como asunto constitucional”, parte de un complejo contexto en el que muchos menores, sin haber recibido ninguna formación sexual adecuada, se adentran muy tempranamente en la pornografía sin tener preparación para ello, y con consecuencias [&hellip;]</p>
