{"id":68,"date":"2023-03-22T09:43:00","date_gmt":"2023-03-22T09:43:00","guid":{"rendered":"https:\/\/blog.uclm.es\/proyectofyp\/?page_id=68"},"modified":"2025-01-17T09:32:41","modified_gmt":"2025-01-17T09:32:41","slug":"libertad-sexual-y-pornografia","status":"publish","type":"page","link":"https:\/\/blog.uclm.es\/proyectofyp\/libertad-sexual-y-pornografia\/","title":{"rendered":"Libertad sexual y Pornograf\u00eda"},"content":{"rendered":"\n<figure class=\"wp-block-image alignfull size-large has-custom-border\"><img loading=\"lazy\" decoding=\"async\" width=\"1024\" height=\"296\" src=\"https:\/\/blog.uclm.es\/proyectofyp\/wp-content\/uploads\/sites\/255\/2023\/04\/19-1024x296.png\" alt=\"\" class=\"wp-image-770\" style=\"border-style:none;border-width:0px\" srcset=\"https:\/\/blog.uclm.es\/proyectofyp\/wp-content\/uploads\/sites\/255\/2023\/04\/19-1024x296.png 1024w, https:\/\/blog.uclm.es\/proyectofyp\/wp-content\/uploads\/sites\/255\/2023\/04\/19-300x87.png 300w, https:\/\/blog.uclm.es\/proyectofyp\/wp-content\/uploads\/sites\/255\/2023\/04\/19-768x222.png 768w, https:\/\/blog.uclm.es\/proyectofyp\/wp-content\/uploads\/sites\/255\/2023\/04\/19-1536x444.png 1536w, https:\/\/blog.uclm.es\/proyectofyp\/wp-content\/uploads\/sites\/255\/2023\/04\/19-2048x593.png 2048w\" sizes=\"auto, (max-width: 1024px) 100vw, 1024px\" \/><\/figure>\n\n\n\n<h2 class=\"wp-block-heading alignwide has-text-align-center\" style=\"font-size:55px\"><strong>Libertad sexual y pornograf\u00eda<\/strong><\/h2>\n\n\n\n<p class=\"has-tertiary-background-color has-background\">La l\u00ednea de investigaci\u00f3n sobre Libertad sexual y pornograf\u00eda se plantea estudiar la necesidad de reconocer el derecho fundamental a la libertad sexual, al considerar que expresa una libertad de acci\u00f3n con perfiles propios. Este punto de partida permite reflexionar sobre la libertad para disponer del propio cuerpo y los eventuales l\u00edmites que ser\u00edan admisibles, abarcando as\u00ed el debate tanto sobre la libertad para crear, participar y\/o acceder a materiales que puedan ser considerados como pornogr\u00e1ficos.  Se considera de inter\u00e9s abordar de manera espec\u00edfica, desde el punto de vista de la teor\u00eda de los derechos fundamentales, y en particular, de las cuestiones relativas a la titularidad y ejercicio de los derechos, la situaci\u00f3n de las personas menores de edad y de las personas con discapacidad.<\/p>\n\n\n\n<div class=\"wp-block-group alignfull has-foreground-color has-tertiary-background-color has-text-color has-background has-link-color wp-elements-9e93836fdfc86341b72ed8eaa96adbfb is-layout-constrained wp-block-group-is-layout-constrained\" style=\"padding-top:6rem;padding-bottom:6rem\">\n<div class=\"wp-block-group alignwide is-layout-flow wp-block-group-is-layout-flow\">\n<figure class=\"wp-block-image size-full is-resized\"><img decoding=\"async\" src=\"https:\/\/blog.uclm.es\/proyectofyp\/wp-content\/themes\/twentytwentytwo\/assets\/images\/icon-binoculars.png\" alt=\"Un icono representando unos binoculares.\" style=\"width:81px;height:38px\" \/><\/figure>\n<\/div>\n\n\n\n<div class=\"wp-block-group alignwide is-layout-flow wp-block-group-is-layout-flow\">\n<h3 class=\"wp-block-heading\">Investigadoras e investigadores que participan<\/h3>\n\n\n\n<ul class=\"wp-block-list\">\n<li>Mar\u00eda Valvidares, Universidad de Oviedo<\/li>\n\n\n\n<li>Elena Rebato, Universidad de Castilla-La Mancha<\/li>\n\n\n\n<li>Adriana Trav\u00e9 Valls, Universidad de Castilla-La Mancha<\/li>\n\n\n\n<li>Enrique Belda, Universidad de Castilla-La Mancha.<\/li>\n\n\n\n<li>Ana Valero, Universidad de Castilla-La Mancha.<\/li>\n\n\n\n<li>Silvia Romboli, Universidad Ramon Llull ESADE<\/li>\n<\/ul>\n\n\n\n<div class=\"wp-block-buttons is-layout-flex wp-block-buttons-is-layout-flex\">\n<div class=\"wp-block-button\"><a class=\"wp-block-button__link has-background-color has-text-color has-background wp-element-button\" style=\"background-color:#cfc9c7\">Leer m\u00e1s<\/a><\/div>\n<\/div>\n<\/div>\n<\/div>\n\n\n\n<figure class=\"wp-block-image size-large\"><img loading=\"lazy\" decoding=\"async\" width=\"1024\" height=\"63\" src=\"https:\/\/blog.uclm.es\/proyectofyp\/wp-content\/uploads\/sites\/255\/2024\/04\/unnamed-1024x63.png\" alt=\"\" class=\"wp-image-937\" srcset=\"https:\/\/blog.uclm.es\/proyectofyp\/wp-content\/uploads\/sites\/255\/2024\/04\/unnamed-1024x63.png 1024w, https:\/\/blog.uclm.es\/proyectofyp\/wp-content\/uploads\/sites\/255\/2024\/04\/unnamed-300x19.png 300w, https:\/\/blog.uclm.es\/proyectofyp\/wp-content\/uploads\/sites\/255\/2024\/04\/unnamed-768x48.png 768w, https:\/\/blog.uclm.es\/proyectofyp\/wp-content\/uploads\/sites\/255\/2024\/04\/unnamed-1536x95.png 1536w, https:\/\/blog.uclm.es\/proyectofyp\/wp-content\/uploads\/sites\/255\/2024\/04\/unnamed-2048x127.png 2048w\" sizes=\"auto, (max-width: 1024px) 100vw, 1024px\" \/><\/figure>\n\n\n\n<div class=\"wp-block-columns is-layout-flex wp-container-core-columns-is-layout-28f84493 wp-block-columns-is-layout-flex\">\n<div class=\"wp-block-column is-layout-flow wp-block-column-is-layout-flow\">\n<figure class=\"wp-block-image alignright size-large is-resized\"><img loading=\"lazy\" decoding=\"async\" width=\"1024\" height=\"640\" src=\"https:\/\/blog.uclm.es\/proyectofyp\/wp-content\/uploads\/sites\/255\/2025\/01\/logo-uclm-1024x640.jpg\" alt=\"\" class=\"wp-image-976\" style=\"width:82px;height:auto\" srcset=\"https:\/\/blog.uclm.es\/proyectofyp\/wp-content\/uploads\/sites\/255\/2025\/01\/logo-uclm-1024x640.jpg 1024w, https:\/\/blog.uclm.es\/proyectofyp\/wp-content\/uploads\/sites\/255\/2025\/01\/logo-uclm-300x187.jpg 300w, https:\/\/blog.uclm.es\/proyectofyp\/wp-content\/uploads\/sites\/255\/2025\/01\/logo-uclm-768x480.jpg 768w, https:\/\/blog.uclm.es\/proyectofyp\/wp-content\/uploads\/sites\/255\/2025\/01\/logo-uclm.jpg 1132w\" sizes=\"auto, (max-width: 1024px) 100vw, 1024px\" \/><\/figure>\n<\/div>\n\n\n\n<div class=\"wp-block-column is-layout-flow wp-block-column-is-layout-flow\">\n<figure class=\"wp-block-image size-full is-resized\"><img loading=\"lazy\" decoding=\"async\" width=\"200\" height=\"148\" src=\"https:\/\/blog.uclm.es\/proyectofyp\/wp-content\/uploads\/sites\/255\/2025\/01\/educacion_y_formacion-e1737104760433.png\" alt=\"\" class=\"wp-image-975\" style=\"width:70px;height:auto\" \/><\/figure>\n<\/div>\n<\/div>\n\n\n\n<p><\/p>\n","protected":false},"excerpt":{"rendered":"<p>Libertad sexual y pornograf\u00eda La l\u00ednea de investigaci\u00f3n sobre Libertad sexual y pornograf\u00eda se plantea estudiar la necesidad de reconocer el derecho fundamental a la libertad sexual, al considerar que expresa una libertad de acci\u00f3n con perfiles propios. Este punto de partida permite reflexionar sobre la libertad para disponer del propio cuerpo y los eventuales [&hellip;]<\/p>\n","protected":false},"author":415,"featured_media":0,"parent":0,"menu_order":0,"comment_status":"closed","ping_status":"closed","template":"","meta":{"footnotes":""},"class_list":["post-68","page","type-page","status-publish","hentry"],"_links":{"self":[{"href":"https:\/\/blog.uclm.es\/proyectofyp\/wp-json\/wp\/v2\/pages\/68","targetHints":{"allow":["GET"]}}],"collection":[{"href":"https:\/\/blog.uclm.es\/proyectofyp\/wp-json\/wp\/v2\/pages"}],"about":[{"href":"https:\/\/blog.uclm.es\/proyectofyp\/wp-json\/wp\/v2\/types\/page"}],"author":[{"embeddable":true,"href":"https:\/\/blog.uclm.es\/proyectofyp\/wp-json\/wp\/v2\/users\/415"}],"replies":[{"embeddable":true,"href":"https:\/\/blog.uclm.es\/proyectofyp\/wp-json\/wp\/v2\/comments?post=68"}],"version-history":[{"count":23,"href":"https:\/\/blog.uclm.es\/proyectofyp\/wp-json\/wp\/v2\/pages\/68\/revisions"}],"predecessor-version":[{"id":992,"href":"https:\/\/blog.uclm.es\/proyectofyp\/wp-json\/wp\/v2\/pages\/68\/revisions\/992"}],"wp:attachment":[{"href":"https:\/\/blog.uclm.es\/proyectofyp\/wp-json\/wp\/v2\/media?parent=68"}],"curies":[{"name":"wp","href":"https:\/\/api.w.org\/{rel}","templated":true}]}}

Libertad sexual y Pornografía

<figure class="wp-block-image alignfull size-large has-custom-border"><img loading="lazy" decoding="async" width="1024" height="296" src="https://blog.uclm.es/proyectofyp/wp-content/uploads/sites/255/2023/04/19-1024x296.png" alt="" class="wp-image-770" style="border-style:none;border-width:0px" srcset="https://blog.uclm.es/proyectofyp/wp-content/uploads/sites/255/2023/04/19-1024x296.png 1024w, https://blog.uclm.es/proyectofyp/wp-content/uploads/sites/255/2023/04/19-300x87.png 300w, https://blog.uclm.es/proyectofyp/wp-content/uploads/sites/255/2023/04/19-768x222.png 768w, https://blog.uclm.es/proyectofyp/wp-content/uploads/sites/255/2023/04/19-1536x444.png 1536w, https://blog.uclm.es/proyectofyp/wp-content/uploads/sites/255/2023/04/19-2048x593.png 2048w" sizes="auto, (max-width: 1024px) 100vw, 1024px" /></figure>



<h2 class="wp-block-heading alignwide has-text-align-center" style="font-size:55px"><strong>Libertad sexual y pornografía</strong></h2>



<p class="has-tertiary-background-color has-background">La línea de investigación sobre Libertad sexual y pornografía se plantea estudiar la necesidad de reconocer el derecho fundamental a la libertad sexual, al considerar que expresa una libertad de acción con perfiles propios. Este punto de partida permite reflexionar sobre la libertad para disponer del propio cuerpo y los eventuales límites que serían admisibles, abarcando así el debate tanto sobre la libertad para crear, participar y/o acceder a materiales que puedan ser considerados como pornográficos.  Se considera de interés abordar de manera específica, desde el punto de vista de la teoría de los derechos fundamentales, y en particular, de las cuestiones relativas a la titularidad y ejercicio de los derechos, la situación de las personas menores de edad y de las personas con discapacidad.</p>



<div class="wp-block-group alignfull has-foreground-color has-tertiary-background-color has-text-color has-background has-link-color wp-elements-9e93836fdfc86341b72ed8eaa96adbfb is-layout-constrained wp-block-group-is-layout-constrained" style="padding-top:6rem;padding-bottom:6rem">
<div class="wp-block-group alignwide is-layout-flow wp-block-group-is-layout-flow">
<figure class="wp-block-image size-full is-resized"><img decoding="async" src="https://blog.uclm.es/proyectofyp/wp-content/themes/twentytwentytwo/assets/images/icon-binoculars.png" alt="Un icono representando unos binoculares." style="width:81px;height:38px" /></figure>
</div>



<div class="wp-block-group alignwide is-layout-flow wp-block-group-is-layout-flow">
<h3 class="wp-block-heading">Investigadoras e investigadores que participan</h3>



<ul class="wp-block-list">
<li>María Valvidares, Universidad de Oviedo</li>



<li>Elena Rebato, Universidad de Castilla-La Mancha</li>



<li>Adriana Travé Valls, Universidad de Castilla-La Mancha</li>



<li>Enrique Belda, Universidad de Castilla-La Mancha.</li>



<li>Ana Valero, Universidad de Castilla-La Mancha.</li>



<li>Silvia Romboli, Universidad Ramon Llull ESADE</li>
</ul>



<div class="wp-block-buttons is-layout-flex wp-block-buttons-is-layout-flex">
<div class="wp-block-button"><a class="wp-block-button__link has-background-color has-text-color has-background wp-element-button" style="background-color:#cfc9c7">Leer más</a></div>
</div>
</div>
</div>



<figure class="wp-block-image size-large"><img loading="lazy" decoding="async" width="1024" height="63" src="https://blog.uclm.es/proyectofyp/wp-content/uploads/sites/255/2024/04/unnamed-1024x63.png" alt="" class="wp-image-937" srcset="https://blog.uclm.es/proyectofyp/wp-content/uploads/sites/255/2024/04/unnamed-1024x63.png 1024w, https://blog.uclm.es/proyectofyp/wp-content/uploads/sites/255/2024/04/unnamed-300x19.png 300w, https://blog.uclm.es/proyectofyp/wp-content/uploads/sites/255/2024/04/unnamed-768x48.png 768w, https://blog.uclm.es/proyectofyp/wp-content/uploads/sites/255/2024/04/unnamed-1536x95.png 1536w, https://blog.uclm.es/proyectofyp/wp-content/uploads/sites/255/2024/04/unnamed-2048x127.png 2048w" sizes="auto, (max-width: 1024px) 100vw, 1024px" /></figure>



<div class="wp-block-columns is-layout-flex wp-container-core-columns-is-layout-28f84493 wp-block-columns-is-layout-flex">
<div class="wp-block-column is-layout-flow wp-block-column-is-layout-flow">
<figure class="wp-block-image alignright size-large is-resized"><img loading="lazy" decoding="async" width="1024" height="640" src="https://blog.uclm.es/proyectofyp/wp-content/uploads/sites/255/2025/01/logo-uclm-1024x640.jpg" alt="" class="wp-image-976" style="width:82px;height:auto" srcset="https://blog.uclm.es/proyectofyp/wp-content/uploads/sites/255/2025/01/logo-uclm-1024x640.jpg 1024w, https://blog.uclm.es/proyectofyp/wp-content/uploads/sites/255/2025/01/logo-uclm-300x187.jpg 300w, https://blog.uclm.es/proyectofyp/wp-content/uploads/sites/255/2025/01/logo-uclm-768x480.jpg 768w, https://blog.uclm.es/proyectofyp/wp-content/uploads/sites/255/2025/01/logo-uclm.jpg 1132w" sizes="auto, (max-width: 1024px) 100vw, 1024px" /></figure>
</div>



<div class="wp-block-column is-layout-flow wp-block-column-is-layout-flow">
<figure class="wp-block-image size-full is-resized"><img loading="lazy" decoding="async" width="200" height="148" src="https://blog.uclm.es/proyectofyp/wp-content/uploads/sites/255/2025/01/educacion_y_formacion-e1737104760433.png" alt="" class="wp-image-975" style="width:70px;height:auto" /></figure>
</div>
</div>



<p></p>

<p>Libertad sexual y pornografía La línea de investigación sobre Libertad sexual y pornografía se plantea estudiar la necesidad de reconocer el derecho fundamental a la libertad sexual, al considerar que expresa una libertad de acción con perfiles propios. Este punto de partida permite reflexionar sobre la libertad para disponer del propio cuerpo y los eventuales [&hellip;]</p>
