{"id":94,"date":"2022-12-13T09:50:21","date_gmt":"2022-12-13T09:50:21","guid":{"rendered":"https:\/\/blog.uclm.es\/proyectofinanzasempiricas\/?page_id=94"},"modified":"2025-09-15T08:19:17","modified_gmt":"2025-09-15T08:19:17","slug":"equipo-de-investigacion","status":"publish","type":"page","link":"https:\/\/blog.uclm.es\/proyectofinanzasempiricas\/equipo-de-investigacion\/","title":{"rendered":"Colaboradores en proyectos anteriores"},"content":{"rendered":"\n<figure class=\"wp-block-table alignwide is-style-stripes has-medium-font-size\"><table class=\"has-dark-gray-color has-off-white-background-color has-text-color has-background has-fixed-layout\"><thead><tr><th>Nombre<\/th><th>Instituci\u00f3n<\/th><th>Categor\u00eda<\/th><\/tr><\/thead><tbody><tr><td>Carmen Boado Penas<\/td><td>Heriot Watt University<\/td><td>Catedr\u00e1tica de Universidad<\/td><\/tr><tr><td>Olga Fullana Samper<\/td><td>Universidad de Valencia<\/td><td>Profesora Contratada Doctora<\/td><\/tr><tr><td>Anne Marie Garvy<\/td><td>Universidad de Alcal\u00e1 de Henares<\/td><td>Profesora Contratada Doctora<\/td><\/tr><tr><td>Ricardo Gimeno Nogu\u00e9s<\/td><td>Banco de Espa\u00f1a<\/td><td>Jefe de la Divisi\u00f3n de An\u00e1lisis e Inteligencia de Mercados<\/td><\/tr><tr><td>Mariano Gonz\u00e1lez S\u00e1nchez<\/td><td>Universidad Nacional de Educaci\u00f3n a Distancia<\/td><td>Profesor Titular de Universidad<\/td><\/tr><tr><td>Juan Miguel Nave Pineda (IP)<\/td><td>Universidad de Castilla &#8211; La Mancha<\/td><td>Catedr\u00e1tico de Universidad<\/td><\/tr><tr><td>Alba Mar\u00eda Priego de la Cruz<\/td><td>Universidad de Huelva<\/td><td>Profesora Titular de Universidad<\/td><\/tr><tr><td>Javier Ruiz Rinc\u00f3n<\/td><td>Universidad de Castilla &#8211; La Mancha<\/td><td>Profesor Contratado Doctor<\/td><\/tr><tr><td>David Toscano Pardo<\/td><td>Universidad de Huelva<\/td><td>Profesor Contratado Doctor<\/td><\/tr><tr><td>Manuel Ventura Marco<\/td><td>Universidad de Valencia<\/td><td>Profesor Titular de Universidad<\/td><\/tr><tr><td>Carlos Vidal Meli\u00e1<\/td><td>Universidad de Valencia<\/td><td>Catedr\u00e1tico de Universidad<\/td><\/tr><\/tbody><\/table><\/figure>\n","protected":false},"excerpt":{"rendered":"<p>Nombre Instituci\u00f3n Categor\u00eda Carmen Boado Penas Heriot Watt University Catedr\u00e1tica de Universidad Olga Fullana Samper Universidad de Valencia Profesora Contratada Doctora Anne Marie Garvy Universidad de Alcal\u00e1 de Henares Profesora Contratada Doctora Ricardo Gimeno Nogu\u00e9s Banco de Espa\u00f1a Jefe de la Divisi\u00f3n de An\u00e1lisis e Inteligencia de Mercados Mariano Gonz\u00e1lez S\u00e1nchez Universidad Nacional de Educaci\u00f3n &hellip; <a href=\"https:\/\/blog.uclm.es\/proyectofinanzasempiricas\/equipo-de-investigacion\/\" class=\"more-link\">Seguir leyendo <span class=\"screen-reader-text\">Colaboradores en proyectos anteriores<\/span> <span class=\"meta-nav\">&rarr;<\/span><\/a><\/p>\n","protected":false},"author":351,"featured_media":0,"parent":0,"menu_order":0,"comment_status":"closed","ping_status":"closed","template":"","meta":{"footnotes":""},"class_list":["post-94","page","type-page","status-publish","hentry"],"_links":{"self":[{"href":"https:\/\/blog.uclm.es\/proyectofinanzasempiricas\/wp-json\/wp\/v2\/pages\/94","targetHints":{"allow":["GET"]}}],"collection":[{"href":"https:\/\/blog.uclm.es\/proyectofinanzasempiricas\/wp-json\/wp\/v2\/pages"}],"about":[{"href":"https:\/\/blog.uclm.es\/proyectofinanzasempiricas\/wp-json\/wp\/v2\/types\/page"}],"author":[{"embeddable":true,"href":"https:\/\/blog.uclm.es\/proyectofinanzasempiricas\/wp-json\/wp\/v2\/users\/351"}],"replies":[{"embeddable":true,"href":"https:\/\/blog.uclm.es\/proyectofinanzasempiricas\/wp-json\/wp\/v2\/comments?post=94"}],"version-history":[{"count":6,"href":"https:\/\/blog.uclm.es\/proyectofinanzasempiricas\/wp-json\/wp\/v2\/pages\/94\/revisions"}],"predecessor-version":[{"id":190,"href":"https:\/\/blog.uclm.es\/proyectofinanzasempiricas\/wp-json\/wp\/v2\/pages\/94\/revisions\/190"}],"wp:attachment":[{"href":"https:\/\/blog.uclm.es\/proyectofinanzasempiricas\/wp-json\/wp\/v2\/media?parent=94"}],"curies":[{"name":"wp","href":"https:\/\/api.w.org\/{rel}","templated":true}]}}