{"id":125,"date":"2023-04-25T11:37:44","date_gmt":"2023-04-25T11:37:44","guid":{"rendered":"https:\/\/blog.uclm.es\/proyectofinanzasempiricas\/?page_id=125"},"modified":"2023-05-29T11:39:03","modified_gmt":"2023-05-29T11:39:03","slug":"colaboraciones","status":"publish","type":"page","link":"https:\/\/blog.uclm.es\/proyectofinanzasempiricas\/colaboraciones\/","title":{"rendered":"Colaboraciones"},"content":{"rendered":"\n<p>Elaboraci\u00f3n del plan financiero y emisi\u00f3n informe de viabilidad del proyecto de inversi\u00f3n del restaurante el Torre\u00f3n de Cuenca.<\/p>\n\n\n\n<p>Asesoramiento a la direcci\u00f3n en el \u00e1rea de an\u00e1lisis de investigaci\u00f3n en finanzas corporativas con la empresa Blue-Boost S.L.<\/p>\n","protected":false},"excerpt":{"rendered":"<p>Elaboraci\u00f3n del plan financiero y emisi\u00f3n informe de viabilidad del proyecto de inversi\u00f3n del restaurante el Torre\u00f3n de Cuenca. Asesoramiento a la direcci\u00f3n en el \u00e1rea de an\u00e1lisis de investigaci\u00f3n en finanzas corporativas con la empresa Blue-Boost S.L.<\/p>\n","protected":false},"author":350,"featured_media":0,"parent":0,"menu_order":0,"comment_status":"closed","ping_status":"closed","template":"","meta":{"footnotes":""},"class_list":["post-125","page","type-page","status-publish","hentry"],"_links":{"self":[{"href":"https:\/\/blog.uclm.es\/proyectofinanzasempiricas\/wp-json\/wp\/v2\/pages\/125","targetHints":{"allow":["GET"]}}],"collection":[{"href":"https:\/\/blog.uclm.es\/proyectofinanzasempiricas\/wp-json\/wp\/v2\/pages"}],"about":[{"href":"https:\/\/blog.uclm.es\/proyectofinanzasempiricas\/wp-json\/wp\/v2\/types\/page"}],"author":[{"embeddable":true,"href":"https:\/\/blog.uclm.es\/proyectofinanzasempiricas\/wp-json\/wp\/v2\/users\/350"}],"replies":[{"embeddable":true,"href":"https:\/\/blog.uclm.es\/proyectofinanzasempiricas\/wp-json\/wp\/v2\/comments?post=125"}],"version-history":[{"count":2,"href":"https:\/\/blog.uclm.es\/proyectofinanzasempiricas\/wp-json\/wp\/v2\/pages\/125\/revisions"}],"predecessor-version":[{"id":168,"href":"https:\/\/blog.uclm.es\/proyectofinanzasempiricas\/wp-json\/wp\/v2\/pages\/125\/revisions\/168"}],"wp:attachment":[{"href":"https:\/\/blog.uclm.es\/proyectofinanzasempiricas\/wp-json\/wp\/v2\/media?parent=125"}],"curies":[{"name":"wp","href":"https:\/\/api.w.org\/{rel}","templated":true}]}}