{"id":65,"date":"2015-09-08T09:35:18","date_gmt":"2015-09-08T08:35:18","guid":{"rendered":"http:\/\/blog.uclm.es\/multilinguism\/?page_id=65"},"modified":"2023-03-10T09:51:18","modified_gmt":"2023-03-10T09:51:18","slug":"faculty-2","status":"publish","type":"page","link":"https:\/\/blog.uclm.es\/proyectofelice\/faculty-2\/?lang=es","title":{"rendered":"Profesorado"},"content":{"rendered":"<p>Los tres profesores de la UCLM que colaboran en este m\u00f3dulo Jean Monnet est\u00e1n especializados en la ense\u00f1anza de distintas asignaturas de ling\u00fc\u00edstica, socioling\u00fc\u00edstica y etnoling\u00fc\u00edstica. Partiendo de esta amplia experiencia en la docencia y en la investigaci\u00f3n en temas como la planificaci\u00f3n ling\u00fc\u00edstica, el multiling\u00fcismo o la diversidad ling\u00fc\u00edstica, trabajar\u00e1n estos temas desde una perspectiva de la Uni\u00f3n Europea, centr\u00e1ndose en las pol\u00edticas ling\u00fc\u00edsticas promovidas desde una serie de instituciones europeas y en sus efectos directos sobre las vidas de los ciudadanos de la Uni\u00f3n.<\/p>\n<p>Mediante esta colaboraci\u00f3n se pretende proponer por primera vez un programa de estudios completo y especializado (consistente en un m\u00f3dulo para grado, uno para post-grado y un curso de verano, m\u00e1s otras actividades y productos) del multiling\u00fcismo europeo y de las pol\u00edticas ling\u00fc\u00edsticas llevadas a cabo por la UE, que contribuya a un mejor entendimiento de la Uni\u00f3n Europea entre los estudiantes de la UCLM.<\/p>\n<p>Esta colaboraci\u00f3n tambi\u00e9n constituye una oportunidad \u00fanica de promover la investigaci\u00f3n en el campo del multiling\u00fcismo europeo no s\u00f3lo por parte de los tres profesores implicados (mediante la publicaci\u00f3n de art\u00edculos de investigaci\u00f3n y la participaci\u00f3n en congresos), sino tambi\u00e9n por parte de los alumnos de grado y post-grado (m\u00e1ster y doctorado).<\/p>\n<p><a href=\"https:\/\/blog.uclm.es\/proyectofelice\/faculty-2\/javier-e-diaz-vera\/\" target=\"_self\" rel=\"noopener noreferrer\">Javier E. D\u00edaz Vera<\/a> (director del m\u00f3dulo)<br><a href=\"https:\/\/blog.uclm.es\/proyectofelice\/rosario-caballero-rodriguez\/\" target=\"_self\" rel=\"noopener noreferrer\">Rosario Caballero Rodr\u00edguez<\/a><br><a href=\"https:\/\/blog.uclm.es\/proyectofelice\/ana-maria-relano-pastor\/\" target=\"_self\" rel=\"noopener noreferrer\">Ana Mar\u00eda Rela\u00f1o Pastor<\/a><\/p>\n\n\n<p><\/p>\n","protected":false},"excerpt":{"rendered":"<p>Los tres profesores de la UCLM que colaboran en este m\u00f3dulo Jean Monnet est\u00e1n especializados en la ense\u00f1anza de distintas asignaturas de ling\u00fc\u00edstica, socioling\u00fc\u00edstica y etnoling\u00fc\u00edstica. Partiendo de esta amplia experiencia en la docencia y en la investigaci\u00f3n en temas como la planificaci\u00f3n ling\u00fc\u00edstica, el multiling\u00fcismo o la diversidad ling\u00fc\u00edstica, trabajar\u00e1n estos temas desde una [&hellip;]<\/p>\n","protected":false},"author":62,"featured_media":0,"parent":0,"menu_order":0,"comment_status":"closed","ping_status":"closed","template":"","meta":{"footnotes":""},"class_list":["post-65","page","type-page","status-publish","hentry"],"_links":{"self":[{"href":"https:\/\/blog.uclm.es\/proyectofelice\/wp-json\/wp\/v2\/pages\/65","targetHints":{"allow":["GET"]}}],"collection":[{"href":"https:\/\/blog.uclm.es\/proyectofelice\/wp-json\/wp\/v2\/pages"}],"about":[{"href":"https:\/\/blog.uclm.es\/proyectofelice\/wp-json\/wp\/v2\/types\/page"}],"author":[{"embeddable":true,"href":"https:\/\/blog.uclm.es\/proyectofelice\/wp-json\/wp\/v2\/users\/62"}],"replies":[{"embeddable":true,"href":"https:\/\/blog.uclm.es\/proyectofelice\/wp-json\/wp\/v2\/comments?post=65"}],"version-history":[{"count":5,"href":"https:\/\/blog.uclm.es\/proyectofelice\/wp-json\/wp\/v2\/pages\/65\/revisions"}],"predecessor-version":[{"id":2310,"href":"https:\/\/blog.uclm.es\/proyectofelice\/wp-json\/wp\/v2\/pages\/65\/revisions\/2310"}],"wp:attachment":[{"href":"https:\/\/blog.uclm.es\/proyectofelice\/wp-json\/wp\/v2\/media?parent=65"}],"curies":[{"name":"wp","href":"https:\/\/api.w.org\/{rel}","templated":true}]}}